(12069,38,141759,22.6138757773015300,47.2083519990967990,'Cosniciu de Sus','Nord-Vest'),(12070,38,141768,22.6632776860928540,47.2249542823320570,'Zăuan','Nord-Vest'),(12071,38,141777,22.6447366663287720,47.2477482928815040,'Zăuan Băi','Nord-Vest'),(12072,38,141795,23.4570208979820690,47.3339589704160280,'Letca','Nord-Vest'),(12073,38,141802,23.4170449833421440,47.3396811815732900,'Ciula','Nord-Vest'),(12074,38,141811,23.3848578909746470,47.3484313610129990,'Cozla','Nord-Vest'),(12075,38,141820,23.4233554826361430,47.3249409692441030,'Cuciulat','Nord-Vest'),(12076,38,141839,23.4866744879593340,47.3532515906386710,'Lemniu','Nord-Vest'),(12077,38,141848,23.4373716257100780,47.3719484220465860,'Purcăreț','Nord-Vest'),(12078,38,141857,23.3775683168392520,47.3360672176376620,'Șoimușeni','Nord-Vest'),(12079,38,141866,23.4711659095131290,47.3581129613493770,'Toplița','Nord-Vest'),(12080,38,141875,23.4027961810550520,47.3789710580832800,'Vălișoara','Nord-Vest'),(12081,38,141893,23.4697843701977470,47.3212363168393680,'Lozna','Nord-Vest'),(12082,38,141900,23.5167469815089730,47.3519941274372090,'Cormeniș','Nord-Vest'),(12083,38,141919,23.4643423674311120,47.3107733079571770,'Preluci','Nord-Vest'),(12084,38,141928,23.4798357663124970,47.3306890159601470,'Valea Leșului','Nord-Vest'),(12085,38,141937,23.4946620360070460,47.2608084724640560,'Valea Loznei','Nord-Vest'),(12086,38,141955,22.5561793269043880,47.2142739739398610,'Marca','Nord-Vest'),(12087,38,141964,22.5747375456251230,47.2565871800721810,'Leșmir','Nord-Vest'),(12088,38,141973,22.5033852865512150,47.1886077179563160,'Marca Huta','Nord-Vest'),(12089,38,141982,22.5542359942453920,47.2346139861906170,'Porț','Nord-Vest'),(12090,38,141991,22.5659133010336280,47.2806608093180780,'Șumal','Nord-Vest'),(12091,38,142015,22.7938423555027430,47.3255113081972780,'Măeriște','Nord-Vest'),(12092,38,142024,22.7231701509757510,47.2637507045411950,'Criștelec','Nord-Vest'),(12093,38,142033,22.7185762648742760,47.3297755574288890,'Doh','Nord-Vest'),(12094,38,142042,22.7955669996569480,47.2967969946643760,'Giurtelecu Șimleului','Nord-Vest'),(12095,38,142051,22.7418588795804200,47.2986231768841990,'Mălădia','Nord-Vest'),(12096,38,142060,22.7536007994488260,47.2791376526143450,'Uileacu Șimleului','Nord-Vest'),(12097,38,142088,22.9479288543915560,47.1529824378533110,'Meseșenii de Jos','Nord-Vest'),(12098,38,142097,23.0176356127842610,47.1616398012558660,'Aghireș','Nord-Vest'),(12099,38,142104,23.0153363359053460,47.1413645647214570,'Fetindia','Nord-Vest'),(12100,38,142113,22.9844071049628800,47.1267208602732880,'Meseșenii de Sus','Nord-Vest'),(12101,38,142131,23.1183290292584940,47.2317744521866980,'Mirșid','Nord-Vest'),(12102,38,142140,23.1365015708110700,47.2459422677292270,'Firminiș','Nord-Vest'),(12103,38,142159,23.1438748499731770,47.1970166581452450,'Moigrad-Porolissum','Nord-Vest'),(12104,38,142168,23.1736166175322400,47.2505646812817940,'Popeni','Nord-Vest'),(12105,38,142186,23.3185055420710940,47.3646528328991680,'Năpradea','Nord-Vest'),(12106,38,142195,23.3161168902831340,47.3837447487807990,'Cheud','Nord-Vest'),(12107,38,142202,23.2973044187554060,47.3114428345955100,'Someș Guruslău','Nord-Vest'),(12108,38,142211,23.3064858135312640,47.3331695570560170,'Traniș','Nord-Vest'),(12109,38,142220,23.3417153959051550,47.3318349318610100,'Vădurele','Nord-Vest'),(12110,38,142248,22.7050294089920190,47.1974552965778070,'Nușfalău','Nord-Vest'),(12111,38,142257,22.7106409050876290,47.2296534176053560,'Bilghez','Nord-Vest'),(12112,38,142266,22.7387983048710180,47.1551186619169020,'Boghiș','Nord-Vest'),(12113,38,142275,22.7153128114509110,47.1571043965940500,'Bozieș','Nord-Vest'),(12114,38,142293,22.8641694817743580,47.2314018177439290,'Pericei','Nord-Vest'),(12115,38,142300,22.8545624213067240,47.2559496409488990,'Bădăcin','Nord-Vest'),(12116,38,142319,22.9093323684121510,47.2409093809977070,'Periceiu Mic','Nord-Vest'),(12117,38,142328,22.8777087166085200,47.2574741228663340,'Sici','Nord-Vest'),(12118,38,142346,22.6542811089589870,47.1282122070427930,'Plopiș','Nord-Vest'),(12119,38,142355,22.5845092621280370,47.0952439545519890,'Făgetu','Nord-Vest'),(12120,38,142364,22.6884171633971160,47.1192898280540220,'Iaz','Nord-Vest'),(12121,38,142382,23.7492213769015810,47.3069672128293210,'Poiana Blenchii','Nord-Vest'),(12122,38,142391,23.7814460371813500,47.2794043799531140,'Fălcușa','Nord-Vest'),(12123,38,142408,23.8042166839728790,47.3235612384808920,'Gostila','Nord-Vest'),(12124,38,142417,23.7055894738136070,47.3150882105657540,'Măgura','Nord-Vest'),(12125,38,142435,23.1834017503530740,47.1117188476428910,'Românași','Nord-Vest'),(12126,38,142444,23.1938262039932010,47.1341330671917190,'Chichișa','Nord-Vest'),(12127,38,142453,23.1324673824910790,47.1241334305092040,'Ciumărna','Nord-Vest'),(12128,38,142462,23.1480455767670140,47.0855233646096710,'Păușa','Nord-Vest'),(12129,38,142471,23.1912133767762900,47.0878898323548040,'Poarta Sălajului','Nord-Vest'),(12130,38,142480,23.2086868453476570,47.1447923395506190,'Romita','Nord-Vest'),(12131,38,142505,23.5943949664181150,47.2740548579087940,'Rus','Nord-Vest'),(12132,38,142514,23.5812962972114160,47.3079917008920820,'Buzaș','Nord-Vest'),(12133,38,142523,23.5586904867658800,47.2519610703606010,'Fântânele Rus','Nord-Vest'),(12134,38,142532,23.6072175960307610,47.1915488014342020,'Hășmaș','Nord-Vest'),(12135,38,142541,23.6236950187243800,47.2320241607640980,'Șimișna','Nord-Vest'),(12136,38,142569,23.1397489420153340,47.3660234773095470,'Sălățig','Nord-Vest'),(12137,38,142578,23.1439585757566810,47.3389655138925460,'Bulgari','Nord-Vest'),(12138,38,142587,23.1830018767079940,47.3553738730766230,'Deja','Nord-Vest'),(12139,38,142596,23.0958261209374100,47.3451479514131530,'Mineu','Nord-Vest'),(12140,38,142603,23.2167338807766330,47.3653624896987250,'Noțig','Nord-Vest'),(12141,38,142621,22.7808392043301250,47.0754535722986200,'Sâg','Nord-Vest'),(12142,38,142630,22.7627266967902070,47.0954853328426710,'Fizeș','Nord-Vest'),(12143,38,142649,22.8144056606468730,47.0697948070371050,'Mal','Nord-Vest'),(12144,38,142658,22.7987060540059230,47.0665902082504670,'Sârbi','Nord-Vest'),(12145,38,142667,22.7768634675723510,47.0447377113039170,'Tusa','Nord-Vest'),(12146,38,142685,23.2696574346221750,47.0363115104720320,'Sânmihaiu Almașului','Nord-Vest'),(12147,38,142694,23.1868923285939420,47.0248291194420890,'Bercea','Nord-Vest'),(12148,38,142701,23.2030022200741430,47.0413039366964510,'Sântă Măria','Nord-Vest'),(12149,38,142729,23.2681312233831970,47.3234527868653670,'Someș-Odorhei','Nord-Vest'),(12150,38,142738,23.2104478455783010,47.3252659611159880,'Bârsa','Nord-Vest'),(12151,38,142747,23.1891999294291190,47.3337976197884490,'Domnin','Nord-Vest'),(12152,38,142756,23.2606011740521410,47.3605593201826880,'Inău','Nord-Vest'),(12153,38,142765,23.1862956519246490,47.2992040997831890,'Șoimuș','Nord-Vest'),(12154,38,142783,23.3488468750352600,47.2550416129394790,'Surduc','Nord-Vest'),(12155,38,142792,23.3816010310996060,47.2179332303264020,'Brâglez','Nord-Vest'),(12156,38,142809,23.4047033596042270,47.2443810101038010,'Cristolțel','Nord-Vest'),(12157,38,142818,23.4086586511376320,47.2638145664131670,'Solona','Nord-Vest'),(12158,38,142827,23.4256556555819200,47.2538806446945330,'Teștioara','Nord-Vest'),(12159,38,142836,23.3296399015671770,47.2272353710137480,'Tihău','Nord-Vest'),(12160,38,142845,23.3128073224510150,47.2480260831777910,'Turbuța','Nord-Vest'),(12161,38,142863,22.9535273056407370,47.3457985579974190,'Șamșud','Nord-Vest'),(12162,38,142872,22.9539339955847410,47.3188861073597880,'Valea Pomilor','Nord-Vest'),(12163,38,142890,22.8320049971534580,47.3451445153832400,'Șărmășag','Nord-Vest'),(12164,38,142907,22.8396627575417170,47.2974302331713830,'Ilișua','Nord-Vest'),(12165,38,142916,22.8455640796164270,47.3230210007446100,'Lompirt','Nord-Vest'),(12166,38,142925,22.8020082992881290,47.3409532591197860,'Moiad','Nord-Vest'),(12167,38,142934,22.8105641907831860,47.2806339753410190,'Poiana Măgura','Nord-Vest'),(12168,38,142943,22.7574290593190580,47.3535320168958050,'Țărmure','Nord-Vest'),(12169,38,142961,22.7382311393895480,47.1290758277591100,'Valcău de Jos','Nord-Vest'),(12170,38,142970,22.7510185131799180,47.0991362708838470,'Lazuri','Nord-Vest'),(12171,38,142989,22.7318617652993960,47.0787134445101290,'Preoteasa','Nord-Vest'),(12172,38,142998,22.7662052241313550,47.1291699980292830,'Ratovei','Nord-Vest'),(12173,38,143003,22.7025330390322290,47.1069916679541340,'Sub Cetate','Nord-Vest'),(12174,38,143012,22.7298802924262300,47.1144968852118210,'Valcău de Sus','Nord-Vest'),(12175,38,143030,22.9165744775074740,47.2061382391721840,'Vârșolț','Nord-Vest'),(12176,38,143049,22.9460732666031400,47.1960485836944770,'Recea','Nord-Vest'),(12177,38,143058,22.9732231878611020,47.1891494851998700,'Recea Mică','Nord-Vest'),(12178,38,143076,23.5279927524573940,47.1942744184223810,'Zalha','Nord-Vest'),(12179,38,143085,23.5595231460771290,47.1968126035399110,'Ceaca','Nord-Vest'),(12180,38,143094,23.5384359549658090,47.2024230085659870,'Ciureni','Nord-Vest'),(12181,38,143101,23.5221143056545690,47.2251664521865280,'Valea Ciurenilor','Nord-Vest'),(12182,38,143110,23.5533209647375870,47.2246971386603960,'Valea Hranei','Nord-Vest'),(12183,38,143129,23.5140901291058350,47.1667280812230630,'Valea Lungă','Nord-Vest'),(12184,38,143138,23.5042711441353130,47.1749326653389720,'Vârteșca','Nord-Vest'),(12185,38,143156,23.2633624606282690,47.0024845827169950,'Zimbor','Nord-Vest'),(12186,38,143165,23.2630355818119660,47.0114234278429140,'Chendremal','Nord-Vest'),(12187,38,143174,23.3260212007829500,46.9872053901916970,'Dolu','Nord-Vest'),(12188,38,143183,23.2500229269994210,46.9871398198425180,'Sutoru','Nord-Vest'),(12189,38,143192,23.3489957975936310,46.9560892382195190,'Sâncraiu Almașului','Nord-Vest'),(12190,39,161801,27.6706991873964620,46.2257913442236510,'Bârlad','Nord-Est'),(12191,39,161838,28.0595243247817190,46.6731972451966190,'Huși','Nord-Est'),(12192,39,161865,27.4597073646410730,46.8339229326639310,'Negrești','Nord-Est'),(12193,39,161874,27.5017952257943750,46.8661976654562050,'Căzănești','Nord-Est'),(12194,39,161883,27.4290568668538950,46.8291376303572020,'Cioatele','Nord-Est'),(12195,39,161892,27.5204389819175360,46.8421677646626900,'Glodeni','Nord-Est'),(12196,39,161909,27.4885705211822180,46.8322141359987110,'Parpanița','Nord-Est'),(12197,39,161918,27.4875966433686680,46.8055336055310960,'Poiana','Nord-Est'),(12198,39,161927,27.4595379636065680,46.8139837720572560,'Valea Mare','Nord-Est'),(12199,39,161954,27.7305459771743980,46.6411569681852710,'Vaslui','Nord-Est'),(12200,39,161963,27.7990501587509300,46.6411926308774130,'Bahnari','Nord-Est'),(12201,39,161972,27.6766883899684440,46.6509017782524250,'Brodoc','Nord-Est'),(12202,39,161981,27.7456881230145280,46.6714518533328690,'Moara Grecilor','Nord-Est'),(12203,39,161990,27.6943867468091230,46.6337387224602790,'Rediu','Nord-Est'),(12204,39,162005,27.7859592667135690,46.6425366713823590,'Viișoara','Nord-Est'),(12205,39,162023,27.8641413289904810,46.4989953381731240,'Albești','Nord-Est'),(12206,39,162032,27.8717145391554380,46.5181313935889160,'Corni-Albești','Nord-Est'),(12207,39,162041,27.8322768175368300,46.5078957948623850,'Crasna','Nord-Est'),(12208,39,162050,27.8385496512654460,46.4689734839057280,'Gura Albești','Nord-Est'),(12209,39,162078,27.6410503502843240,46.4265336517913030,'Alexandru Vlahuță','Nord-Est'),(12210,39,162087,27.6077783844063090,46.4697416931624690,'Buda','Nord-Est'),(12211,39,162096,27.6557908918342900,46.3911622598830890,'Ghicani','Nord-Est'),(12212,39,162103,27.6254750681937300,46.3948215570186090,'Ibănești','Nord-Est'),(12213,39,162112,27.5881217827619810,46.4454800961162700,'Mânzați','Nord-Est'),(12214,39,162121,27.5921935035759560,46.5114790236041030,'Morăreni','Nord-Est'),(12215,39,162130,27.6476969058103350,46.3749138997554480,'Puțu Olarului','Nord-Est'),(12216,39,162158,28.0258198813372630,46.8140435229091450,'Arsura','Nord-Est'),(12217,39,162167,28.0224452223659170,46.7953476621980760,'Fundătura','Nord-Est'),(12218,39,162176,28.0697989031618850,46.7949139138374900,'Mihail Kogălniceanu','Nord-Est'),(12219,39,162185,28.0377817783687530,46.7803987689980690,'Pâhnești','Nord-Est'),(12220,39,162201,27.7941973538957400,46.3392310152004680,'Gara Banca','Nord-Est'),(12221,39,162210,27.8132844682820530,46.3007876160989230,'Banca','Nord-Est'),(12222,39,162229,27.8393613211259310,46.3239169456894050,'Ghermănești','Nord-Est'),(12223,39,162238,27.8991541056942400,46.3251472715684540,'Miclești','Nord-Est'),(12224,39,162247,27.7817208425192530,46.3841712101737830,'Mitoc','Nord-Est'),(12225,39,162256,27.7998508317626470,46.3200914059842790,'Satu Nou','Nord-Est'),(12226,39,162265,27.7731719444785380,46.3444312705817650,'Sălcioara','Nord-Est'),(12227,39,162274,27.8096826815529320,46.3930126956674580,'Sârbi','Nord-Est'),(12228,39,162283,27.8540454365029540,46.3422390038814240,'Stoișești','Nord-Est'),(12229,39,162292,27.7862054192199610,46.3612984468604740,'Strâmtura-Mitoc','Nord-Est'),(12230,39,162309,27.8908532466980680,46.3345744608746060,'Țifu','Nord-Est'),(12231,39,162318,27.8094391965444960,46.3597772918020330,'1 Decembrie','Nord-Est'),(12232,39,162336,27.6830864269578210,46.3286813739200840,'Băcani','Nord-Est'),(12233,39,162345,27.6964539615312790,46.3371076437078170,'Băltățeni','Nord-Est'),(12234,39,162354,27.6778025631915450,46.3060863814892870,'Drujești','Nord-Est'),(12235,39,162363,27.6634320501173790,46.3542614472985620,'Suseni','Nord-Est'),(12236,39,162372,27.6744940928564520,46.3622667609029050,'Vulpășeni','Nord-Est'),(12237,39,162390,27.2445279740455600,46.8242864026304130,'Băcești','Nord-Est'),(12238,39,162407,27.2517005323755330,46.8451681815626490,'Armășeni','Nord-Est'),(12239,39,162416,27.2273043709824800,46.8087193821464640,'Băbușa','Nord-Est'),(12240,39,162425,27.2455114519141790,46.7887927926228070,'Păltiniș','Nord-Est'),(12241,39,162434,27.2431200147825340,46.8625415661855700,'Țibăneștii Buhlii','Nord-Est'),(12242,39,162443,27.2079342835776110,46.8699881732275830,'Vovriești','Nord-Est'),(12243,39,162461,27.6241045688177100,46.6752712922466770,'Bălteni','Nord-Est'),(12244,39,162470,27.6123314213038000,46.6683481992982510,'Bălteni-Deal','Nord-Est'),(12245,39,162489,27.5941237789402650,46.6829984732275560,'Chetrești','Nord-Est'),(12246,39,162504,28.1521188939951440,46.3735151011223580,'Berezeni','Nord-Est'),(12247,39,162513,28.1030770620618680,46.4319964677767490,'Mușata','Nord-Est'),(12248,39,162522,28.1054341066833370,46.4039551607427260,'Rânceni','Nord-Est'),(12249,39,162531,28.1499972077488750,46.3580629997933190,'Satu Nou','Nord-Est'),(12250,39,162540,28.0678951696612240,46.4151644900830290,'Stuhuleț','Nord-Est'),(12251,39,162568,28.0146146055452010,46.1360894355855110,'Blăgești','Nord-Est'),(12252,39,162577,27.9934797805684820,46.1508767096712800,'Igești','Nord-Est'),(12253,39,162586,27.9827542563012490,46.1369427461946490,'Sipeni','Nord-Est'),(12254,39,162602,27.6327772358004360,46.5266755636714890,'Bogdana','Nord-Est'),(12255,39,162611,27.6257309679157750,46.5599945495487480,'Arșița','Nord-Est'),(12256,39,162620,27.5989340259237790,46.5943731147179250,'Fântâna Blănarului','Nord-Est'),(12257,39,162639,27.6115961004716900,46.5093832634007850,'Găvanu','Nord-Est'),(12258,39,162648,27.5901613896006130,46.5855889024774540,'Lacu Babei','Nord-Est'),(12259,39,162657,27.6039241369679760,46.5785456104634080,'Plopeni','Nord-Est'),(12260,39,162666,27.6089305953130550,46.5185523466497410,'Similișoara','Nord-Est'),(12261,39,162675,27.6485413773990130,46.5368796862510980,'Suceveni','Nord-Est'),(12262,39,162684,27.6158116182295220,46.5512114416637530,'Verdeș','Nord-Est'),(12263,39,162700,27.7267940117604820,46.4496490978170730,'Bogdănești','Nord-Est'),(12264,39,162719,27.7152394909814600,46.4921548066569980,'Buda','Nord-Est'),(12265,39,162728,27.7495314782838810,46.3571972829145200,'Horoiata','Nord-Est'),(12266,39,162737,27.7132839633074430,46.4063691131615310,'Hupca','Nord-Est'),(12267,39,162746,27.6970230785563130,46.4900910344871080,'Orgoiești','Nord-Est'),(12268,39,162755,27.7350515627497880,46.4212257259179490,'Ulea','Nord-Est'),(12269,39,162764,27.7320999409644030,46.3972365153629200,'Unțești','Nord-Est'),(12270,39,162773,27.7030033883004090,46.4657743560678820,'Vișinari','Nord-Est'),(12271,39,162782,27.7093183854969710,46.4533393521294540,'Vlădești','Nord-Est'),(12272,39,162808,27.6855181695196500,46.4590382506136950,'Bogdănița','Nord-Est'),(12273,39,162817,27.6820705522407270,46.3837729834265460,'Cepești','Nord-Est'),(12274,39,162826,27.6711587359260990,46.4575642392306700,'Cârțibași','Nord-Est'),(12275,39,162835,27.6724306201473350,46.4393081103524070,'Coroiești','Nord-Est'),(12276,39,162844,27.6817130619550550,46.4054824590542620,'Rădăești','Nord-Est'),(12277,39,162853,27.6729018082911830,46.5066493614276480,'Schitu','Nord-Est'),(12278,39,162862,27.6595240252400170,46.4808222002976590,'Tunsești','Nord-Est'),(12279,39,162880,27.8887043416680780,46.7958914969673290,'Boțești','Nord-Est'),(12280,39,162899,27.9271477673532220,46.8117785283258880,'Gănești','Nord-Est'),(12281,39,162906,27.9004952063253100,46.7634183385075840,'Gugești','Nord-Est'),(12282,39,162915,27.8900639261753080,46.8332539464392710,'Tălpigeni','Nord-Est'),(12283,39,162933,27.9922035414685130,46.7878569320960480,'Averești','Nord-Est'),(12284,39,162942,27.9812168719466850,46.8063772258625620,'Armășeni','Nord-Est'),(12285,39,162951,27.9705507301510430,46.8311253685970430,'Bunești','Nord-Est'),(12286,39,162960,27.9912149616303370,46.7701422413777690,'Plopi','Nord-Est'),(12287,39,162979,27.9467437820679870,46.8324929219601390,'Podu Oprii','Nord-Est'),(12288,39,162988,27.9767415606811410,46.7955212564217360,'Roșiori','Nord-Est'),(12289,39,162997,27.9818986260020420,46.7631743896600440,'Tăbălăești','Nord-Est'),(12290,39,163011,27.7691354981660650,46.8712704582705580,'Codăești','Nord-Est'),(12291,39,163020,27.7166656672818630,46.8534125914467910,'Ghergheleu','Nord-Est'),(12292,39,163039,27.7965942977560620,46.9100092343698380,'Pribești','Nord-Est'),(12293,39,163048,27.7320152304480770,46.8864842259839630,'Rediu Galian','Nord-Est'),(12294,39,163066,27.4845106035197230,46.2460403000608270,'Coroiești','Nord-Est'),(12295,39,163075,27.4784196542186190,46.3073410391776650,'Chilieni','Nord-Est'),(12296,39,163084,27.4904748534904650,46.2629041946889930,'Coroieștii de Sus','Nord-Est'),(12297,39,163093,27.5032480707306630,46.3375116089137150,'Hreasca','Nord-Est'),(12298,39,163100,27.4900676766400490,46.3156211426035680,'Mireni','Nord-Est'),(12299,39,163119,27.5140761526721500,46.2702012746102510,'Movileni','Nord-Est'),(12300,39,163128,27.4866336013355730,46.2827442392363790,'Păcurărești','Nord-Est'),(12301,39,163146,27.7644950118637190,46.4977028152202220,'Costești','Nord-Est'),(12302,39,163155,27.7818842537588960,46.4525931540780730,'Chițcani','Nord-Est'),(12303,39,163164,27.7345978089400230,46.4951335898768010,'Dinga','Nord-Est'),(12304,39,163173,27.7433131258062180,46.4758079084996750,'Pârvești','Nord-Est'),(12305,39,163182,27.7661517705370960,46.4783830575878480,'Puntișeni','Nord-Est'),(12306,39,163191,27.7911427688800960,46.4786601345112440,'Rădești','Nord-Est'),(12307,39,163217,27.9615452512114900,46.6318647623056750,'Crețești','Nord-Est'),(12308,39,163226,27.9540987955967390,46.6125872405905000,'Budești','Nord-Est'),(12309,39,163235,27.9802273635876230,46.6394648216070420,'Crețeștii de Sus','Nord-Est'),(12310,39,163244,27.9771914193919360,46.6563843237266340,'Satu Nou','Nord-Est'),(12311,39,163262,27.6731090906872730,46.8475194720971970,'Dănești','Nord-Est'),(12312,39,163271,27.6572579172388760,46.8313445027991760,'Bereasa','Nord-Est'),(12313,39,163280,27.6356711018268410,46.8269805407832390,'Boțoaia','Nord-Est'),(12314,39,163299,27.6793687017925370,46.8714665359635060,'Emil Racoviță','Nord-Est'),(12315,39,163306,27.6330696604574620,46.8560552273747670,'Rășcani','Nord-Est'),(12316,39,163315,27.6758091167753620,46.8046623722040640,'Tătărăni','Nord-Est'),(12317,39,163333,27.7606441615722450,46.5306663890064200,'Deleni','Nord-Est'),(12318,39,163342,27.7792101358200120,46.5508393526140270,'Bulboaca','Nord-Est'),(12319,39,163351,27.7416370797557580,46.5131202580935290,'Moreni','Nord-Est'),(12320,39,163360,27.7475429832491120,46.5447966863523990,'Zizinca','Nord-Est'),(12321,39,163388,27.5520140399281640,46.7120202896969590,'Delești','Nord-Est'),(12322,39,163397,27.5528519134906200,46.6961258217811590,'Albești','Nord-Est'),(12323,39,163404,27.5286483868324900,46.7123651691749940,'Bălești','Nord-Est'),(12324,39,163413,27.5016440233787910,46.7337539661271530,'Cozmești','Nord-Est'),(12325,39,163422,27.4490130111497910,46.7305841248370510,'Fâstâci','Nord-Est'),(12326,39,163431,27.5307570740124990,46.6856701014937980,'Fundătura','Nord-Est'),(12327,39,163440,27.5463551000691000,46.6707548969267590,'Hârsova','Nord-Est'),(12328,39,163459,27.5108204702324740,46.7442638492024900,'Hordilești','Nord-Est'),(12329,39,163468,27.5431504740436670,46.6886547472795140,'Mânăstirea','Nord-Est'),(12330,39,163477,27.5839922792893470,46.6965825664232030,'Răduiești','Nord-Est'),(12331,39,163495,27.3591348031323100,46.6336368738148650,'Dragomirești','Nord-Est'),(12332,39,163501,27.3552136456818290,46.6096879325225970,'Băbuța','Nord-Est'),(12333,39,163510,27.3063572868918170,46.6213882077727390,'Belzeni','Nord-Est'),(12334,39,163529,27.3851948605020860,46.6036428041122690,'Botoi','Nord-Est'),(12335,39,163538,27.4087323225652670,46.6100188504853680,'Ciuperca','Nord-Est'),(12336,39,163547,27.3324598059050740,46.6706926420119000,'Doagele','Nord-Est'),(12337,39,163556,27.3496886661713460,46.6460698981000020,'Poiana Pietrei','Nord-Est'),(12338,39,163565,27.4036644577691390,46.5904241818195220,'Popești','Nord-Est'),(12339,39,163574,27.3758856019284630,46.5904618441435120,'Rădeni','Nord-Est'),(12340,39,163583,27.3725778102719420,46.6074768693938640,'Semenea','Nord-Est'),(12341,39,163592,27.3323807238571100,46.6031427043767790,'Tulești','Nord-Est'),(12342,39,163609,27.3140072108938770,46.6366868925286650,'Vladia','Nord-Est'),(12343,39,163627,28.1326400104628540,46.8014571295171820,'Drânceni','Nord-Est'),(12344,39,163636,28.1451896499141900,46.7974785904626740,'Albița','Nord-Est'),(12345,39,163645,28.1034764275868620,46.8147761353231930,'Băile Drânceni','Nord-Est'),(12346,39,163654,28.0810545487312990,46.8299775215451750,'Ghermănești','Nord-Est'),(12347,39,163663,28.1427300175915110,46.7721897974812180,'Râșești','Nord-Est'),(12348,39,163672,28.1204171088475970,46.7609694794379460,'Șopârleni','Nord-Est'),(12349,39,163690,28.0382896627012490,46.7076941237935940,'Epureni','Nord-Est'),(12350,39,163707,28.0028663015329900,46.7218735705746440,'Bobești','Nord-Est'),(12351,39,163716,28.0435012398250730,46.7496447824484060,'Duda','Nord-Est'),(12352,39,163725,28.1012273985878270,46.7198492663261790,'Valea Grecului','Nord-Est'),(12353,39,163743,27.3040196370635900,46.8467256465565850,'Dumești','Nord-Est'),(12354,39,163752,27.3090839197030030,46.8325856372304800,'Dumeștii Vechi','Nord-Est'),(12355,39,163761,27.2604286018558530,46.8623113703887740,'Schinetea','Nord-Est'),(12356,39,163770,27.3281218747805390,46.8322384950667900,'Valea Mare','Nord-Est'),(12357,39,163798,27.9112309706428940,46.2469324478954960,'Epureni','Nord-Est'),(12358,39,163805,27.9168740845981380,46.2221512319038230,'Bârlălești','Nord-Est'),(12359,39,163814,27.8634674365879570,46.2216362298606070,'Bursuci','Nord-Est'),(12360,39,163823,27.8917199793313910,46.2783922598435140,'Horga','Nord-Est'),(12361,39,163841,28.1428375753227550,46.2949301782942940,'Fălciu','Nord-Est'),(12362,39,163850,28.1150073632260840,46.2621216708881350,'Bogdănești','Nord-Est'),(12363,39,163869,28.1221194244776170,46.3404077487032140,'Bozia','Nord-Est'),(12364,39,163878,28.0634268307036870,46.3551703070280400,'Copăceana','Nord-Est'),(12365,39,163887,28.0813388873385250,46.2885531990884330,'Odaia Bogdana','Nord-Est'),(12366,39,163896,28.0946834593493660,46.2210111017327280,'Rânzești','Nord-Est'),(12367,39,163912,27.9732077202601030,46.3312432600319040,'Găgești','Nord-Est'),(12368,39,163921,27.9818377188968090,46.2828509439301360,'Giurcani','Nord-Est'),(12369,39,163930,27.9881776330096980,46.3056491541349190,'Peicani','Nord-Est'),(12370,39,163949,27.9778470926354890,46.3547610596970260,'Popeni','Nord-Est'),(12371,39,163958,27.9802192471556630,46.3910657538775270,'Tupilați','Nord-Est'),(12372,39,163976,27.5356813014746780,46.4892589537445180,'Gherghești','Nord-Est'),(12373,39,163985,27.5036227551029880,46.5721257250781160,'Chetrosu','Nord-Est'),(12374,39,163994,27.5127864586678580,46.5293096871749800,'Corodești','Nord-Est'),(12375,39,164008,27.5400208781300190,46.5086488322512040,'Dragomănești','Nord-Est'),(12376,39,164017,27.4764654304450640,46.5836673717021480,'Drăxeni','Nord-Est'),(12377,39,164026,27.4951741633693450,46.5788795985977520,'Lazu','Nord-Est'),(12378,39,164035,27.5466944362125790,46.4556685153980100,'Lunca','Nord-Est'),(12379,39,164044,27.5574432879408700,46.4920523633567840,'Soci','Nord-Est'),(12380,39,164053,27.5484433698745900,46.4854391896152560,'Valea Lupului','Nord-Est'),(12381,39,164071,27.3060642588146010,46.7553336629077950,'Gârceni','Nord-Est'),(12382,39,164080,27.3471374756765900,46.7637549327289650,'Dumbrăveni','Nord-Est'),(12383,39,164099,27.2476250465240040,46.7445474706152170,'Racova','Nord-Est'),(12384,39,164106,27.2595573732795840,46.7582447188960230,'Racovița','Nord-Est'),(12385,39,164115,27.2302923458532540,46.7531728860245440,'Slobozia','Nord-Est'),(12386,39,164124,27.2871762467894610,46.7330771609691520,'Trohan','Nord-Est'),(12387,39,164142,27.6629715858922720,46.1613516470602510,'Grivița','Nord-Est'),(12388,39,164151,27.7690410066562310,46.2063433971235540,'Fruntișeni','Nord-Est'),(12389,39,164160,27.7783191972291770,46.1897719484173310,'Grăjdeni','Nord-Est'),(12390,39,164179,27.7107236191417740,46.1527141401515020,'Odaia Bursucani','Nord-Est'),(12391,39,164188,27.6729955691974150,46.1907500638731960,'Trestiana','Nord-Est'),(12392,39,164204,28.0090347622244630,46.5400343557543220,'Hoceni','Nord-Est'),(12393,39,164213,27.9702627202977610,46.4883233402899170,'Barboși','Nord-Est'),(12394,39,164222,27.9888553449509310,46.5171310161498110,'Deleni','Nord-Est'),(12395,39,164231,27.9815388764119460,46.5403104567688930,'Oțeleni','Nord-Est'),(12396,39,164240,27.9333875711720340,46.5453399478260150,'Rediu','Nord-Est'),(12397,39,164259,27.9951294335700570,46.5826585779068760,'Șișcani','Nord-Est'),(12398,39,164268,27.9955442210160080,46.5680838426281060,'Tomșa','Nord-Est'),(12399,39,164286,28.0569821699587470,46.5093782761312800,'Hurdugi','Nord-Est'),(12400,39,164295,28.0382451603344260,46.5567638681546260,'Grumezoaia','Nord-Est'),(12401,39,164302,28.0278566317475640,46.4589408608459280,'Gușiței','Nord-Est'),(12402,39,164311,28.0759743905510990,46.5559306484512870,'Plotonești','Nord-Est'),(12403,39,164320,28.0539141475338600,46.5655927040012610,'Urlați','Nord-Est'),(12404,39,164348,27.5546990653565870,46.3803808131394390,'Iana','Nord-Est'),(12405,39,164357,27.5561351478184520,46.3944708120547840,'Hălărești','Nord-Est'),(12406,39,164366,27.5506171432185310,46.4462118784833750,'Recea','Nord-Est'),(12407,39,164375,27.5563395379991720,46.4276334346819080,'Siliștea','Nord-Est'),(12408,39,164384,27.5454441669132950,46.3731880979347370,'Vadurile','Nord-Est'),(12409,39,164400,27.4604815865090440,46.6348065915556730,'Ivănești','Nord-Est'),(12410,39,164419,27.3759999641326070,46.6590918082678740,'Albina','Nord-Est'),(12411,39,164428,27.3970985651942880,46.6591309519196360,'Bleșca','Nord-Est'),(12412,39,164437,27.4933043822162060,46.6365654585366370,'Broșteni','Nord-Est'),(12413,39,164446,27.4170895782425430,46.6347730358939360,'Buscata','Nord-Est'),(12414,39,164455,27.4748912335895030,46.6840056855785550,'Coșca','Nord-Est'),(12415,39,164464,27.4585662403847050,46.6749239676745090,'Coșești','Nord-Est'),(12416,39,164473,27.4506505211183620,46.7044591371019640,'Fundătura Mare','Nord-Est'),(12417,39,164482,27.4398800219449120,46.7023301199378050,'Fundătura Mică','Nord-Est'),(12418,39,164491,27.5083128390613610,46.6447079977941210,'Hârșoveni','Nord-Est'),(12419,39,164507,27.4233019694526020,46.6516789351640710,'Iezerel','Nord-Est'),(12420,39,164516,27.4042431831093190,46.6504140329585010,'Ursoaia','Nord-Est'),(12421,39,164525,27.4903397219549180,46.6634945286505600,'Valea Mare','Nord-Est'),(12422,39,164534,27.4309989388697670,46.6698310665495980,'Valea Oanei','Nord-Est'),(12423,39,164552,27.5366988538342700,46.1949230999816150,'Ivești','Nord-Est'),(12424,39,164561,27.5161605403309440,46.1535219892764630,'Belcești','Nord-Est'),(12425,39,164570,27.5322549984590950,46.1522938151851460,'Pogonești','Nord-Est'),(12426,39,164589,27.5315237267986000,46.1366121936370560,'Polocin','Nord-Est'),(12427,39,164605,27.5975993526943420,46.6453535434532900,'Laza','Nord-Est'),(12428,39,164614,27.6171735262335720,46.6510207867732230,'Bejenești','Nord-Est'),(12429,39,164623,27.6174581987434880,46.6188294959242100,'Poiana lui Alexa','Nord-Est'),(12430,39,164632,27.6450331794609030,46.6215373887608070,'Pușcași','Nord-Est'),(12431,39,164641,27.5737066776233740,46.6605069974796010,'Râșnița','Nord-Est'),(12432,39,164650,27.6052284250977350,46.6526780744798730,'Sauca','Nord-Est'),(12433,39,164669,27.5855301261147690,46.6057817656239310,'Teișoru','Nord-Est'),(12434,39,164678,27.6545024026829540,46.6550702130322320,'Valea Târgului','Nord-Est'),(12435,39,164696,27.7153658823479890,46.5664253196664080,'Lipovăț','Nord-Est'),(12436,39,164703,27.6872020796261720,46.5270980205523300,'Căpușneni','Nord-Est'),(12437,39,164712,27.6745047828290820,46.5954473001184080,'Chițoc','Nord-Est'),(12438,39,164721,27.7080082198590250,46.5825389688679930,'Corbu','Nord-Est'),(12439,39,164730,27.6784032615752910,46.5460787739765320,'Fundu Văii','Nord-Est'),(12440,39,164758,28.1708602242632650,46.5965488797592610,'Lunca Banului','Nord-Est'),(12441,39,164767,28.2218941289556180,46.5668997090865630,'Broscoșești','Nord-Est'),(12442,39,164776,28.2165125646200790,46.5411074477421420,'Condrea','Nord-Est'),(12443,39,164785,28.1935742061961850,46.5651521314868050,'Focșa','Nord-Est'),(12444,39,164794,28.1764898025477990,46.5278728200498150,'Lunca Veche','Nord-Est'),(12445,39,164801,28.1768135038904610,46.5814867938115500,'Oțetoaia','Nord-Est'),(12446,39,164810,28.2291824513063720,46.5857607419962460,'Răducani','Nord-Est'),(12447,39,164838,27.9192579776181060,46.1806914433563950,'Mălușteni','Nord-Est'),(12448,39,164847,27.8973200028912130,46.1977671537156810,'Ghireasca','Nord-Est'),(12449,39,164856,27.8818655821439800,46.1786056834752120,'Lupești','Nord-Est'),(12450,39,164865,27.9563922083089090,46.1788648793141330,'Mânăstirea','Nord-Est'),(12451,39,164874,27.8869009664364430,46.1556953778226600,'Mânzătești','Nord-Est'),(12452,39,164883,27.9510029734811030,46.1636198034762730,'Țuțcani','Nord-Est'),(12453,39,164909,27.8398790497931860,46.8223158148551240,'Miclești','Nord-Est'),(12454,39,164918,27.8492014987223510,46.8462872091344660,'Chircești','Nord-Est'),(12455,39,164927,27.8373619237614170,46.7974921036302400,'Popești','Nord-Est'),(12456,39,164945,27.7722640598320890,46.6016630654194510,'Muntenii de Jos','Nord-Est'),(12457,39,164954,27.7809126099498690,46.5840468176985000,'Băcăoani','Nord-Est'),(12458,39,164963,27.8164173031276080,46.5981592458016750,'Mânjești','Nord-Est'),(12459,39,164972,27.8016093092762230,46.5643004154596200,'Secuia','Nord-Est'),(12460,39,164990,28.0222668504191860,46.2052121146780910,'Murgeni','Nord-Est'),(12461,39,165005,28.1101172235176690,46.1487821584633340,'Cârja','Nord-Est'),(12462,39,165014,27.9862342637214390,46.1838511935631860,'Lățești','Nord-Est'),(12463,39,165023,27.9605547104855640,46.1938983906367470,'Sărățeni','Nord-Est'),(12464,39,165032,27.9529027365589610,46.2035119938871330,'Schineni','Nord-Est'),(12465,39,165041,28.0178112640918040,46.2398971000341490,'Raiu','Nord-Est'),(12466,39,165050,27.9797718987153520,46.2360324369757410,'Floreni','Nord-Est'),(12467,39,165078,27.9029454440847570,46.5840256485902840,'Oltenești','Nord-Est'),(12468,39,165087,27.9344295361583090,46.5999857214363900,'Curteni','Nord-Est'),(12469,39,165096,27.8702735741189220,46.5555305178405590,'Pâhna','Nord-Est'),(12470,39,165103,27.8627653932130780,46.5686252039214640,'Târzii','Nord-Est'),(12471,39,165112,27.9006429100287610,46.6296463543712530,'Vinețești','Nord-Est'),(12472,39,165121,27.9397192893703980,46.5684728957435610,'Zgura','Nord-Est'),(12473,39,165149,27.4846808123490400,46.7589875993242000,'Oșești','Nord-Est'),(12474,39,165158,27.4211329895490400,46.7623125502737550,'Buda','Nord-Est'),(12475,39,165167,27.4408140725366430,46.7855927475644150,'Pădureni','Nord-Est'),(12476,39,165176,27.4466493094564540,46.7481656954674140,'Vâlcele','Nord-Est'),(12477,39,165194,28.0825811321374240,46.6219225369770170,'Pădureni','Nord-Est'),(12478,39,165201,28.0986396582725920,46.5941265687534740,'Căpotești','Nord-Est'),(12479,39,165210,28.0953267636062020,46.6034062663705840,'Davidești','Nord-Est'),(12480,39,165229,28.1177741853878550,46.5628779125366490,'Ivănești','Nord-Est'),(12481,39,165238,28.0750885647766140,46.6129959538268470,'Leoști','Nord-Est'),(12482,39,165247,28.0640763451586070,46.6436872491044310,'Rusca','Nord-Est'),(12483,39,165256,28.1277724225222590,46.5109099771996740,'Todireni','Nord-Est'),(12484,39,165265,28.0689024144332110,46.5928813926160710,'Văleni','Nord-Est'),(12485,39,165283,27.6132346673601320,46.3040667687232240,'Perieni','Nord-Est'),(12486,39,165292,27.5599449377816190,46.2604364999941640,'Ciocani','Nord-Est'),(12487,39,165309,27.6109147776938250,46.2455683953489680,'Crâng','Nord-Est'),(12488,39,165318,27.5668169578888640,46.2731269679054050,'Crângu Nou','Nord-Est'),(12489,39,165327,27.5405872008962800,46.2365921738746340,'Podu Petriș','Nord-Est'),(12490,39,165345,27.5401374197722570,46.6094309859811060,'Poienești','Nord-Est'),(12491,39,165354,27.5688256936971210,46.5216166083271080,'Dealu Secării','Nord-Est'),(12492,39,165363,27.5657578126890750,46.5507293105790720,'Florești','Nord-Est'),(12493,39,165372,27.5071814289681780,46.6155456159648760,'Frasinu','Nord-Est'),(12494,39,165381,27.5240510769871100,46.5713637608809990,'Fundu Văii','Nord-Est'),(12495,39,165390,27.5718822785682000,46.6112990903391880,'Oprișița','Nord-Est'),(12496,39,165407,27.5447294630825680,46.5785038106222940,'Poienești-Deal','Nord-Est'),(12497,39,165425,27.5733813400467330,46.3155537132840680,'Pogana','Nord-Est'),(12498,39,165434,27.5512382119343220,46.3431050441957310,'Bogești','Nord-Est'),(12499,39,165443,27.5344043287051260,46.3224438268465520,'Cârjoani','Nord-Est'),(12500,39,165452,27.5251164657752270,46.3405782096484980,'Măscurei','Nord-Est'),(12501,39,165461,27.5838619283754090,46.3556054386438350,'Tomești','Nord-Est'),(12502,39,165489,27.4887322283922090,46.4244666942243500,'Puiești','Nord-Est'),(12503,39,165498,27.4581818636309690,46.3950550011231330,'Bărtăluș-Mocani','Nord-Est'),(12504,39,165504,27.4621179828114350,46.3812988801232890,'Bărtăluș-Răzeși','Nord-Est'),(12505,39,165513,27.4237296650565230,46.5009562535079010,'Călimănești','Nord-Est'),(12506,39,165522,27.4372904986354090,46.4316822903866610,'Cetățuia','Nord-Est'),(12507,39,165531,27.4553131098928810,46.4661472574132050,'Cristești','Nord-Est'),(12508,39,165540,27.4498144506206710,46.4961095496108920,'Fântânele','Nord-Est'),(12509,39,165559,27.3934343282515190,46.4981447389354230,'Fulgu','Nord-Est'),(12510,39,165568,27.5152628688843070,46.4322405363337510,'Gâlțești','Nord-Est'),(12511,39,165577,27.5274177477447070,46.4129553438157530,'Iezer','Nord-Est'),(12512,39,165586,27.4263720035267010,46.4747009167054300,'Lălești','Nord-Est'),(12513,39,165595,27.4619469641753580,46.4166472521178830,'Rotari','Nord-Est'),(12514,39,165602,27.5081447022666870,46.4599016632618170,'Ruși','Nord-Est'),(12515,39,165620,27.3392037528633940,46.7084078304073460,'Pungești','Nord-Est'),(12516,39,165639,27.3840878594677090,46.6883083815867220,'Armășoaia','Nord-Est'),(12517,39,165648,27.3866023313379900,46.7125642177444010,'Cursești-Deal','Nord-Est'),(12518,39,165657,27.3777538745178150,46.7205680266211230,'Cursești-Vale','Nord-Est'),(12519,39,165666,27.4302881305145090,46.7090039103597120,'Hordila','Nord-Est'),(12520,39,165675,27.4151771338659530,46.7116619998569360,'Rapșa','Nord-Est'),(12521,39,165684,27.3698799585446580,46.6914998312824210,'Siliștea','Nord-Est'),(12522,39,165693,27.3193687684110560,46.6896404273416510,'Stejaru','Nord-Est'),(12523,39,165700,27.4117984820775040,46.6929865700211270,'Toporăști','Nord-Est'),(12524,39,165728,27.5603142200307440,46.8664153370762970,'Rebricea','Nord-Est'),(12525,39,165737,27.5962558266828530,46.8458930090005050,'Bolați','Nord-Est'),(12526,39,165746,27.5318203097027910,46.8707616374665430,'Crăciunești','Nord-Est'),(12527,39,165755,27.6266121291033070,46.8733289913465750,'Draxeni','Nord-Est'),(12528,39,165764,27.5366970022113300,46.8919650958535500,'Măcrești','Nord-Est'),(12529,39,165773,27.5642368871409860,46.8375474578703790,'Rateșu Cuzei','Nord-Est'),(12530,39,165782,27.5810797743524530,46.8825473008351710,'Sasova','Nord-Est'),(12531,39,165791,27.5343368875038440,46.9012863934308650,'Tatomirești','Nord-Est'),(12532,39,165808,27.6211906039947940,46.8808951212439600,'Tufeștii de Jos','Nord-Est'),(12533,39,165826,27.9024172419951030,46.4396161722214700,'Roșiești','Nord-Est'),(12534,39,165835,27.9054380655686070,46.4808913445461580,'Codreni','Nord-Est'),(12535,39,165844,27.8354074861915920,46.4324167198934460,'Gara Roșiești','Nord-Est'),(12536,39,165853,27.8832543693343490,46.4141667784395150,'Gura Idrici','Nord-Est'),(12537,39,165862,27.9005207745471820,46.4670188716832800,'Idrici','Nord-Est'),(12538,39,165871,27.8741347645991380,46.4740915500618070,'Rediu','Nord-Est'),(12539,39,165880,27.9429595127674380,46.4492589258083090,'Valea lui Darie','Nord-Est'),(12540,39,165906,27.7905404611653710,46.7644353856966860,'Solești','Nord-Est'),(12541,39,165915,27.8252579226690880,46.7333471815674390,'Boușori','Nord-Est'),(12542,39,165924,27.7601085101959450,46.8192419647196090,'Iaz','Nord-Est'),(12543,39,165933,27.8004458288649300,46.7840764470814460,'Satu Nou','Nord-Est'),(12544,39,165942,27.7776999057419620,46.8094409262651040,'Șerbotești','Nord-Est'),(12545,39,165951,27.8576465714220620,46.7463631660460450,'Știoborăni','Nord-Est'),(12546,39,165960,27.8311810437999410,46.7452891860786790,'Valea Siliștei','Nord-Est'),(12547,39,165988,28.1736326193398520,46.6208755117715870,'Stănilești','Nord-Est'),(12548,39,165997,28.1208276231813090,46.6375698675772910,'Bogdana-Voloseni','Nord-Est'),(12549,39,166002,28.1297731893048600,46.6146881386157690,'Budu Cantemir','Nord-Est'),(12550,39,166011,28.1385897220286160,46.7179629031410290,'Chersăcosu','Nord-Est'),(12551,39,166020,28.1600788981561900,46.6442297051853960,'Gura Văii','Nord-Est'),(12552,39,166039,28.1677908973830180,46.6923729135434370,'Pogănești','Nord-Est'),(12553,39,166048,28.2399107466363550,46.6244180990102850,'Săratu','Nord-Est'),(12554,39,166066,27.6310749825845150,46.7175295606399890,'Ștefan cel Mare','Nord-Est'),(12555,39,166075,27.5669592116996750,46.7434304909004510,'Bârzești','Nord-Est'),(12556,39,166084,27.6027168244685690,46.7169595144754480,'Brăhășoaia','Nord-Est'),(12557,39,166093,27.5761127609825860,46.7279981415251200,'Călugăreni','Nord-Est'),(12558,39,166100,27.6200790973076660,46.7329455002676110,'Cănțălărești','Nord-Est'),(12559,39,166119,27.6668927444525540,46.6977956175932010,'Mărășeni','Nord-Est'),(12560,39,166128,27.5316493532914350,46.7583152258276300,'Muntenești','Nord-Est'),(12561,39,166146,27.9133349247174180,46.2886914378493730,'Șuletea','Nord-Est'),(12562,39,166155,27.8773220467293830,46.3057053069476150,'Fedești','Nord-Est'),(12563,39,166164,27.9224448837701830,46.3118274803626590,'Jigălia','Nord-Est'),(12564,39,166173,27.9034182456485630,46.3180541531316620,'Rășcani','Nord-Est'),(12565,39,166191,27.8190673858129710,46.6787940502583820,'Tanacu','Nord-Est'),(12566,39,166208,27.8297891574121760,46.6956317951661570,'Benești','Nord-Est'),(12567,39,166217,27.7776315817046360,46.6896757281654970,'Muntenii de Sus','Nord-Est'),(12568,39,166226,27.7487613212478270,46.6960845017041000,'Satu Nou','Nord-Est'),(12569,39,166244,27.6879318478044820,46.9200186200138560,'Tăcuta','Nord-Est'),(12570,39,166253,27.6654647586618370,46.9569613984019090,'Cujba','Nord-Est'),(12571,39,166262,27.7102792877724400,46.9243103193293010,'Dumasca','Nord-Est'),(12572,39,166271,27.6329651655211880,46.9333102583102790,'Focșeașca','Nord-Est'),(12573,39,166280,27.6721174423935890,46.9005959765849170,'Mircești','Nord-Est'),(12574,39,166299,27.6397458389241600,46.9653823632004400,'Protopopești','Nord-Est'),(12575,39,166306,27.6468173857445510,46.9535480241820340,'Sofieni','Nord-Est'),(12576,39,166324,27.9644254252249030,46.6942208754571410,'Tătărăni','Nord-Est'),(12577,39,166333,27.9001950915392140,46.6991075646688430,'Bălțați','Nord-Est'),(12578,39,166342,27.9568793651828610,46.6706438585298000,'Crăsnășeni','Nord-Est'),(12579,39,166351,27.9773788760997100,46.7349390582483370,'Giurgești','Nord-Est'),(12580,39,166360,27.9481416895403390,46.6618853331001590,'Leoști','Nord-Est'),(12581,39,166379,27.9299886103176720,46.7332302842009360,'Mantu','Nord-Est'),(12582,39,166388,27.9774015321032790,46.7253076295567240,'Stroiești','Nord-Est'),(12583,39,166397,27.9735583563601860,46.7100696405364810,'Valea lui Bosie','Nord-Est'),(12584,39,166404,27.9762073046968500,46.7510897156634330,'Valea Seacă','Nord-Est'),(12585,39,166422,27.3803816945413030,46.8416277225421710,'Todirești','Nord-Est'),(12586,39,166431,27.3632159071735220,46.8720743354737120,'Cotic','Nord-Est'),(12587,39,166440,27.3982205240799890,46.8707483288118000,'Drăgești','Nord-Est'),(12588,39,166459,27.4070216780210000,46.8286912028327650,'Huc','Nord-Est'),(12589,39,166468,27.3737699657987790,46.8140103640542830,'Plopoasa','Nord-Est'),(12590,39,166477,27.3623605685120420,46.8006379721734830,'Rafaila','Nord-Est'),(12591,39,166486,27.4122783590324630,46.8392814560557440,'Siliștea','Nord-Est'),(12592,39,166495,27.3784210140685680,46.8809587017933540,'Sofronești','Nord-Est'),(12593,39,166501,27.4127603960279170,46.8619135735557110,'Valea Popii','Nord-Est'),(12594,39,166510,27.3619971303646350,46.8314499756121240,'Viișoara','Nord-Est'),(12595,39,166538,27.5614656020513880,46.1199866830862890,'Tutova','Nord-Est'),(12596,39,166547,27.5971964960146430,46.1630975919778880,'Bădeana','Nord-Est'),(12597,39,166556,27.5848490935702450,46.0569650762120450,'Borodești','Nord-Est'),(12598,39,166565,27.5757853289391580,46.1122841348997310,'Ciortolom','Nord-Est'),(12599,39,166574,27.5442913326140800,46.1051221309421280,'Coroiu','Nord-Est'),(12600,39,166583,27.5617777971620230,46.0901138503937630,'Crivești','Nord-Est'),(12601,39,166592,27.5874634408579420,46.0431789525053290,'Pochidia','Nord-Est'),(12602,39,166609,27.5966105992676920,46.0441866747578100,'Satu Nou','Nord-Est'),(12603,39,166618,27.5690726148271780,46.0649898097819990,'Sălceni','Nord-Est'),(12604,39,166627,27.5940994750126440,46.0827692041790160,'Vizureni','Nord-Est'),(12605,39,166645,27.7596000947341750,46.7473338170518180,'Văleni','Nord-Est'),(12606,39,166654,27.7009250729766800,46.7817920221377930,'Ferești','Nord-Est'),(12607,39,166663,27.7589025494505290,46.7144814631573690,'Moara Domnească','Nord-Est'),(12608,39,166681,28.2094203217948450,46.4288992438259460,'Vetrișoaia','Nord-Est'),(12609,39,166690,28.2265637109038040,46.4859320084416370,'Bumbăta','Nord-Est'),(12610,39,166716,27.8976014311043630,46.3797621689467120,'Viișoara','Nord-Est'),(12611,39,166725,27.8931127013578290,46.3545456229366550,'Dodești','Nord-Est'),(12612,39,166734,27.8230317491610000,46.3758436123632120,'Halta Dodești','Nord-Est'),(12613,39,166743,27.9426580420196690,46.3487476515080350,'Urdești','Nord-Est'),(12614,39,166752,27.8450056999494290,46.3845447539411990,'Văleni','Nord-Est'),(12615,39,166761,27.8771557724006480,46.3795119289963080,'Viltotești','Nord-Est'),(12616,39,166789,27.8153532347918460,46.1507182421951190,'Vinderei','Nord-Est'),(12617,39,166798,27.7731245241065600,46.1619573747925070,'Brădești','Nord-Est'),(12618,39,166805,27.7523095421614310,46.1412075196776290,'Docani','Nord-Est'),(12619,39,166814,27.8011585681639590,46.1116306633453660,'Docăneasa','Nord-Est'),(12620,39,166823,27.7854378912286140,46.1137789714766840,'Gara Docăneasa','Nord-Est'),(12621,39,166832,27.8420356075361430,46.1326132337973720,'Gara Tălășman','Nord-Est'),(12622,39,166841,27.8443355337140270,46.1843515659360830,'Obârșeni','Nord-Est'),(12623,39,166850,27.8315007448021530,46.1516609588051670,'Valea Lungă','Nord-Est'),(12624,39,166878,27.4283204992676910,46.5612498604007920,'Voinești','Nord-Est'),(12625,39,166887,27.3640304462276230,46.5509088415708940,'Avrămești','Nord-Est'),(12626,39,166896,27.4479598746845670,46.5403218738691890,'Băncești','Nord-Est'),(12627,39,166903,27.4658027152800270,46.5154417523159440,'Corobănești','Nord-Est'),(12628,39,166912,27.4526467930625490,46.5540910453710520,'Gârdești','Nord-Est'),(12629,39,166921,27.4141833194155960,46.5244676464022360,'Mărășești','Nord-Est'),(12630,39,166930,27.4503908631220100,46.5736153173027740,'Obârșeni','Nord-Est'),(12631,39,166949,27.4372046839745960,46.5948657454854920,'Obârșenii Lingurari','Nord-Est'),(12632,39,166958,27.4647272469658970,46.6038457863221680,'Rugăria','Nord-Est'),(12633,39,166967,27.4746777366715450,46.5214249756853700,'Stâncășeni','Nord-Est'),(12634,39,166976,27.3646638654526340,46.5733955637160690,'Uricari','Nord-Est'),(12635,39,166994,27.5289334932685960,46.8111220734286560,'Vulturești','Nord-Est'),(12636,39,167008,27.5265064561952750,46.7792445684391750,'Buhăiești','Nord-Est'),(12637,39,167017,27.5634876174905340,46.8000355227631250,'Podeni','Nord-Est'),(12638,39,167026,27.5113752892750050,46.8197678634885790,'Voinești','Nord-Est'),(12639,39,167044,27.9517511259932160,46.4630661731891480,'Vutcani','Nord-Est'),(12640,39,167053,27.9722750039334190,46.4608081331402400,'Mălăiești','Nord-Est'),(12641,39,167062,27.9969576098984310,46.4133854198531640,'Poșta Elan','Nord-Est'),(12642,39,167080,27.6623321232429300,46.7452418488929600,'Zăpodeni','Nord-Est'),(12643,39,167099,27.6255586436592470,46.7973771070226480,'Butucăria','Nord-Est'),(12644,39,167106,27.6336132538166480,46.7578095539820850,'Ciofeni','Nord-Est'),(12645,39,167115,27.7026001601855970,46.6974392814542870,'Delea','Nord-Est'),(12646,39,167124,27.6085901919013350,46.7690532160026610,'Dobroslovești','Nord-Est'),(12647,39,167133,27.5934163018487090,46.8106421261035660,'Măcrești','Nord-Est'),(12648,39,167142,27.6995058634873170,46.7384538438496480,'Portari','Nord-Est'),(12649,39,167151,27.6483396479418810,46.7829505799797050,'Telejna','Nord-Est'),(12650,39,167160,27.6004667908246470,46.7988374388015910,'Uncești','Nord-Est'),(12651,39,167188,27.7269235115680250,46.2685991187197130,'Zorleni','Nord-Est'),(12652,39,167197,27.7213054816142370,46.2244916478271150,'Dealu Mare','Nord-Est'),(12653,39,167204,27.8052021400604340,46.2466715435060040,'Popeni','Nord-Est'),(12654,39,167213,27.7012262235332930,46.2633392789660500,'Simila','Nord-Est'),(12655,40,114328,24.5597813245637720,46.5405061758215770,'Târgu Mureș','Centru'),(12656,40,114337,24.5216081947694810,46.5232755836880330,'Mureșeni','Centru'),(12657,40,114346,24.5213693364760170,46.5729427580131700,'Remetea','Centru'),(12658,40,114364,24.4858657251403070,46.5064839834784750,'Cristești','Centru'),(12659,40,114373,24.5460066222462850,46.5002139148682050,'Vălureni','Centru'),(12660,40,114391,24.5472130820963950,46.5591638543167430,'Sâncraiu de Mureș','Centru'),(12661,40,114408,24.5020997724184150,46.5355198253164420,'Nazna','Centru'),(12662,40,114426,24.6082497980300980,46.5769427877333800,'Sângeorgiu de Mureș','Centru'),(12663,40,114435,24.6716989645666550,46.5756208965604730,'Cotuș','Centru'),(12664,40,114444,24.6577050443621920,46.5870611868944240,'Tofalău','Centru'),(12665,40,114462,24.5566332125923060,46.5765843273498280,'Sântana de Mureș','Centru'),(12666,40,114471,24.5138937065093390,46.5948839536824050,'Bărdești','Centru'),(12667,40,114480,24.5896911754397570,46.6052568875557260,'Chinari','Centru'),(12668,40,114499,24.5750105571530140,46.5943613145987710,'Curteni','Centru'),(12669,40,114523,24.7927944806714000,46.2214134172427930,'Sighișoara','Centru'),(12670,40,114532,24.7841798933045010,46.1865822874860470,'Angofa','Centru'),(12671,40,114541,24.8207180506174010,46.1778717508754680,'Aurel Vlaicu','Centru'),(12672,40,114550,24.7433276124855900,46.2260644434682960,'Rora','Centru'),(12673,40,114569,24.7710999445426800,46.2602453742606840,'Șoromiclea','Centru'),(12674,40,114578,24.7416224398343340,46.2441115121018240,'Venchi','Centru'),(12675,40,114587,24.8093327833011090,46.2375583742700660,'Viilor','Centru'),(12676,40,114596,24.7710666144989100,46.2713943144354830,'Hetiur','Centru'),(12677,40,114612,24.8508547586323440,46.2380428842007940,'Albești','Centru'),(12678,40,114621,24.8349038411326720,46.2944318553144570,'Bârlibășoaia','Centru'),(12679,40,114630,24.8728481957685080,46.2663153959878030,'Boiu','Centru'),(12680,40,114649,24.8155604947573350,46.3219191653919820,'Jacu','Centru'),(12681,40,114658,24.8579490653863680,46.1722549119351700,'Șapartoc','Centru'),(12682,40,114667,24.8816186198251610,46.2544469212244350,'Țopa','Centru'),(12683,40,114676,24.8483385259586210,46.2146166004990990,'Valea Albeștiului','Centru'),(12684,40,114685,24.8961234669501720,46.2256930252425850,'Valea Dăii','Centru'),(12685,40,114694,24.8502147000752660,46.2063134676250300,'Valea Șapartocului','Centru'),(12686,40,114729,24.0971680921120320,46.4818608559584520,'Luduș','Centru'),(12687,40,114738,24.0992835669477610,46.5362084286726230,'Avrămești','Centru'),(12688,40,114747,24.0716174683909290,46.4953074550781270,'Cioarga','Centru'),(12689,40,114756,24.1050436279728400,46.5013226389328550,'Ciurgău','Centru'),(12690,40,114765,24.0435742026745310,46.5432896339775940,'Fundătura','Centru'),(12691,40,114774,24.0649063283993990,46.4472741774738650,'Gheja','Centru'),(12692,40,114783,24.0947557841113390,46.5143343630471410,'Roșiori','Centru'),(12693,40,114818,24.7019381548708670,46.7799642320703060,'Reghin','Centru'),(12694,40,114827,24.6944721737383760,46.7521161309209390,'Apalina','Centru'),(12695,40,114836,24.7191915317956300,46.7638665300503500,'Iernuțeni','Centru'),(12696,40,114863,25.0705787170407640,46.5974735379170820,'Sovata','Centru'),(12697,40,114872,25.0787598909497480,46.6314702040592980,'Căpeți','Centru'),(12698,40,114881,25.1280170623155570,46.5825507723788950,'Ilieși','Centru'),(12699,40,114890,25.0620596076548980,46.6245342966445340,'Săcădat','Centru'),(12700,40,114907,25.0133057499473390,46.5624664113409780,'Sărățeni','Centru'),(12701,40,114934,24.2966181719319250,46.3319138163826240,'Târnăveni','Centru'),(12702,40,114943,24.3015734428953860,46.2823175095088860,'Botorca','Centru');
INSERT INTO `localitati` VALUES (12703,40,114961,24.2316594540021240,46.3519144041615410,'Bobohalma','Centru'),(12704,40,114989,24.6350720289760010,46.4799711054603790,'Acățari','Centru'),(12705,40,114998,24.5920145730862350,46.4286633203316510,'Corbești','Centru'),(12706,40,115003,24.6708799584978960,46.4254972917329950,'Găiești','Centru'),(12707,40,115012,24.6171701225533290,46.4527388286131780,'Gruișor','Centru'),(12708,40,115021,24.6551643218510530,46.4808790069693390,'Murgești','Centru'),(12709,40,115030,24.6818257144320230,46.4587489444936570,'Roteni','Centru'),(12710,40,115049,24.6173525125782680,46.4807052505745090,'Stejeriș','Centru'),(12711,40,115058,24.7165378249370030,46.4335194398442680,'Suveica','Centru'),(12712,40,115067,24.6470857879149570,46.4469139800940880,'Vălenii','Centru'),(12713,40,115085,24.2369515319106770,46.3039248978465920,'Adămuș','Centru'),(12714,40,115094,24.1832327840630190,46.3523536038451670,'Chinciuș','Centru'),(12715,40,115101,24.2127747016328280,46.2921802824670930,'Cornești','Centru'),(12716,40,115110,24.1967481345682140,46.2962804117771040,'Crăiești','Centru'),(12717,40,115129,24.2344301436698190,46.3199794152410500,'Dâmbău','Centru'),(12718,40,115138,24.1551569619260680,46.3307427956609810,'Herepea','Centru'),(12719,40,115156,24.8299299183276680,46.8946937567466050,'Aluniș','Centru'),(12720,40,115165,24.8700022985687250,46.8990823855602490,'Fițcău','Centru'),(12721,40,115174,24.7909506774065210,46.8739637486941380,'Lunca Mureșului','Centru'),(12722,40,115192,24.8188693580142650,46.1253620295341950,'Apold','Centru'),(12723,40,115209,24.9027445487523840,46.1470787290380570,'Daia','Centru'),(12724,40,115218,24.7689404486369820,46.1563803470968850,'Șaeș','Centru'),(12725,40,115227,24.8536859815650640,46.1484303101329020,'Vulcan','Centru'),(12726,40,115245,24.1066698055011630,46.4295651482770350,'Ațintiș','Centru'),(12727,40,115254,24.0242993455228880,46.3867457211858180,'Botez','Centru'),(12728,40,115263,24.0401324363674750,46.3944919959310270,'Cecălaca','Centru'),(12729,40,115272,24.1052410456801630,46.3926786474319360,'Iștihaza','Centru'),(12730,40,115281,24.0397729418337250,46.4113340797803740,'Maldaoci','Centru'),(12731,40,115290,24.1334022489414330,46.4228233962798530,'Sâniacob','Centru'),(12732,40,115316,24.4787431248200140,46.3743775534888840,'Bahnea','Centru'),(12733,40,115325,24.4584656670645830,46.3740676609858010,'Bernadea','Centru'),(12734,40,115334,24.5122881382984450,46.2727807681198160,'Cund','Centru'),(12735,40,115343,24.4627618441228200,46.3056015418309100,'Daia','Centru'),(12736,40,115352,24.5171191732244720,46.3049165708293700,'Gogan','Centru'),(12737,40,115361,24.4610495798072060,46.2762496139930590,'Idiciu','Centru'),(12738,40,115370,24.4754591586146330,46.3288851510999040,'Lepindea','Centru'),(12739,40,115398,24.3730758928827560,46.5793558854185430,'Band','Centru'),(12740,40,115405,24.3384422906622010,46.6204167631044580,'Drăculea Bandului','Centru'),(12741,40,115414,24.3145648592338510,46.6427083160478020,'Fânațe','Centru'),(12742,40,115423,24.3627324760727890,46.6259615813748810,'Fânațele Mădărașului','Centru'),(12743,40,115432,24.3031038296585390,46.6501525446323270,'Iștan-Tău','Centru'),(12744,40,115441,24.4344556491789220,46.6048770627305440,'Mădăraș','Centru'),(12745,40,115450,24.3532752584272100,46.5930218826798000,'Mărășești','Centru'),(12746,40,115469,24.2874315683397380,46.6456116521551390,'Negrenii de Câmpie','Centru'),(12747,40,115478,24.3547002307247240,46.5430916409341080,'Oroiu','Centru'),(12748,40,115487,24.3457543119515880,46.5103873723443540,'Petea','Centru'),(12749,40,115496,24.4142284916353700,46.5846207401349590,'Țiptelnic','Centru'),(12750,40,115502,24.3001940811650030,46.6376190380263650,'Valea Mare','Centru'),(12751,40,115511,24.3360648794861060,46.5710679780524260,'Valea Rece','Centru'),(12752,40,115539,24.6541599412171100,46.8869860877703180,'Batoș','Centru'),(12753,40,115548,24.6579939499748200,46.8263215487478210,'Dedrad','Centru'),(12754,40,115557,24.6556901875062170,46.8547364501557840,'Goreni','Centru'),(12755,40,115566,24.6188222703497280,46.9314273197318100,'Uila','Centru'),(12756,40,115584,24.3722837248124020,46.2707136190337990,'Băgaciu','Centru'),(12757,40,115593,24.3411899451881590,46.2634032356924370,'Delenii','Centru'),(12758,40,115619,24.5001897258777600,46.7130897858174380,'Băla','Centru'),(12759,40,115628,24.5105737419655010,46.7308143683076620,'Ercea','Centru'),(12760,40,115646,24.6909212950189490,46.4089065310365000,'Bălăușeri','Centru'),(12761,40,115655,24.6847857732180420,46.3922702859349630,'Agrișteu','Centru'),(12762,40,115664,24.7291176174412080,46.3923385256216040,'Chendu','Centru'),(12763,40,115673,24.7585479731796310,46.4009254616933050,'Dumitreni','Centru'),(12764,40,115682,24.6691141756720570,46.3665633403350200,'Filitelnic','Centru'),(12765,40,115691,24.6509145519688390,46.3341067021936010,'Senereuș','Centru'),(12766,40,115717,24.7981399633103550,46.7330003121561360,'Beica de Jos','Centru'),(12767,40,115726,24.8230760667105340,46.7386466617988960,'Beica de Sus','Centru'),(12768,40,115735,24.8523859613741860,46.7260647229921280,'Căcuciu','Centru'),(12769,40,115744,24.8171373639653510,46.7027469182885470,'Nadășa','Centru'),(12770,40,115753,24.8747400821431800,46.7288893865909360,'Sânmihai de Pădure','Centru'),(12771,40,115762,24.8664790418520520,46.7147542625435650,'Șerbeni','Centru'),(12772,40,115780,24.0919682964571820,46.3742625209409950,'Bichiș','Centru'),(12773,40,115799,24.0652334436659960,46.3524243486970780,'Gâmbuț','Centru'),(12774,40,115806,24.0766367080667830,46.3830036244443210,'Nandra','Centru'),(12775,40,115815,24.1203215606474440,46.3572693945947450,'Ozd','Centru'),(12776,40,115833,24.1196171498019790,46.4564081536269880,'Bogata','Centru'),(12777,40,115842,24.1314954091247320,46.4849240547615920,'Ranta','Centru'),(12778,40,115860,24.6390366317781790,46.7636342020454450,'Breaza','Centru'),(12779,40,115879,24.5895398109296540,46.7538503022904100,'Filpișu Mare','Centru'),(12780,40,115888,24.6004394068152980,46.7830488353583500,'Filpișu Mic','Centru'),(12781,40,115904,24.7599105150040980,46.8559363134327570,'Brâncovenești','Centru'),(12782,40,115913,24.8201782048118640,46.8551463784291760,'Idicel','Centru'),(12783,40,115922,24.8591054148118790,46.8545977297328310,'Idicel-Pădure','Centru'),(12784,40,115931,24.7136170466515350,46.8850257996714320,'Săcalu de Pădure','Centru'),(12785,40,115940,24.7979259699732030,46.8927437741340610,'Vălenii de Mureș','Centru'),(12786,40,115968,24.5138707082840240,46.6429315293965560,'Ceuașu de Câmpie','Centru'),(12787,40,115977,24.4622601769488530,46.6873569119332290,'Bozed','Centru'),(12788,40,115986,24.4873378530797970,46.6512111248656110,'Câmpenița','Centru'),(12789,40,115995,24.4325803703325200,46.6396080082788910,'Culpiu','Centru'),(12790,40,116000,24.4781882544084580,46.6310602334877800,'Herghelia','Centru'),(12791,40,116019,24.5468039213331650,46.6368396417484870,'Porumbeni','Centru'),(12792,40,116028,24.4463187384772840,46.6644994453030580,'Săbed','Centru'),(12793,40,116037,24.5249683256522570,46.6137174907889790,'Voiniceni','Centru'),(12794,40,116055,24.0278799849598600,46.4643513843757820,'Chețani','Centru'),(12795,40,116064,23.9826362490530580,46.4954985069819950,'Coasta Grindului','Centru'),(12796,40,116073,24.0230438554622130,46.5128470181727490,'Cordoș','Centru'),(12797,40,116082,23.9695789862425530,46.5170589412070830,'Giurgiș','Centru'),(12798,40,116091,23.9979294070113910,46.5006719944407010,'Grindeni','Centru'),(12799,40,116108,23.9837385290667630,46.4669835932850720,'Hădăreni','Centru'),(12800,40,116117,24.0005362939470360,46.5320445346873020,'Linț','Centru'),(12801,40,116135,24.8815427894199810,46.6874096522089840,'Chiheru de Jos','Centru'),(12802,40,116144,24.9035975426915290,46.6813479704603010,'Chiheru de Sus','Centru'),(12803,40,116153,24.8960895071396670,46.7108529494916880,'Urisiu de Jos','Centru'),(12804,40,116162,24.9110871785565710,46.7062228632405340,'Urisiu de Sus','Centru'),(12805,40,116180,24.6020191761533160,46.4074718811369710,'Coroisânmărtin','Centru'),(12806,40,116199,24.6338911494486120,46.4090986779679970,'Coroi','Centru'),(12807,40,116206,24.5677135221093370,46.4045853392666740,'Odrihei','Centru'),(12808,40,116215,24.5870320287604830,46.3938766894345700,'Șoimuș','Centru'),(12809,40,116233,24.5225319117800890,46.8070717944158400,'Cozma','Centru'),(12810,40,116242,24.4880316512563670,46.7929869326929050,'Fânațele Socolului','Centru'),(12811,40,116251,24.5157527428577140,46.7914153095332850,'Socolu de Câmpie','Centru'),(12812,40,116260,24.4845400370160530,46.8227161767596060,'Valea Sasului','Centru'),(12813,40,116279,24.4805545268905400,46.8049917771182960,'Valea Ungurului','Centru'),(12814,40,116297,24.5752414970861610,46.4772999352669630,'Crăciunești','Centru'),(12815,40,116304,24.5848073294241050,46.5092056961262230,'Budiu Mic','Centru'),(12816,40,116313,24.5510382810909570,46.4602195833883510,'Cinta','Centru'),(12817,40,116322,24.5867420499828850,46.4566014669677830,'Cornești','Centru'),(12818,40,116331,24.5478943279106230,46.4546284535536600,'Tirimioara','Centru'),(12819,40,116359,24.4249863389500210,46.7577078676901440,'Crăiești','Centru'),(12820,40,116368,24.4704184823364020,46.7479296766507490,'Lefaia','Centru'),(12821,40,116377,24.4524993009171750,46.7426993568962890,'Milășel','Centru'),(12822,40,116386,24.4436278652646310,46.7283869093450410,'Nima Milășelului','Centru'),(12823,40,116402,24.2660584149687500,46.4024764913999870,'Cucerdea','Centru'),(12824,40,116411,24.2269395806097560,46.3936891820924370,'Bord','Centru'),(12825,40,116420,24.2471963141712020,46.4158877289242260,'Șeulia de Mureș','Centru'),(12826,40,116448,24.1562256842501560,46.4642685715814490,'Cuci','Centru'),(12827,40,116457,24.1751208211702210,46.4754916728177960,'Dătășeni','Centru'),(12828,40,116466,24.1958827375005580,46.4887492753327150,'După Deal','Centru'),(12829,40,116475,24.1418713820569050,46.4562167258768920,'Orosia','Centru'),(12830,40,116484,24.1469552307066590,46.4106242020558780,'Petrilaca','Centru'),(12831,40,116509,24.6968240589627750,46.2231972606678310,'Daneș','Centru'),(12832,40,116518,24.6938944910653290,46.1436331813381810,'Criș','Centru'),(12833,40,116527,24.6942661890416560,46.2426091602536430,'Seleuș','Centru'),(12834,40,116536,24.7243450253192270,46.1536720431970270,'Stejărenii','Centru'),(12835,40,116554,24.8741313363935850,46.9466800688054420,'Deda','Centru'),(12836,40,116563,24.9060828430300030,46.9609343047991390,'Bistra Mureșului','Centru'),(12837,40,116572,24.8854653969695580,46.9421035365456940,'Filea','Centru'),(12838,40,116581,24.8440778063512190,46.9359372308837240,'Pietriș','Centru'),(12839,40,116607,24.9241107695181580,46.6616858546787370,'Eremitu','Centru'),(12840,40,116616,24.8799678965253150,46.6307237273774010,'Călugăreni','Centru'),(12841,40,116625,25.0139856192003730,46.6704285960531420,'Câmpu Cetății','Centru'),(12842,40,116634,24.8607144112264680,46.6261222514863220,'Dămieni','Centru'),(12843,40,116643,24.9025635065051890,46.6527890816722890,'Mătrici','Centru'),(12844,40,116661,24.6431089384152000,46.6058579910930390,'Ernei','Centru'),(12845,40,116670,24.7369613580511970,46.6062549577692950,'Călușeri','Centru'),(12846,40,116689,24.6379674350592810,46.6409597057180960,'Dumbrăvioara','Centru'),(12847,40,116698,24.6933766141566370,46.6119684771627970,'Icland','Centru'),(12848,40,116705,24.6972953727159710,46.5998769980586760,'Săcăreni','Centru'),(12849,40,116714,24.6650629931911530,46.6407178837831180,'Sângeru de Pădure','Centru'),(12850,40,116732,24.5175006307013280,46.7627482794234130,'Fărăgău','Centru'),(12851,40,116741,24.4754041106643780,46.7697980754471980,'Fânațe','Centru'),(12852,40,116750,24.4792822936499480,46.7736755245635930,'Hodaia','Centru'),(12853,40,116769,24.5812036131460050,46.7262973489575020,'Onuca','Centru'),(12854,40,116778,24.5614666242631970,46.7351672685724250,'Poarta','Centru'),(12855,40,116787,24.5520135332386150,46.7802524771370760,'Tonciu','Centru'),(12856,40,116803,24.7665361776627080,46.4218175728151580,'Fântânele','Centru'),(12857,40,116812,24.7860602220702300,46.3966789559222900,'Bordoșiu','Centru'),(12858,40,116821,24.7332022502611220,46.4135026749064820,'Călimănești','Centru'),(12859,40,116830,24.8061548272942610,46.3779265490923290,'Cibu','Centru'),(12860,40,116849,24.8289058166190660,46.3823628327070240,'Roua','Centru'),(12861,40,116858,24.8098163112133750,46.4318942917748320,'Viforoasa','Centru'),(12862,40,116876,24.7595371938844200,46.5135824450170650,'Gălești','Centru'),(12863,40,116885,24.8032443477751910,46.4935733427883520,'Adrianu Mare','Centru'),(12864,40,116894,24.7905138768309000,46.5008211330224550,'Adrianu Mic','Centru'),(12865,40,116901,24.7833743830772950,46.4676055198343010,'Bedeni','Centru'),(12866,40,116910,24.7148535967506970,46.5196707560123100,'Maiad','Centru'),(12867,40,116929,24.7697735803441040,46.4844232225471290,'Troița','Centru'),(12868,40,116947,24.3604875915234230,46.3345194296735840,'Gănești','Centru'),(12869,40,116956,24.3117677518157790,46.3389615234837680,'Cuștelnic','Centru'),(12870,40,116965,24.3511878435510560,46.3508892279349140,'Păucișoara','Centru'),(12871,40,116974,24.3263397581787260,46.3701374161290470,'Sub Pădure','Centru'),(12872,40,116992,24.5112199407628000,46.4632782758963780,'Gheorghe Doja','Centru'),(12873,40,117006,24.5302144346939490,46.4637084902022510,'Ilieni','Centru'),(12874,40,117015,24.4890970435519860,46.4702184428101720,'Leordeni','Centru'),(12875,40,117024,24.5122540591811640,46.4568130686797930,'Satu Nou','Centru'),(12876,40,117033,24.4916224049838580,46.4492731506545480,'Tirimia','Centru'),(12877,40,117051,24.9261656884403490,46.5048125328515670,'Ghindari','Centru'),(12878,40,117060,24.9163613545866090,46.5251049557691450,'Abud','Centru'),(12879,40,117079,24.9842701127562950,46.4640656391875880,'Ceie','Centru'),(12880,40,117088,24.9621509905760420,46.5332811838044980,'Chibed','Centru'),(12881,40,117097,24.9952591746990790,46.4759169135760640,'Solocma','Centru'),(12882,40,117104,24.8985545041007870,46.4757192364197280,'Trei Sate','Centru'),(12883,40,117122,24.6085403763488560,46.6529470849771500,'Glodeni','Centru'),(12884,40,117131,24.5497769251343920,46.6992133908422530,'Merișor','Centru'),(12885,40,117140,24.5281948442860660,46.6845599780647260,'Moișa','Centru'),(12886,40,117159,24.5565152216763740,46.6618548393430710,'Păcureni','Centru'),(12887,40,117168,24.5619626107775420,46.6800327579236410,'Păingeni','Centru'),(12888,40,117186,24.6512295688137260,46.6753083451509740,'Gornești','Centru'),(12889,40,117195,24.7292138762331820,46.6626788574521360,'Iara de Mureș','Centru'),(12890,40,117202,24.7475881592354590,46.6458502532478080,'Ilioara','Centru'),(12891,40,117211,24.7801662086346430,46.6569661048070050,'Mura Mare','Centru'),(12892,40,117220,24.7652378470094770,46.6490907567153030,'Mura Mică','Centru'),(12893,40,117239,24.7162471792311220,46.6405316266836180,'Pădureni','Centru'),(12894,40,117248,24.6643552133262820,46.6941791097636030,'Periș','Centru'),(12895,40,117257,24.7533726132792250,46.6899145756369830,'Petrilaca de Mureș','Centru'),(12896,40,117266,24.7969218462703690,46.6736692737892300,'Teleac','Centru'),(12897,40,117284,24.3117133456733650,46.6088056964031520,'Grebenișu de Câmpie','Centru'),(12898,40,117293,24.2297411842190800,46.6082497962732700,'Leorința','Centru'),(12899,40,117300,24.2866613343300770,46.6225816084153880,'Valea Sânpetrului','Centru'),(12900,40,117328,24.8571953787649350,46.7730455841828880,'Gurghiu','Centru'),(12901,40,117337,24.8332424390010790,46.7820915794387200,'Adrian','Centru'),(12902,40,117346,24.8849330786820920,46.7845840531312260,'Cașva','Centru'),(12903,40,117355,24.8969055765141470,46.7358033163319390,'Comori','Centru'),(12904,40,117364,24.9074841973081010,46.8253073807678530,'Fundoaia','Centru'),(12905,40,117373,24.9357462807936230,46.8352233682249660,'Glăjărie','Centru'),(12906,40,117382,24.9184314887858140,46.8238671201885240,'Larga','Centru'),(12907,40,117391,24.9137121763898430,46.7499788755772560,'Orșova','Centru'),(12908,40,117408,24.9402456013429590,46.7376604196794720,'Orșova-Pădure','Centru'),(12909,40,117417,24.8835810818719490,46.8042774746536030,'Păuloaia','Centru'),(12910,40,117435,24.9270421742795600,46.7758281618453400,'Hodac','Centru'),(12911,40,117444,24.9985853705081520,46.7858741279525390,'Arșița','Centru'),(12912,40,117453,24.9560871599146100,46.8106618948446000,'Bicașu','Centru'),(12913,40,117462,24.9651509244328440,46.7767907021608310,'Dubiștea de Pădure','Centru'),(12914,40,117471,24.9277501759757670,46.8047724918058780,'Mirigioaia','Centru'),(12915,40,117480,24.9655037731996640,46.7986089494021300,'Toaca','Centru'),(12916,40,117499,24.9840729132728040,46.7838486703663250,'Uricea','Centru'),(12917,40,117514,24.8253782960248020,46.6369790950581230,'Hodoșa','Centru'),(12918,40,117523,24.7989861049695430,46.6349475345968190,'Ihod','Centru'),(12919,40,117532,24.7856373826954940,46.6247561524747880,'Isla','Centru'),(12920,40,117541,24.8288403953217700,46.6618085027705400,'Sâmbriaș','Centru'),(12921,40,117569,24.9345276363228270,46.7694806278750620,'Ibănești','Centru'),(12922,40,117578,25.0306510382218190,46.7639438694860130,'Blidireasa','Centru'),(12923,40,117587,25.0517097660242310,46.7553889558659250,'Brădețelu','Centru'),(12924,40,117596,25.0324672512594650,46.7576902883215340,'Dulcea','Centru'),(12925,40,117603,24.9867640577492590,46.7589267274625510,'Ibănești-Pădure','Centru'),(12926,40,117612,25.2150184107504070,46.7679489445189700,'Lăpușna','Centru'),(12927,40,117621,25.0042421716522970,46.7638758922099950,'Pârâu Mare','Centru'),(12928,40,117630,24.9947231163623620,46.7675377217308390,'Tireu','Centru'),(12929,40,117649,25.0125828881063370,46.7655937542350910,'Tisieu','Centru'),(12930,40,117658,25.0491217061563740,46.7597897448285590,'Zimți','Centru'),(12931,40,117676,24.2780482912829890,46.5252964523071530,'Iclănzel','Centru'),(12932,40,117685,24.3141416837633070,46.5422628446428630,'Căpușu de Câmpie','Centru'),(12933,40,117694,24.3147570454319000,46.5680905852891480,'Chisălița','Centru'),(12934,40,117701,24.2462962014486930,46.5174081946377030,'După Deal','Centru'),(12935,40,117710,24.2153723067869290,46.5323898637024980,'Fânațe','Centru'),(12936,40,117729,24.2673237600877450,46.5794952902515930,'Fânațele Căpușului','Centru'),(12937,40,117738,24.2681007492123580,46.5546029639377250,'Ghidașteu','Centru'),(12938,40,117747,24.2653654004320490,46.5281044176034730,'Iclandu Mare','Centru'),(12939,40,117756,24.2568766799946760,46.5032601782418310,'Mădărășeni','Centru'),(12940,40,117765,24.3066688140062970,46.5176264728296470,'Tăblășeni','Centru'),(12941,40,117774,24.2539114429624370,46.5343922078627090,'Valea Iclandului','Centru'),(12942,40,117792,24.7611447059423180,46.8169006233094860,'Ideciu de Jos','Centru'),(12943,40,117809,24.8086616142093100,46.8369718354179340,'Deleni','Centru'),(12944,40,117818,24.7727812801518220,46.8423139128327650,'Ideciu de Sus','Centru'),(12945,40,117836,24.2370989541466320,46.4506172825108050,'Iernut','Centru'),(12946,40,117845,24.2778584696017960,46.4487573447924970,'Cipău','Centru'),(12947,40,117854,24.1922042099502830,46.3891846507289710,'Deag','Centru'),(12948,40,117863,24.2285676765593190,46.4740455522319070,'Lechința','Centru'),(12949,40,117872,24.2926623853049930,46.4637144920142480,'Oarba de Mureș','Centru'),(12950,40,117881,24.2647191098064890,46.4811033268940580,'Porumbac','Centru'),(12951,40,117890,24.2404387781871900,46.5130685382510050,'Racameț','Centru'),(12952,40,117907,24.1714067094835490,46.4075549652670460,'Sălcud','Centru'),(12953,40,117916,24.2659348451127170,46.4535497417231440,'Sfântu Gheorghe','Centru'),(12954,40,117934,24.6360763919979850,46.5503468301955150,'Livezeni','Centru'),(12955,40,117943,24.6712428854184940,46.5321242448625510,'Bozeni','Centru'),(12956,40,117952,24.6206337680940950,46.5222595836054890,'Corunca','Centru'),(12957,40,117961,24.6763471279219430,46.5420453520509480,'Ivănești','Centru'),(12958,40,117970,24.6700842640228930,46.5556232299708840,'Poienița','Centru'),(12959,40,117989,24.6981677169871820,46.5459378092870320,'Sânișor','Centru'),(12960,40,118003,24.5787014279874290,46.8483627819656330,'Lunca','Centru'),(12961,40,118012,24.5299965826097480,46.8363522748207610,'Băița','Centru'),(12962,40,118021,24.5679690384796920,46.8144578701335660,'Frunzeni','Centru'),(12963,40,118030,24.5737755843178040,46.8794564241323930,'Logig','Centru'),(12964,40,118049,24.6035804380814300,46.8013420402197300,'Sântu','Centru'),(12965,40,118067,25.1139462982178330,46.9559230966232950,'Lunca Bradului','Centru'),(12966,40,118076,25.1468528116609140,46.9722958752253990,'Neagra','Centru'),(12967,40,118085,25.0754542778484400,46.9514563276391360,'Sălard','Centru'),(12968,40,118101,24.9075096388372830,46.5638516085096230,'Măgherani','Centru'),(12969,40,118110,24.8682071419014970,46.5573348837573280,'Bereni','Centru'),(12970,40,118129,24.8726203655290520,46.5722131166237500,'Bâra','Centru'),(12971,40,118138,24.8879085611611970,46.5991771072637140,'Cându','Centru'),(12972,40,118147,24.8571106198986950,46.5459664399593510,'Drojdii','Centru'),(12973,40,118156,24.8715823803450070,46.5364188723735520,'Eremieni','Centru'),(12974,40,118165,24.8481841670507390,46.5811811490158050,'Maia','Centru'),(12975,40,118174,24.8652394658921810,46.5971282990470780,'Mărculeni','Centru'),(12976,40,118183,24.9231929319487480,46.5988731795357580,'Șilea Nirajului','Centru'),(12977,40,118192,24.8875842016847170,46.5474579318109320,'Torba','Centru'),(12978,40,118218,24.4124050733661800,46.3680460680943090,'Mica','Centru'),(12979,40,118227,24.3829480086938590,46.3577682728647740,'Abuș','Centru'),(12980,40,118236,24.4350200010924400,46.3784627152943540,'Căpâlna de Sus','Centru'),(12981,40,118245,24.4429323666751020,46.3430841040399240,'Ceuaș','Centru'),(12982,40,118254,24.4020647508960880,46.3471075206718480,'Deaj','Centru'),(12983,40,118263,24.4153528676611130,46.3047576580115320,'Hărănglab','Centru'),(12984,40,118272,24.3852972848172730,46.3917494571947560,'Șomoștelnic','Centru'),(12985,40,118290,24.8084622031214650,46.5364299657112000,'Miercurea Nirajului','Centru'),(12986,40,118307,24.7194243430408670,46.5739297554182490,'Beu','Centru'),(12987,40,118316,24.7875921429369330,46.5217448136739690,'Dumitreștii','Centru'),(12988,40,118325,24.7346955723642350,46.5432206343063650,'Lăureni','Centru'),(12989,40,118334,24.7433109253890220,46.5691447962503770,'Moșuni','Centru'),(12990,40,118343,24.7528560158475880,46.5442598844918080,'Șardu Nirajului','Centru'),(12991,40,118352,24.7697823920221190,46.5319230510176850,'Tâmpa','Centru'),(12992,40,118361,24.7230826343212050,46.5600730886138410,'Veța','Centru'),(12993,40,118389,24.1586644910177950,46.6776557205835370,'Miheșu de Câmpie','Centru'),(12994,40,118398,24.1734221543352950,46.6553402925331970,'Bujor','Centru'),(12995,40,118405,24.1056106264910640,46.6595928945288140,'Cirhagău','Centru'),(12996,40,118414,24.2343430094664780,46.6580923133209420,'Groapa Rădăii','Centru'),(12997,40,118423,24.2324073982990060,46.6702713224231190,'Mogoaia','Centru'),(12998,40,118432,24.1938601610727200,46.6924299595902070,'Răzoare','Centru'),(12999,40,118441,24.2150539099817020,46.6626771303597750,'Șăulița','Centru'),(13000,40,118450,24.2316147262974510,46.6857060574704620,'Ștefanca','Centru'),(13001,40,118478,24.7299510557654290,46.3206606933311700,'Nadeș','Centru'),(13002,40,118487,24.6894356187664740,46.3219618396661020,'Măgheruș','Centru'),(13003,40,118496,24.7768541377741190,46.3257916106561680,'Pipea','Centru'),(13004,40,118502,24.7178776221654780,46.3551579361197170,'Țigmandru','Centru'),(13005,40,118520,24.8307197525532110,46.4772319084642620,'Neaua','Centru'),(13006,40,118539,24.8661916587395740,46.4961113577968920,'Ghinești','Centru'),(13007,40,118548,24.8383496475434310,46.5089875086112560,'Rigmani','Centru'),(13008,40,118557,24.8345850248706980,46.4954943208617450,'Sânsimion','Centru'),(13009,40,118566,24.8193935453860130,46.4558984716858350,'Vădaș','Centru'),(13010,40,118584,24.3179308231625130,46.4474907383037060,'Ogra','Centru'),(13011,40,118593,24.3098752739545140,46.4710897394357330,'Dileu Vechi','Centru'),(13012,40,118600,24.3111432600570900,46.4012623014300730,'Giuluș','Centru'),(13013,40,118619,24.3556461837264100,46.3918207167838190,'Lăscud','Centru'),(13014,40,118628,24.3208399515413800,46.4953419955421050,'Vaideiu','Centru'),(13015,40,118646,24.2032979922430550,46.5593278224701950,'Papiu Ilarian','Centru'),(13016,40,118655,24.2373488620621770,46.5814238304259760,'Dobra','Centru'),(13017,40,118664,24.2140329411155730,46.5702622884878180,'Merișoru','Centru'),(13018,40,118673,24.2106333812557790,46.5373333188300510,'Șandru','Centru'),(13019,40,118682,24.2247130160057790,46.5494865209975470,'Ursoaia','Centru'),(13020,40,118708,24.4733992354403750,46.5561139899867630,'Pănet','Centru'),(13021,40,118717,24.4296143648904550,46.5396458201835870,'Berghia','Centru'),(13022,40,118726,24.4781164765222780,46.6016823788229150,'Cuieșd','Centru'),(13023,40,118735,24.4786230666504320,46.5773276974369210,'Hărțău','Centru'),(13024,40,118744,24.4571410905436860,46.5146569453254840,'Sântioana de Mureș','Centru'),(13025,40,118762,24.6939853827383120,46.4916245905781410,'Păsăreni','Centru'),(13026,40,118771,24.7130931426042690,46.4924567334517680,'Bolintineni','Centru'),(13027,40,118780,24.7078542708218480,46.4731969111744760,'Gălățeni','Centru'),(13028,40,118806,24.7100480778277710,46.7303108963600100,'Petelea','Centru'),(13029,40,118815,24.7929580308287850,46.7089141693800160,'Habic','Centru'),(13030,40,118833,24.3121978070760430,46.6760576009845000,'Pogăceaua','Centru'),(13031,40,118842,24.2587682801515000,46.6368556504323310,'Bologaia','Centru'),(13032,40,118851,24.2635517386620910,46.6666778640974160,'Ciulea','Centru'),(13033,40,118860,24.2812428150905040,46.6750496102239150,'Deleni','Centru'),(13034,40,118879,24.3377636795163820,46.6774222649269670,'Fântâna Babii','Centru'),(13035,40,118888,24.3370501240450780,46.6941716980906210,'Pârâu Crucii','Centru'),(13036,40,118897,24.2495450410876220,46.6606578624913770,'Scurta','Centru'),(13037,40,118904,24.2920379891849620,46.6943534775008400,'Sicele','Centru'),(13038,40,118913,24.2633298241704550,46.6821344482986480,'Valea Sânpetrului','Centru'),(13039,40,118922,24.2712370434767410,46.6627588187788900,'Văleni','Centru'),(13040,40,118940,24.9928236378171570,46.9722181398172650,'Răstolița','Centru'),(13041,40,118959,25.0242346914724080,46.9678434396101210,'Andreneasa','Centru'),(13042,40,118968,24.9340746533450820,46.9701213059914270,'Borzia','Centru'),(13043,40,118977,24.9182493373843030,46.9708669015595250,'Gălăoaia','Centru'),(13044,40,118986,24.9771955070407900,46.9733676820896660,'Iod','Centru'),(13045,40,119000,24.3969980518201910,46.6901915885346170,'Râciu','Centru'),(13046,40,119019,24.4060228918982500,46.7151346879008000,'Căciulata','Centru'),(13047,40,119028,24.3633096480847480,46.6929073538385420,'Coasta Mare','Centru'),(13048,40,119037,24.3716622972625570,46.7237878019050750,'Cotorinău','Centru'),(13049,40,119046,24.4317704865757540,46.7411683356233430,'Curețe','Centru'),(13050,40,119055,24.3728608796130150,46.7162814242588030,'Hagău','Centru'),(13051,40,119064,24.4200539946469240,46.7279286648462810,'Leniș','Centru'),(13052,40,119073,24.4435666396982260,46.7036525443785420,'Nima Râciului','Centru'),(13053,40,119082,24.3927075761607100,46.7478159716138750,'Obârșie','Centru'),(13054,40,119091,24.3567299702488820,46.7086074930574640,'Pârâu Crucii','Centru'),(13055,40,119108,24.4084327126340380,46.7281214640873300,'Sânmărtinu de Câmpie','Centru'),(13056,40,119117,24.3335485303072760,46.7334797069126470,'Ulieș','Centru'),(13057,40,119126,24.4075253598256730,46.7453648939228760,'Valea Seacă','Centru'),(13058,40,119135,24.3375789125843840,46.7431662519259350,'Valea Sânmărtinului','Centru'),(13059,40,119144,24.3688058039471040,46.7365665877883250,'Valea Ulieșului','Centru'),(13060,40,119162,24.8344201218116040,46.9156629761599580,'Rușii-Munți','Centru'),(13061,40,119171,24.8106444632333800,46.9074572608121660,'Maiorești','Centru'),(13062,40,119180,24.8313863233873030,46.9243585054507480,'Morăreni','Centru'),(13063,40,119199,24.8643807600662190,46.9320222951780370,'Sebeș','Centru'),(13064,40,119215,24.9629273982014690,46.1950313224044610,'Saschiz','Centru'),(13065,40,119224,24.9972035443321450,46.1465531038414410,'Cloașterf','Centru'),(13066,40,119233,25.0288366673926000,46.1555480909833240,'Mihai Viteazu','Centru'),(13067,40,119251,24.1647221246419940,46.7532349697052610,'Sarmașu','Centru'),(13068,40,119260,24.1436155246283130,46.7335282042250810,'Balda','Centru'),(13069,40,119279,24.1810798878512790,46.7197105593491670,'Larga','Centru'),(13070,40,119288,24.1990843670643940,46.7435548271636350,'Moruț','Centru'),(13071,40,119297,24.1788535259894740,46.7606245958420600,'Sărmășel','Centru'),(13072,40,119304,24.2062622300559660,46.7853528340580670,'Sărmășel-Gară','Centru'),(13073,40,119313,24.1865003792176800,46.7316887976930740,'Titiana','Centru'),(13074,40,119322,24.1019408600527820,46.7379794001986400,'Vișinelu','Centru'),(13075,40,119340,24.8427449271963570,46.4306124191818630,'Sângeorgiu de Pădure','Centru'),(13076,40,119359,24.9243739670795960,46.4056446271281830,'Bezid','Centru'),(13077,40,119368,24.9063944956187700,46.4226647180603180,'Bezidu Nou','Centru'),(13078,40,119377,24.8991493015494750,46.4001813823161060,'Loțu','Centru'),(13079,40,119395,24.1376875659887770,46.5582873737042680,'Sânger','Centru'),(13080,40,119402,24.1462316992076110,46.5741516692951050,'Bârza','Centru'),(13081,40,119411,24.1672613071234930,46.5324291461553940,'Cipăieni','Centru'),(13082,40,119420,24.0876459822206820,46.5459965281092070,'Dalu','Centru'),(13083,40,119439,24.1984445430229760,46.5246786480797350,'Pripoare','Centru'),(13084,40,119448,24.1999319492135140,46.5317255007083050,'Vălișoara','Centru'),(13085,40,119457,24.1193597596570900,46.5413130103074050,'Zăpodea','Centru'),(13086,40,119475,24.3513324384307910,46.4564575327874960,'Sânpaul','Centru'),(13087,40,119484,24.3829648363637940,46.4766436770394340,'Chirileu','Centru'),(13088,40,119493,24.3317726683802210,46.4621221580497380,'Dileu Nou','Centru'),(13089,40,119509,24.3723324008630230,46.4815709863957450,'Sânmărghita','Centru'),(13090,40,119518,24.3759744366899300,46.4385528370747380,'Valea Izvoarelor','Centru'),(13091,40,119536,24.2624284671691940,46.7158877195070370,'Sânpetru de Câmpie','Centru'),(13092,40,119545,24.2454941219983620,46.6889650726112610,'Bârlibaș','Centru'),(13093,40,119554,24.2685849415516760,46.7425597006525000,'Dâmbu','Centru'),(13094,40,119563,24.2667814409297440,46.7617848309736530,'Satu Nou','Centru'),(13095,40,119572,24.2966516218793450,46.7269529506922860,'Sângeorgiu de Câmpie','Centru'),(13096,40,119581,24.2275927200807040,46.7333124633138370,'Tușinu','Centru'),(13097,40,119607,24.7737963156096970,46.7780853921663750,'Solovăstru','Centru'),(13098,40,119616,24.7967060444303830,46.7840662595910430,'Jabenița','Centru'),(13099,40,119634,25.2392116198620900,46.9601847968544920,'Stânceni','Centru'),(13100,40,119643,25.2687293219905660,46.9503763719520820,'Ciobotani','Centru'),(13101,40,119652,25.1928941444852550,46.9684585030565030,'Meștera','Centru'),(13102,40,119670,24.5209717835450540,46.3963283566692160,'Suplac','Centru'),(13103,40,119689,24.4644440624050360,46.3875841032355750,'Idrifaia','Centru'),(13104,40,119698,24.5424644698063470,46.3844844637125040,'Laslău Mare','Centru'),(13105,40,119705,24.5567565493259680,46.3681008178153820,'Laslău Mic','Centru'),(13106,40,119714,24.5262640002251830,46.4190617056272000,'Vaidacuța','Centru'),(13107,40,119732,24.7316950515038520,46.8143706038436490,'Suseni','Centru'),(13108,40,119741,24.7244114095346640,46.8447815672993780,'Luieriu','Centru'),(13109,40,119769,24.2125342018107330,46.6416771351653520,'Șăulia','Centru'),(13110,40,119778,24.2122087745103230,46.6189734236629290,'Leorința-Șăulia','Centru'),(13111,40,119787,24.2358567090422700,46.6395939983014150,'Măcicășești','Centru'),(13112,40,119796,24.1773137199368870,46.6329816592360300,'Pădurea','Centru'),(13113,40,119812,24.3905020374375530,46.6548867257019640,'Șincai','Centru'),(13114,40,119821,24.4200886688667750,46.6657018686682650,'Lechincioara','Centru'),(13115,40,119830,24.3581486725749980,46.6781226277635920,'Pusta','Centru'),(13116,40,119849,24.3368736854087790,46.6549409972387960,'Șincai-Fânațe','Centru'),(13117,40,119867,24.0807704767471940,46.5795224961255980,'Tăureni','Centru'),(13118,40,119876,24.0724717542730850,46.5679473355538460,'Fânațe','Centru'),(13119,40,119885,24.0919423457251260,46.5645036003182820,'Moara de Jos','Centru'),(13120,40,119901,24.4588085853055330,46.4857272732616240,'Ungheni','Centru'),(13121,40,119910,24.4460196867137110,46.4145092554665980,'Cerghid','Centru'),(13122,40,119929,24.4482112958984810,46.4436828276991280,'Cerghizel','Centru'),(13123,40,119938,24.4416484535815610,46.4912238986367110,'Morești','Centru'),(13124,40,119947,24.4167182589866660,46.4650056172981250,'Recea','Centru'),(13125,40,119956,24.3961464961850470,46.5037618646578110,'Șăușa','Centru'),(13126,40,119965,24.4153950303387430,46.4755266377908920,'Vidrasău','Centru'),(13127,40,119983,24.0775774389493980,46.6225702146832860,'Valea Largă','Centru'),(13128,40,119992,24.0915557263954160,46.6113171102669600,'Grădini','Centru'),(13129,40,120003,24.0983681205565150,46.6281248463705820,'Mălăești','Centru'),(13130,40,120012,24.0610722872325380,46.6345838273169450,'Poduri','Centru'),(13131,40,120021,24.0685204021248820,46.6451539227191670,'Valea Frăției','Centru'),(13132,40,120030,24.0848078365561160,46.6469942623251300,'Valea Glodului','Centru'),(13133,40,120049,24.0537020623941270,46.6196858380677240,'Valea Pădurii','Centru'),(13134,40,120058,24.0526090698010010,46.6367639000858390,'Valea Șurii','Centru'),(13135,40,120067,24.0891952322252610,46.6330643911685950,'Valea Urieșului','Centru'),(13136,40,120085,24.8021388162924160,46.5795905037905200,'Vărgata','Centru'),(13137,40,120094,24.8304857798239920,46.5991337778830110,'Grâușorul','Centru'),(13138,40,120101,24.8014685593032950,46.5844930966394910,'Mitrești','Centru'),(13139,40,120110,24.7818773367733450,46.6081214726979170,'Vadu','Centru'),(13140,40,120129,24.7969145645889700,46.5632865047718170,'Valea','Centru'),(13141,40,120147,24.7650682797275120,46.9610932603275730,'Vătava','Centru'),(13142,40,120156,24.8049142247141500,46.9420674334388860,'Dumbrava','Centru'),(13143,40,120165,24.7685523128323870,46.9391932312089540,'Râpa de Jos','Centru'),(13144,40,120183,24.7921591924968720,46.3521492314342320,'Vețca','Centru'),(13145,40,120192,24.8319713497063680,46.3280452139585390,'Jacodu','Centru'),(13146,40,120209,24.7760672616524000,46.3755142431147500,'Sălașuri','Centru'),(13147,40,120227,24.5990594918673830,46.2961261065946630,'Viișoara','Centru'),(13148,40,120236,24.5450601609180730,46.3285255557007080,'Ormeniș','Centru'),(13149,40,120245,24.5513230168765160,46.2836753689712950,'Sântioana','Centru'),(13150,40,120263,24.9282033418612700,46.2424187192098730,'Vânători','Centru'),(13151,40,120272,25.0872230110126860,46.1806874563670820,'Archita','Centru'),(13152,40,120281,25.0141877998323710,46.2410995739495410,'Feleag','Centru'),(13153,40,120290,24.9892121004323440,46.2304098107936380,'Mureni','Centru'),(13154,40,120307,24.9262823284901670,46.2630148336807990,'Șoard','Centru'),(13155,40,120325,24.6271248563979060,46.7058961567991200,'Voivodeni','Centru'),(13156,40,120334,24.5815497784555110,46.7050916720956410,'Toldal','Centru'),(13157,40,120352,24.6180894340770170,46.3505948908565560,'Zagăr','Centru'),(13158,40,120361,24.5887082152434430,46.3628028971181290,'Seleuș','Centru'),(13159,40,120389,24.1308042145739920,46.6138249882017920,'Zau de Câmpie','Centru'),(13160,40,120398,24.1819349257390250,46.5808718587867080,'Bărboși','Centru'),(13161,40,120405,24.1319776082756800,46.6393968120031560,'Botei','Centru'),(13162,40,120414,24.1683275161468460,46.6449471133337000,'Bujor-Hodaie','Centru'),(13163,40,120423,24.1704185378128500,46.6062354625797540,'Ciretea','Centru'),(13164,40,120432,24.1269589672458270,46.6011537746787850,'Gaura Sângerului','Centru'),(13165,40,120441,24.1907948066579020,46.5826891701636820,'Malea','Centru'),(13166,40,120450,24.1120483302843990,46.6117381293151850,'Ștefăneaca','Centru'),(13167,40,120469,24.1565355949849870,46.5938612918558800,'Tău','Centru'),(13168,40,120520,24.7400588241058230,46.4957781771517700,'Sânvăsii','Centru'),(13169,40,120539,24.5680627470333450,46.4792257227635800,'Ciba','Centru'),(13170,40,120548,24.5997344865920200,46.4799613466451620,'Foi','Centru'),(13171,40,120557,24.5557455357044070,46.4770552030458720,'Nicolești','Centru'),(13172,40,120566,24.3290711474268950,46.3306055684361620,'Seuca','Centru'),(13173,41,143469,24.1521339844690420,45.7931385203533030,'Sibiu','Centru'),(13174,41,143478,23.9329526181197850,45.6551788469522530,'Păltiniș','Centru'),(13175,41,143496,24.0299528085741940,45.7844432286746250,'Cristian','Centru'),(13176,41,143511,24.0538026811641470,45.7281536211450690,'Poplaca','Centru'),(13177,41,143539,24.0705984252904410,45.7049109648459860,'Rășinari','Centru'),(13178,41,143548,24.0769533374752380,45.6903113118428550,'Prislop','Centru'),(13179,41,143566,24.1913002752790650,45.7687645995174460,'Șelimbăr','Centru'),(13180,41,143575,24.2232638626036270,45.7755473610096570,'Bungard','Centru'),(13181,41,143584,24.2252475452226260,45.7438019570751140,'Mohu','Centru'),(13182,41,143593,24.2395767528346010,45.7175211025912700,'Veștem','Centru'),(13183,41,143628,24.3583405722444400,46.1620500199660740,'Mediaș','Centru'),(13184,41,143637,24.3492003868280520,46.1112093513110540,'Ighișu Nou','Centru'),(13185,41,143655,24.2892648148134390,46.1397479421353650,'Târnava','Centru'),(13186,41,143664,24.3058646928055960,46.1352964409450190,'Colonia Târnava','Centru'),(13187,41,143691,24.6206673593325470,45.9762702743334590,'Agnita','Centru'),(13188,41,143708,24.5725948898218680,45.9805460460952920,'Coveș','Centru'),(13189,41,143717,24.6504784420426650,46.0117490093259390,'Ruja','Centru'),(13190,41,143744,24.1527944909379360,45.7140022169209890,'Cisnădie','Centru'),(13191,41,143753,24.1128767823580680,45.7044829672012370,'Cisnădioara','Centru'),(13192,41,143780,24.2551692610815660,46.1165120911976630,'Copșa Mică','Centru'),(13193,41,143815,24.5805062435091450,46.2265287076494150,'Dumbrăveni','Centru'),(13194,41,143824,24.5309233889062700,46.2345160455365660,'Ernea','Centru'),(13195,41,143833,24.5467904469547130,46.2067024556874060,'Șaroș pe Târnave','Centru'),(13196,41,143860,24.0461115038334690,45.8805943998111800,'Ocna Sibiului','Centru'),(13197,41,143879,23.9557948859175130,45.8856355670690520,'Topârcea','Centru'),(13198,41,143897,24.4631850560376950,45.9326686107337140,'Alțina','Centru'),(13199,41,143904,24.5026873961954410,45.9558219402714910,'Benești','Centru'),(13200,41,143913,24.4184538480318030,45.9775167846919220,'Ghijasa de Sus','Centru'),(13201,41,143931,23.8470622290720580,45.8798734152139720,'Apoldu de Jos','Centru'),(13202,41,143940,23.8536531507820690,45.9120949758596100,'Sângătin','Centru'),(13203,41,143968,24.6271964367116280,45.7802289779365450,'Arpașu de Jos','Centru'),(13204,41,143977,24.6190592842337280,45.7343599724881780,'Arpașu de Sus','Centru'),(13205,41,143986,24.5798350724872100,45.8048301350057160,'Noul Român','Centru'),(13206,41,144009,24.4678798634162290,46.1574913850635870,'Ațel','Centru'),(13207,41,144018,24.4803663640846310,46.2135921904000500,'Alma','Centru'),(13208,41,144027,24.4980643432023370,46.1518145821332200,'Dupuș','Centru'),(13209,41,144036,24.4790005483633810,46.2429302464392930,'Giacăș','Centru'),(13210,41,144045,24.4453932103406970,46.2252523018766580,'Șmig','Centru'),(13211,41,144063,24.3801784041849740,45.7255719453930140,'Avrig','Centru'),(13212,41,144072,24.3323426478693710,45.7222149951673060,'Bradu','Centru'),(13213,41,144081,24.4627723323352590,45.7817237826224290,'Glâmboaca','Centru'),(13214,41,144090,24.3704565678704520,45.7000234070218950,'Mârșa','Centru'),(13215,41,144107,24.3899245393270650,45.7602989828003500,'Săcădate','Centru'),(13216,41,144125,24.2161872217969400,46.0932684934516960,'Axente Sever','Centru'),(13217,41,144134,24.1938604135966240,46.0676372879736180,'Agârbiciu','Centru'),(13218,41,144143,24.2660051071033250,46.0585482108451320,'Șoala','Centru'),(13219,41,144161,24.2834268090163870,46.2006510453695330,'Bazna','Centru'),(13220,41,144170,24.2286207446660850,46.2015907876301310,'Boian','Centru'),(13221,41,144189,24.2810836438112680,46.2392675889098330,'Velț','Centru'),(13222,41,144205,24.5257918009304630,46.1420612672248820,'Biertan','Centru'),(13223,41,144214,24.5507278718945620,46.1337481012374080,'Copșa Mare','Centru'),(13224,41,144223,24.4818281116407950,46.0978758103840460,'Richiș','Centru'),(13225,41,144241,24.5393537582730160,45.9856002683480090,'Bârghiș','Centru'),(13226,41,144250,24.5550856676639420,46.0296312393950940,'Apoș','Centru'),(13227,41,144269,24.4881725443486820,45.9894230200563070,'Ighișu Vechi','Centru'),(13228,41,144278,24.5152385500777900,46.0463240974805790,'Pelișor','Centru'),(13229,41,144287,24.4554857819578220,45.9840075462867470,'Vecerd','Centru'),(13230,41,144296,24.4725286143216320,46.0325827289659340,'Zlagna','Centru'),(13231,41,144312,24.3237074989169740,46.2067901467239610,'Blăjel','Centru'),(13232,41,144321,24.3587349404754260,46.2184558977024840,'Păucea','Centru'),(13233,41,144330,24.3407924092927850,46.2478244471585640,'Romanești','Centru'),(13234,41,144358,24.4251386390525020,46.1695229271415430,'Brateiu','Centru'),(13235,41,144367,24.4150102982674890,46.1376881717743070,'Buzd','Centru'),(13236,41,144385,24.8328211604790960,46.0822795920951340,'Brădeni','Centru'),(13237,41,144394,24.8511979478806070,46.0433674011158300,'Retiș','Centru'),(13238,41,144401,24.9046547745774520,46.0753880232206190,'Țeline','Centru'),(13239,41,144429,24.7015866022754480,45.8766305233948660,'Bruiu','Centru'),(13240,41,144438,24.7381692148378570,45.8590011405559610,'Gherdeal','Centru'),(13241,41,144447,24.6704593097121720,45.8548661221829050,'Șomartin','Centru'),(13242,41,144465,24.5982035199593550,45.8949685228532470,'Chirpăr','Centru'),(13243,41,144474,24.6044842628510270,45.8490141046826660,'Săsăuș','Centru'),(13244,41,144483,24.6022978635248570,45.9460343017258310,'Vărd','Centru'),(13245,41,144492,24.6387424194763510,45.9317749997875140,'Veseud','Centru'),(13246,41,144517,24.5718513763769910,45.7854881581542870,'Cârța','Centru'),(13247,41,144526,24.5555751645691200,45.8151682589790920,'Poienița','Centru'),(13248,41,144544,24.5798544564795340,45.7270407921443080,'Cârțișoara','Centru'),(13249,41,144562,24.4142248839048190,46.1898315796421740,'Dârlos','Centru'),(13250,41,144571,24.4072523091952610,46.2443092043147600,'Curciu','Centru'),(13251,41,144580,24.3706392782455910,46.1897082873751760,'Valea Lungă','Centru'),(13252,41,144606,23.9841713118180490,45.7301192110214320,'Gura Râului','Centru'),(13253,41,144624,24.6105410065745540,46.2292263347983900,'Hoghilag','Centru'),(13254,41,144633,24.6531405095583340,46.2591841435794890,'Prod','Centru'),(13255,41,144642,24.5830999196756930,46.1698112193030140,'Valchid','Centru'),(13256,41,144660,24.7179293139447150,46.0508192626948870,'Iacobeni','Centru'),(13257,41,144679,24.7921054333244690,46.0221730320758340,'Movile','Centru'),(13258,41,144688,24.7866045189276320,46.0585990042761680,'Netuș','Centru'),(13259,41,144697,24.7979789457179930,46.0516366217740650,'Noiștat','Centru'),(13260,41,144704,24.6781668040853360,46.0387638467584990,'Stejărișu','Centru'),(13261,41,144722,23.6779302192932700,45.7859274105433160,'Jina','Centru'),(13262,41,144740,24.6582817910403560,46.2041198883132860,'Laslea','Centru'),(13263,41,144759,24.6630471041469830,46.1601759833933020,'Florești','Centru'),(13264,41,144768,24.6480984930587470,46.1100264618779010,'Mălâncrav','Centru'),(13265,41,144777,24.6066916982173320,46.1107194944419940,'Nou Săsesc','Centru'),(13266,41,144786,24.6158236048102520,46.1632577395907050,'Roandola','Centru'),(13267,41,144802,24.0866185577799640,45.9444336668897440,'Loamneș','Centru'),(13268,41,144811,23.9937030573496100,45.9300278953077520,'Alămor','Centru'),(13269,41,144820,23.9752655758376180,45.9661581867534890,'Armeni','Centru'),(13270,41,144839,24.0827686897403160,45.9776099283113310,'Hașag','Centru'),(13271,41,144848,24.0726385245043060,45.9272134215454530,'Mândra','Centru'),(13272,41,144857,24.0408239866403730,45.9825480503055100,'Sădinca','Centru'),(13273,41,144875,23.8996957709038820,45.9262810525946250,'Ludoș','Centru'),(13274,41,144884,23.9017114580714570,45.9404475064949270,'Gusu','Centru'),(13275,41,144900,24.5010191115011650,45.8743191564365350,'Marpod','Centru'),(13276,41,144919,24.5298691274304450,45.8677102853248470,'Ilimbav','Centru'),(13277,41,144937,23.7948782461701640,45.8887479377370440,'Miercurea Sibiului','Centru'),(13278,41,144946,23.8265807328986630,45.8502361512074330,'Apoldu de Sus','Centru'),(13279,41,144955,23.7715137978158070,45.8484326624710830,'Dobârca','Centru'),(13280,41,144973,24.7293171138017200,45.9657716229065160,'Merghindeal','Centru'),(13281,41,144982,24.6971711502106540,45.9848946208343110,'Dealu Frumos','Centru'),(13282,41,145006,24.1116769499815580,46.0892199952028460,'Micăsasa','Centru'),(13283,41,145015,24.1881724554818300,46.1434579050366480,'Chesler','Centru'),(13284,41,145024,24.0892616425029150,46.0712166531717030,'Țapu','Centru'),(13285,41,145033,24.1414452866102350,46.1203856827447750,'Văleni','Centru'),(13286,41,145051,24.3482736929103150,45.9898716649125630,'Mihăileni','Centru'),(13287,41,145060,24.4089540702427180,46.0199611931137580,'Metiș','Centru'),(13288,41,145079,24.3552997619053930,46.0085214470745430,'Moardăș','Centru'),(13289,41,145088,24.3706936068100080,46.0096871179755600,'Răvășel','Centru'),(13290,41,145097,24.3478139954111580,45.9718529838258120,'Șalcău','Centru'),(13291,41,145113,24.3961841673268580,46.0918585512282490,'Moșna','Centru'),(13292,41,145122,24.4336006870669350,46.0477306142308080,'Alma Vii','Centru'),(13293,41,145131,24.4454779736000880,46.0864388803006970,'Nemșa','Centru'),(13294,41,145159,24.4525310951829840,45.8960997606856300,'Nocrich','Centru'),(13295,41,145168,24.4995871158745580,45.8358145306502750,'Fofeldea','Centru'),(13296,41,145177,24.3926602216621510,45.9201035918646170,'Ghijasa de Jos','Centru'),(13297,41,145186,24.4301753516916020,45.8325822681244120,'Hosman','Centru'),(13298,41,145195,24.3907684957713860,45.8691313962192590,'Țichindeal','Centru'),(13299,41,145211,23.9685522041540830,45.7555018034986530,'Orlat','Centru'),(13300,41,145239,23.8895184116710620,46.0103354968978240,'Păuca','Centru'),(13301,41,145248,23.9349174930992310,45.9907442141792520,'Bogatu Român','Centru'),(13302,41,145257,23.9542115267654520,46.0315809614861920,'Broșteni','Centru'),(13303,41,145266,23.8891914491163140,45.9756939508429670,'Presaca','Centru'),(13304,41,145284,23.7309526108179900,45.8092000991605350,'Poiana Sibiului','Centru'),(13305,41,145300,24.4589170281743050,45.7588203967973040,'Porumbacu de Jos','Centru'),(13306,41,145319,24.5059351631792380,45.7804880578190560,'Colun','Centru'),(13307,41,145328,24.4726670237694040,45.7145722035528550,'Porumbacu de Sus','Centru'),(13308,41,145337,24.5077209363276190,45.7413219611139540,'Sărata','Centru'),(13309,41,145346,24.5323038168660050,45.7587220676261740,'Scoreiu','Centru'),(13310,41,145364,24.3475059831995820,45.6790696410176690,'Racovița','Centru'),(13311,41,145373,24.3553293061033680,45.6530157826051310,'Sebeșu de Sus','Centru'),(13312,41,145391,24.0613200734237010,45.6240093233853370,'Râu Sadului','Centru'),(13313,41,145417,24.3145549761241430,45.8169624871002980,'Roșia','Centru'),(13314,41,145426,24.2830427837206320,45.7793676126317240,'Cașolț','Centru'),(13315,41,145435,24.3561647422690550,45.8001962761324460,'Cornățel','Centru'),(13316,41,145444,24.2851800105675300,45.8012944030329270,'Daia','Centru'),(13317,41,145453,24.2836687458220910,45.8298127040751170,'Nou','Centru'),(13318,41,145462,24.3845485833089270,45.7954573503939320,'Nucet','Centru'),(13319,41,145480,24.1839309918527330,45.6719857278225870,'Sadu','Centru'),(13320,41,145505,23.8853246508726760,45.7932728702496800,'Săliște','Centru'),(13321,41,145514,23.8775514605639070,45.8304999124469600,'Aciliu','Centru'),(13322,41,145523,23.9000037444863120,45.8461347854647340,'Amnaș','Centru'),(13323,41,145532,23.7976151996808450,45.7231290531200190,'Crinț','Centru'),(13324,41,145541,23.8636532001343830,45.7986477689688630,'Galeș','Centru'),(13325,41,145550,23.9280472043372510,45.7552181601740670,'Fântânele','Centru'),(13326,41,145569,23.9561920832952640,45.8197541081889880,'Mag','Centru'),(13327,41,145578,23.9398999630646860,45.7816797821198020,'Săcel','Centru'),(13328,41,145587,23.9094038590501970,45.7664978671299920,'Sibiel','Centru'),(13329,41,145596,23.8954948747791430,45.7818793242398030,'Vale','Centru'),(13330,41,145612,24.1615961571597100,45.9219526506730770,'Slimnic','Centru'),(13331,41,145621,24.2466656555027380,45.9359362669524670,'Albi','Centru'),(13332,41,145630,24.2199037377071850,45.9294301969021960,'Pădureni','Centru'),(13333,41,145649,24.1670329933536900,45.9592850898751660,'Ruși','Centru'),(13334,41,145658,24.1936457431785320,45.9766373842555890,'Veseud','Centru'),(13335,41,145676,24.1573683113111530,46.0239448871360040,'Șeica Mare','Centru'),(13336,41,145685,24.1986066299943370,46.0094199863562570,'Boarta','Centru'),(13337,41,145694,24.2761783002904430,45.9733834167970560,'Buia','Centru'),(13338,41,145701,24.2776602484004580,46.0003539708696820,'Mighindoala','Centru'),(13339,41,145710,24.2852844293596920,46.0169600994721860,'Petiș','Centru'),(13340,41,145729,24.2394389940297540,45.9758174951034850,'Ștenea','Centru'),(13341,41,145747,24.1302597043242000,46.0548066086890770,'Șeica Mică','Centru'),(13342,41,145756,24.0610756556814210,46.0292419293932160,'Soroștin','Centru'),(13343,41,145774,24.1723399708962140,45.8550314982871750,'Șura Mare','Centru'),(13344,41,145783,24.1972062933934570,45.8632994888847140,'Hamba','Centru'),(13345,41,145809,24.0531381463900370,45.8356289706305020,'Șura Mică','Centru'),(13346,41,145818,24.0310592528055980,45.8140699257041960,'Rusciori','Centru'),(13347,41,145836,24.2646362506061730,45.6671355600832740,'Tălmaciu','Centru'),(13348,41,145845,24.2603688229138970,45.6345387000545130,'Boița','Centru'),(13349,41,145854,24.2533797994155160,45.6882741302098550,'Colonia Tălmaciu','Centru'),(13350,41,145863,24.2626028378878050,45.5612427191699250,'Lazaret','Centru'),(13351,41,145872,24.2220070819486680,45.5748138529690860,'Lotrioara','Centru'),(13352,41,145881,24.2410726885896250,45.5456218267896280,'Paltin','Centru'),(13353,41,145890,24.2427009740238050,45.6471209243052770,'Tălmăcel','Centru'),(13354,41,145916,23.8429277923564730,45.8016342679108990,'Tilișca','Centru'),(13355,41,145925,23.7852969184152520,45.8009900757334660,'Rod','Centru'),(13356,41,145943,24.2987737715038710,45.6429801970230710,'Turnu Roșu','Centru'),(13357,41,145952,24.3364583980407120,45.6503695642212650,'Sebeșu de Jos','Centru'),(13358,41,145970,24.2788869569766130,46.0818293924744400,'Valea Viilor','Centru'),(13359,41,145989,24.3455631666333720,46.0609929587223310,'Motiș','Centru'),(13360,41,146003,24.3431525215875590,45.8967197682601910,'Vurpăr','Centru'),(13361,42,125356,24.3610508626084620,44.4305524731604960,'Slatina','Sud-Vest - Oltenia'),(13362,42,125365,24.3738487147079970,44.4549687545299220,'Cireașov','Sud-Vest - Oltenia'),(13363,42,125383,24.3274365718164280,44.4039064044292790,'Slătioara','Sud-Vest - Oltenia'),(13364,42,125392,24.3141945373379120,44.4270010175473120,'Salcia','Sud-Vest - Oltenia'),(13365,42,125427,24.0977514092562440,44.3544210306151780,'Balș','Sud-Vest - Oltenia'),(13366,42,125436,24.1100007972695670,44.3792862080175820,'Corbeni','Sud-Vest - Oltenia'),(13367,42,125445,24.1086281298260840,44.3877532448615850,'Româna','Sud-Vest - Oltenia'),(13368,42,125454,24.1364563753375630,44.3403968441424540,'Teiș','Sud-Vest - Oltenia'),(13369,42,125481,24.3508850979109360,44.1127338687156150,'Caracal','Sud-Vest - Oltenia'),(13370,42,125506,24.2553553889322800,44.1261266146805440,'Drăghiceni','Sud-Vest - Oltenia'),(13371,42,125515,24.2368086628143540,44.1313029267584160,'Grozăvești','Sud-Vest - Oltenia'),(13372,42,125524,24.2761672141424430,44.1233917585859880,'Liiceni','Sud-Vest - Oltenia'),(13373,42,125551,24.5040840935536440,43.7766174532215260,'Corabia','Sud-Vest - Oltenia'),(13374,42,125560,24.4957118755220690,43.8245632801986320,'Tudor Vladimirescu','Sud-Vest - Oltenia'),(13375,42,125579,24.4110489972126100,43.8062690132554170,'Vârtopu','Sud-Vest - Oltenia'),(13376,42,125597,24.6163114102630590,43.7590150236564100,'Gârcov','Sud-Vest - Oltenia'),(13377,42,125604,24.6378743701962400,43.7878296811344330,'Ursa','Sud-Vest - Oltenia'),(13378,42,125631,24.5251250459331440,44.1695014162870480,'Drăgănești-Olt','Sud-Vest - Oltenia'),(13379,42,125640,24.4915993699936900,44.1828630784554620,'Comani','Sud-Vest - Oltenia'),(13380,42,125668,24.5653341920794790,44.0322965931806110,'Băbiciu','Sud-Vest - Oltenia'),(13381,42,125686,24.0083043375388740,44.3990643018812610,'Băleasa','Sud-Vest - Oltenia'),(13382,42,125695,24.0471926967247040,44.3892481279650610,'Baldovinești','Sud-Vest - Oltenia'),(13383,42,125702,24.0025974653445860,44.4337448205518020,'Broșteni','Sud-Vest - Oltenia'),(13384,42,125711,24.0072174910499570,44.4060747003144700,'Dâmburile','Sud-Vest - Oltenia'),(13385,42,125720,24.0165441941672700,44.4172444939038730,'Găvănești','Sud-Vest - Oltenia'),(13386,42,125739,24.0171396578076890,44.3858848298844530,'Gubandru','Sud-Vest - Oltenia'),(13387,42,125748,24.0526026987829410,44.4007236906836060,'Pietriș','Sud-Vest - Oltenia'),(13388,42,125766,24.6591930306983440,44.7160069238530800,'Bărăștii de Vede','Sud-Vest - Oltenia'),(13389,42,125775,24.6334754712296230,44.7031736786572440,'Bărăștii de Cepturi','Sud-Vest - Oltenia'),(13390,42,125784,24.6281557483177560,44.6828167611667770,'Boroești','Sud-Vest - Oltenia'),(13391,42,125793,24.6542082662132490,44.6802176292281890,'Ciocănești','Sud-Vest - Oltenia'),(13392,42,125800,24.6320388813930790,44.7127087853928840,'Lăzărești','Sud-Vest - Oltenia'),(13393,42,125819,24.6023482567906060,44.7243978774137010,'Mereni','Sud-Vest - Oltenia'),(13394,42,125828,24.7012878027893590,44.7232359388790710,'Moțoești','Sud-Vest - Oltenia'),(13395,42,125837,24.6469031005762030,44.7256259403125970,'Popești','Sud-Vest - Oltenia'),(13396,42,125855,24.1418801717038960,44.3281085510553940,'Bârza','Sud-Vest - Oltenia'),(13397,42,125864,24.1779219586862380,44.3257586476867760,'Braneț','Sud-Vest - Oltenia'),(13398,42,125882,24.1417161404576110,44.4001601482052880,'Bobicești','Sud-Vest - Oltenia'),(13399,42,125891,24.1795914703390340,44.3947185388270280,'Bechet','Sud-Vest - Oltenia'),(13400,42,125908,24.1494744154668840,44.3787813250043040,'Belgun','Sud-Vest - Oltenia'),(13401,42,125917,24.1148740232007060,44.4060992999236960,'Chintești','Sud-Vest - Oltenia'),(13402,42,125926,24.1327114146146080,44.4222038917609230,'Comănești','Sud-Vest - Oltenia'),(13403,42,125935,24.1145586417973700,44.4193266791484190,'Govora','Sud-Vest - Oltenia'),(13404,42,125944,24.1521967296214900,44.3668320482719030,'Leotești','Sud-Vest - Oltenia'),(13405,42,125953,24.1520817569710470,44.3575433382918120,'Mirila','Sud-Vest - Oltenia'),(13406,42,125971,24.4078408394544470,43.9063413188748650,'Brastavățu','Sud-Vest - Oltenia'),(13407,42,125980,24.4148642378584140,43.9247277284325010,'Crușovu','Sud-Vest - Oltenia'),(13408,42,126004,24.4502553678301950,44.3758547971245960,'Brebeni','Sud-Vest - Oltenia'),(13409,42,126013,24.4369450325926290,44.3432730791950650,'Teiușu','Sud-Vest - Oltenia'),(13410,42,126031,24.3093239128025760,44.3131601775748720,'Brâncoveni','Sud-Vest - Oltenia'),(13411,42,126040,24.3520955401734010,44.3307390234550310,'Mărgheni','Sud-Vest - Oltenia'),(13412,42,126059,24.3501733632400280,44.3198922784884030,'Ociogi','Sud-Vest - Oltenia'),(13413,42,126068,24.3060352456734560,44.2957344753573570,'Văleni','Sud-Vest - Oltenia'),(13414,42,126086,24.2510085235353580,43.9479615520749580,'Bucinișu','Sud-Vest - Oltenia'),(13415,42,126095,24.2582466278720580,43.9360764539222540,'Bucinișu Mic','Sud-Vest - Oltenia'),(13416,42,126111,24.2707468621832840,44.1821511850393160,'Cezieni','Sud-Vest - Oltenia'),(13417,42,126120,24.2309895514066760,44.1916148540495400,'Bondrea','Sud-Vest - Oltenia'),(13418,42,126139,24.2462753664396330,44.1867325729175770,'Corlătești','Sud-Vest - Oltenia'),(13419,42,126157,24.6147037143210880,43.9020592869285980,'Cilieni','Sud-Vest - Oltenia'),(13420,42,126175,24.1494043832810660,44.5235802422003030,'Cârlogani','Sud-Vest - Oltenia'),(13421,42,126184,24.1706258043921340,44.5087984885674930,'Beculești','Sud-Vest - Oltenia'),(13422,42,126193,24.1712181163440290,44.4973279493236970,'Cepari','Sud-Vest - Oltenia'),(13423,42,126200,24.1619268235904240,44.5145661001661780,'Scorbura','Sud-Vest - Oltenia'),(13424,42,126219,24.1471881979218600,44.5552073189810260,'Stupina','Sud-Vest - Oltenia'),(13425,42,126237,24.6745775947267310,44.6294294866834780,'Colonești','Sud-Vest - Oltenia'),(13426,42,126246,24.6843487934943050,44.6195395082341050,'Bărăști','Sud-Vest - Oltenia'),(13427,42,126255,24.6843546358253540,44.6069848660637050,'Bătăreni','Sud-Vest - Oltenia'),(13428,42,126264,24.6578126989908140,44.6701668599434850,'Chelbești','Sud-Vest - Oltenia'),(13429,42,126273,24.6676174119850200,44.6365460135441840,'Cârstani','Sud-Vest - Oltenia'),(13430,42,126282,24.6925182911661100,44.5880989394544260,'Guești','Sud-Vest - Oltenia'),(13431,42,126291,24.6879530393780370,44.5962221745999870,'Mărunței','Sud-Vest - Oltenia'),(13432,42,126308,24.6819433485078750,44.6124589446690930,'Năvârgeni','Sud-Vest - Oltenia'),(13433,42,126317,24.6588435936638250,44.6515944455637240,'Vlaici','Sud-Vest - Oltenia'),(13434,42,126335,24.7134606888144180,44.4921360483414430,'Corbu','Sud-Vest - Oltenia'),(13435,42,126344,24.7169888595492320,44.4623379799513360,'Burdulești','Sud-Vest - Oltenia'),(13436,42,126353,24.7184190469938900,44.4525139097503160,'Buzești','Sud-Vest - Oltenia'),(13437,42,126362,24.7102012457865430,44.4426204244147630,'Ciurești','Sud-Vest - Oltenia'),(13438,42,126371,24.7228929825192980,44.4260929660353550,'Milcoveni','Sud-Vest - Oltenia'),(13439,42,126399,24.4663756511426880,44.3013339931125000,'Coteana','Sud-Vest - Oltenia'),(13440,42,126415,24.7451276668415620,44.3021486846743850,'Crâmpoia','Sud-Vest - Oltenia'),(13441,42,126424,24.7097078403765810,44.3081196036847940,'Buta','Sud-Vest - Oltenia'),(13442,42,126442,24.3323543902947210,44.4944917133659320,'Curtișoara','Sud-Vest - Oltenia'),(13443,42,126451,24.3472972253561080,44.4795675416857680,'Dobrotinet','Sud-Vest - Oltenia'),(13444,42,126460,24.3408164570490020,44.4691620317913560,'Linia din Vale','Sud-Vest - Oltenia'),(13445,42,126479,24.3473479203550130,44.4850937227501860,'Pietrișu','Sud-Vest - Oltenia'),(13446,42,126488,24.3376176986291100,44.4598554678273600,'Proaspeți','Sud-Vest - Oltenia'),(13447,42,126497,24.3473795509141200,44.5023195657367340,'Raițiu','Sud-Vest - Oltenia'),(13448,42,126512,24.3818174030951300,44.6672018399596380,'Cungrea','Sud-Vest - Oltenia'),(13449,42,126521,24.3856764593868720,44.7120422781441180,'Cepești','Sud-Vest - Oltenia'),(13450,42,126530,24.3850587374203160,44.6471408432461560,'Ibănești','Sud-Vest - Oltenia'),(13451,42,126549,24.4151825309984570,44.6602337482392640,'Miești','Sud-Vest - Oltenia'),(13452,42,126558,24.3814566082826760,44.6925255067903820,'Oteștii de Jos','Sud-Vest - Oltenia'),(13453,42,126567,24.3875581131899080,44.7178574201439930,'Oteștii de Sus','Sud-Vest - Oltenia'),(13454,42,126576,24.4124403025952400,44.6978209209409340,'Spătaru','Sud-Vest - Oltenia'),(13455,42,126594,24.5621675473284750,44.1402234582965320,'Dăneasa','Sud-Vest - Oltenia'),(13456,42,126601,24.5637037445396410,44.1086322967871710,'Berindei','Sud-Vest - Oltenia'),(13457,42,126610,24.5626295674533030,44.0936440414593140,'Cioflanu','Sud-Vest - Oltenia'),(13458,42,126629,24.5303626398516850,44.1231489955303220,'Pestra','Sud-Vest - Oltenia'),(13459,42,126638,24.6109738500485950,44.1038562508971810,'Zănoaga','Sud-Vest - Oltenia'),(13460,42,126656,24.3883931024534950,44.0534847029359400,'Deveselu','Sud-Vest - Oltenia'),(13461,42,126665,24.3586255888737850,44.0778962043081610,'Comanca','Sud-Vest - Oltenia'),(13462,42,126683,23.9551590110274650,44.4933090514398440,'Dobrețu','Sud-Vest - Oltenia'),(13463,42,126692,23.9434705502782880,44.5115782229561390,'Curtișoara','Sud-Vest - Oltenia'),(13464,42,126709,23.9604314150185650,44.4700386891399050,'Horezu','Sud-Vest - Oltenia'),(13465,42,126727,24.3562958497606630,44.1736380577877410,'Dobrosloveni','Sud-Vest - Oltenia'),(13466,42,126736,24.3234772305516280,44.1570390382498910,'Frăsinetu','Sud-Vest - Oltenia'),(13467,42,126745,24.3533839884698860,44.1937534574724960,'Potopinu','Sud-Vest - Oltenia'),(13468,42,126754,24.3924311569939680,44.1726512552371770,'Reșca','Sud-Vest - Oltenia'),(13469,42,126763,24.4023165836603260,44.1707333512795510,'Reșcuța','Sud-Vest - Oltenia'),(13470,42,126781,24.3553955590589910,44.7864286330953550,'Dobroteasa','Sud-Vest - Oltenia'),(13471,42,126790,24.3088812810427480,44.7472200544175040,'Batia','Sud-Vest - Oltenia'),(13472,42,126807,24.3054929148472960,44.7569191877304890,'Câmpu Mare','Sud-Vest - Oltenia'),(13473,42,126816,24.3426488634888830,44.7937261243307820,'Vulpești','Sud-Vest - Oltenia'),(13474,42,126834,24.2792555656531800,44.2443937513427840,'Osica de Jos','Sud-Vest - Oltenia'),(13475,42,126843,24.3107812424201700,44.2316138458151830,'Bobu','Sud-Vest - Oltenia'),(13476,42,126852,24.2094654119947950,44.2678191321305260,'Chilii','Sud-Vest - Oltenia'),(13477,42,126861,24.2225045041314540,44.2593332648166320,'Dobrun','Sud-Vest - Oltenia'),(13478,42,126870,24.2486239689315220,44.2431223050171600,'Roșienii Mari','Sud-Vest - Oltenia'),(13479,42,126889,24.2331251688961440,44.2450066236952960,'Roșienii Mici','Sud-Vest - Oltenia'),(13480,42,126898,24.2512157999258380,44.2508703408273330,'Ulmet','Sud-Vest - Oltenia'),(13481,42,126914,24.5424284736475900,44.7743090251689110,'Făgețelu','Sud-Vest - Oltenia'),(13482,42,126923,24.5306255613447850,44.8100259439516510,'Bâgești','Sud-Vest - Oltenia'),(13483,42,126932,24.5611084060897650,44.7834909495451110,'Chilia','Sud-Vest - Oltenia'),(13484,42,126941,24.5413207954822990,44.7564128787045230,'Gruiu','Sud-Vest - Oltenia'),(13485,42,126950,24.5234186640163650,44.7690555367913990,'Isaci','Sud-Vest - Oltenia'),(13486,42,126969,24.5663483202905370,44.8124636058355530,'Pielcani','Sud-Vest - Oltenia'),(13487,42,126987,24.3791674054064060,44.2309772339855700,'Fălcoiu','Sud-Vest - Oltenia'),(13488,42,126996,24.3680336586498460,44.2430827329177630,'Cioroiașu','Sud-Vest - Oltenia'),(13489,42,127000,24.3808200863305690,44.2391580162974520,'Cioroiu','Sud-Vest - Oltenia'),(13490,42,127028,24.4359891803154920,44.1487684834035220,'Fărcașele','Sud-Vest - Oltenia'),(13491,42,127037,24.4590114708005370,44.1353913928911720,'Fărcașu de Jos','Sud-Vest - Oltenia'),(13492,42,127046,24.4269799855731940,44.1535916568138870,'Ghimpați','Sud-Vest - Oltenia'),(13493,42,127055,24.4093567108874330,44.1645158706626480,'Hotărani','Sud-Vest - Oltenia'),(13494,42,127073,24.2820657450027650,44.4069742344517020,'Găneasa','Sud-Vest - Oltenia'),(13495,42,127082,24.2789395787335170,44.4361946666725340,'Dranovățu','Sud-Vest - Oltenia'),(13496,42,127091,24.2443324394735170,44.4459036620327130,'Grădiștea','Sud-Vest - Oltenia'),(13497,42,127108,24.2500969546969710,44.4276545051951640,'Izvoru','Sud-Vest - Oltenia'),(13498,42,127117,24.2832589132807260,44.3897022172316650,'Oltișoru','Sud-Vest - Oltenia'),(13499,42,127135,24.6872929319317510,43.7941248552651740,'Giuvărăști','Sud-Vest - Oltenia'),(13500,42,127153,24.5372289779418690,44.0749854224572810,'Gostavățu','Sud-Vest - Oltenia'),(13501,42,127162,24.5284301950857650,44.0855771538052180,'Slăveni','Sud-Vest - Oltenia'),(13502,42,127180,24.2701963036540500,44.5655743801606690,'Grădinari','Sud-Vest - Oltenia'),(13503,42,127199,24.2671137533106280,44.5971080343565230,'Petculești','Sud-Vest - Oltenia'),(13504,42,127206,24.2698861731179210,44.5562664871725080,'Runcu Mare','Sud-Vest - Oltenia'),(13505,42,127215,24.3032619168791480,44.5504837258785430,'Satu Nou','Sud-Vest - Oltenia'),(13506,42,127233,24.2700610628455140,43.7573837051924950,'Grojdibodu','Sud-Vest - Oltenia'),(13507,42,127242,24.2513953134619380,43.7538588291946980,'Hotaru','Sud-Vest - Oltenia'),(13508,42,127260,24.1779534424728620,43.7836621579595120,'Ianca','Sud-Vest - Oltenia'),(13509,42,127279,24.2053483502409140,43.7657714565675350,'Potelu','Sud-Vest - Oltenia'),(13510,42,127297,24.0346576313552160,44.4943780293153990,'Iancu Jianu','Sud-Vest - Oltenia'),(13511,42,127304,24.0119949623720390,44.5254927171571140,'Dobriceni','Sud-Vest - Oltenia'),(13512,42,127313,23.9910441614265830,44.5343432032103050,'Preotești','Sud-Vest - Oltenia'),(13513,42,127331,24.7249054014880160,44.4096105228745440,'Icoana','Sud-Vest - Oltenia'),(13514,42,127340,24.7563839875029790,44.3761053596562220,'Floru','Sud-Vest - Oltenia'),(13515,42,127359,24.6952433957762630,44.4347422356957300,'Ursoaia','Sud-Vest - Oltenia'),(13516,42,127377,24.6641504646941100,43.8241777435893670,'Izbiceni','Sud-Vest - Oltenia'),(13517,42,127395,24.5239289911080540,44.2622278818044140,'Izvoarele','Sud-Vest - Oltenia'),(13518,42,127402,24.5389489450392450,44.2569266892315550,'Alimănești','Sud-Vest - Oltenia'),(13519,42,127420,24.4561640382631750,44.7882185181240620,'Leleasca','Sud-Vest - Oltenia'),(13520,42,127439,24.4537896776135390,44.7694873590493640,'Afumați','Sud-Vest - Oltenia'),(13521,42,127448,24.4183958189123480,44.7215213968133370,'Greerești','Sud-Vest - Oltenia'),(13522,42,127457,24.4340317793968890,44.7334896547930820,'Mierlicești','Sud-Vest - Oltenia'),(13523,42,127466,24.4265033441457040,44.7868748952325080,'Tonești','Sud-Vest - Oltenia'),(13524,42,127475,24.4264703889990890,44.7484902871349630,'Tufaru','Sud-Vest - Oltenia'),(13525,42,127484,24.4442207572783980,44.7556709052051500,'Urși','Sud-Vest - Oltenia'),(13526,42,127509,24.4702626724947660,44.2145780289126050,'Mărunței','Sud-Vest - Oltenia'),(13527,42,127518,24.4821627079458110,44.2496958851780780,'Bălănești','Sud-Vest - Oltenia'),(13528,42,127527,24.4450734377843380,44.2460901464004620,'Malu Roșu','Sud-Vest - Oltenia'),(13529,42,127545,24.7908775705547060,44.1257358256555250,'Mihăești','Sud-Vest - Oltenia'),(13530,42,127554,24.8023821659152510,44.1116635714725970,'Bușca','Sud-Vest - Oltenia'),(13531,42,127572,24.3779292852645960,44.3629867879799990,'Ulmi','Sud-Vest - Oltenia'),(13532,42,127581,24.4008878083727650,44.3252855207926540,'Ipotești','Sud-Vest - Oltenia'),(13533,42,127590,24.3897782429027790,44.3945417240961860,'Milcovu din Deal','Sud-Vest - Oltenia'),(13534,42,127607,24.3687291759085940,44.3875768795531660,'Milcovu din Vale','Sud-Vest - Oltenia'),(13535,42,127616,24.3837049357967040,44.3507339263025740,'Stejaru','Sud-Vest - Oltenia'),(13536,42,127634,24.1136850883281790,44.4591264527307080,'Morunglav','Sud-Vest - Oltenia'),(13537,42,127643,24.1421025910196510,44.4486095206873980,'Bărăști','Sud-Vest - Oltenia'),(13538,42,127652,24.0891479600776570,44.4827446335226000,'Ghioșani','Sud-Vest - Oltenia'),(13539,42,127661,24.1262385596125100,44.4799153402330490,'Morunești','Sud-Vest - Oltenia'),(13540,42,127670,24.1131416306972530,44.4928989503780270,'Poiana Mare','Sud-Vest - Oltenia'),(13541,42,127698,24.6439102854734710,44.3691190867055310,'Movileni','Sud-Vest - Oltenia'),(13542,42,127705,24.6375929125605810,44.3982398215038710,'Bacea','Sud-Vest - Oltenia'),(13543,42,127723,24.7589706981848540,44.2700777413566090,'Nicolae Titulescu','Sud-Vest - Oltenia'),(13544,42,127732,24.7745844250739360,44.2810085725825290,'Ghimpețeni','Sud-Vest - Oltenia'),(13545,42,127741,24.7914816287190650,44.2990312856958820,'Ghimpețenii Noi','Sud-Vest - Oltenia'),(13546,42,127769,24.3314659330612390,43.8876614473971930,'Obârșia','Sud-Vest - Oltenia'),(13547,42,127778,24.2920792799311550,43.9003247038790510,'Câmpu Părului','Sud-Vest - Oltenia'),(13548,42,127787,24.3398377366129960,43.8779378380441330,'Coteni','Sud-Vest - Oltenia'),(13549,42,127796,24.3149587100232230,43.8872288360633580,'Obârșia Nouă','Sud-Vest - Oltenia'),(13550,42,127803,24.3310761548536550,43.9000151525484200,'Tabonu','Sud-Vest - Oltenia'),(13551,42,127821,24.0872399159983250,44.4244815570584280,'Oboga','Sud-Vest - Oltenia'),(13552,42,127830,24.0635952739075520,44.4529703115344430,'Călui','Sud-Vest - Oltenia'),(13553,42,127849,24.0354742967582310,44.4590330585355740,'Gura Căluiu','Sud-Vest - Oltenia'),(13554,42,127867,24.4250912319973920,44.5961697849991340,'Oporelu','Sud-Vest - Oltenia'),(13555,42,127876,24.4153655295606950,44.5628294327439040,'Beria de Jos','Sud-Vest - Oltenia'),(13556,42,127885,24.4224716946256390,44.5722618615607330,'Beria de Sus','Sud-Vest - Oltenia'),(13557,42,127894,24.4334737315170470,44.6160208214474490,'Rădești','Sud-Vest - Oltenia'),(13558,42,127910,24.6518290213127680,44.5794399223328740,'Optași','Sud-Vest - Oltenia'),(13559,42,127929,24.6958492125417950,44.5272967744950990,'Vitănești','Sud-Vest - Oltenia'),(13560,42,127947,24.3771645484565940,43.7533689709239790,'Orlea','Sud-Vest - Oltenia'),(13561,42,127956,24.3161523295793530,43.7570446637098770,'Gura Padinii','Sud-Vest - Oltenia'),(13562,42,127965,24.3583357835457800,43.7552244826362230,'Orlea Nouă','Sud-Vest - Oltenia'),(13563,42,127974,24.3176462437201730,43.7684736541135140,'Satu Nou','Sud-Vest - Oltenia'),(13564,42,127992,24.3269578806898040,44.2571358932898990,'Vlăduleni','Sud-Vest - Oltenia'),(13565,42,128007,24.3523848244984720,44.2812513105636190,'Greci','Sud-Vest - Oltenia'),(13566,42,128016,24.3118122355103170,44.2534263705597720,'Osica de Sus','Sud-Vest - Oltenia'),(13567,42,128025,24.3175007032071130,44.2797581299801730,'Ostrov','Sud-Vest - Oltenia'),(13568,42,128034,24.3509553522668050,44.2724053832601640,'Peretu','Sud-Vest - Oltenia'),(13569,42,128043,24.3641671408137380,44.2921001427743240,'Tomeni','Sud-Vest - Oltenia'),(13570,42,128061,24.5541705715766940,44.4141669107681740,'Perieți','Sud-Vest - Oltenia'),(13571,42,128070,24.5324696527385770,44.4488268275250180,'Bălteni','Sud-Vest - Oltenia'),(13572,42,128089,24.5550445772143250,44.3935790677413070,'Măgura','Sud-Vest - Oltenia'),(13573,42,128098,24.5591148391373650,44.4063026394178240,'Mierleștii de Sus','Sud-Vest - Oltenia'),(13574,42,128114,24.2580265199846320,44.3675522682787290,'Piatra-Olt','Sud-Vest - Oltenia'),(13575,42,128123,24.2288246053053310,44.3991613867126350,'Bistrița Nouă','Sud-Vest - Oltenia'),(13576,42,128132,24.3141514391147520,44.3702481080537790,'Criva de Jos','Sud-Vest - Oltenia'),(13577,42,128141,24.3185355097286510,44.3772675492335790,'Criva de Sus','Sud-Vest - Oltenia'),(13578,42,128150,24.2847989073707640,44.3788312616517690,'Enoșești','Sud-Vest - Oltenia'),(13579,42,128169,24.2955747914082320,44.3605396514577920,'Piatra','Sud-Vest - Oltenia'),(13580,42,128187,24.2321079058317860,44.2916633095123300,'Pîrșcoveni','Sud-Vest - Oltenia'),(13581,42,128196,24.2144143875738360,44.2908391746617480,'Butoi','Sud-Vest - Oltenia'),(13582,42,128203,24.2085693433170160,44.3078347780428960,'Olari','Sud-Vest - Oltenia'),(13583,42,128212,24.2774347495349330,44.2770509994193800,'Șopârlița','Sud-Vest - Oltenia'),(13584,42,128230,24.2666372427959800,44.4663007105165420,'Pleșoiu','Sud-Vest - Oltenia'),(13585,42,128249,24.2342106288830050,44.4664539919819360,'Arcești','Sud-Vest - Oltenia'),(13586,42,128258,24.2694364043380910,44.4576250446201940,'Arcești Cot','Sud-Vest - Oltenia'),(13587,42,128267,24.2127987005439420,44.4846481946485920,'Cocorăști','Sud-Vest - Oltenia'),(13588,42,128276,24.2439735956910100,44.4867876159801200,'Doba','Sud-Vest - Oltenia'),(13589,42,128285,24.2302006379735530,44.5023631729510780,'Schitu din Deal','Sud-Vest - Oltenia'),(13590,42,128294,24.2375914152398270,44.5073993419490250,'Schitu din Vale','Sud-Vest - Oltenia'),(13591,42,128310,24.4951379292837110,44.6606826942258340,'Poboru','Sud-Vest - Oltenia'),(13592,42,128329,24.4606208474761610,44.6892865148436160,'Albești','Sud-Vest - Oltenia'),(13593,42,128338,24.4705298770965920,44.6846085043752690,'Cornățelu','Sud-Vest - Oltenia'),(13594,42,128347,24.5115331398816210,44.6841633696375740,'Creți','Sud-Vest - Oltenia'),(13595,42,128356,24.4510673288385900,44.7120460864687460,'Seaca','Sud-Vest - Oltenia'),(13596,42,128365,24.5317624434210910,44.6693363896053770,'Surpeni','Sud-Vest - Oltenia'),(13597,42,128383,24.6315197024370680,44.4747624819897420,'Potcoava','Sud-Vest - Oltenia'),(13598,42,128392,24.6165043893975730,44.4948357578957430,'Potcoava Fălcoeni','Sud-Vest - Oltenia'),(13599,42,128409,24.6658491862021490,44.4677687413011850,'Sinești','Sud-Vest - Oltenia'),(13600,42,128418,24.6385980428223380,44.4905439029240310,'Trufinești','Sud-Vest - Oltenia'),(13601,42,128427,24.6561109620523630,44.4716903121922090,'Valea Merilor','Sud-Vest - Oltenia'),(13602,42,128445,24.4505616422988900,44.5154424605641950,'Priseaca','Sud-Vest - Oltenia'),(13603,42,128454,24.4310030682969350,44.4936919370765760,'Buicești','Sud-Vest - Oltenia'),(13604,42,128463,24.4320579180632120,44.5270594931683450,'Săltănești','Sud-Vest - Oltenia'),(13605,42,128481,24.6766032282271300,44.1176535002737110,'Radomirești','Sud-Vest - Oltenia'),(13606,42,128490,24.6879623456649570,44.0772692728273510,'Călinești','Sud-Vest - Oltenia'),(13607,42,128506,24.6630867313976590,44.1457460590665460,'Crăciunei','Sud-Vest - Oltenia'),(13608,42,128515,24.6849988349795380,44.1013074035000660,'Poiana','Sud-Vest - Oltenia'),(13609,42,128533,24.2971125494866380,44.0534453571675120,'Redea','Sud-Vest - Oltenia'),(13610,42,128542,24.3468380955578210,44.0424422951097800,'Redișoara','Sud-Vest - Oltenia'),(13611,42,128551,24.2763537582412320,44.0288168562805780,'Valea Soarelui','Sud-Vest - Oltenia'),(13612,42,128579,24.3140222657740280,43.9842721467184460,'Rotunda','Sud-Vest - Oltenia'),(13613,42,128597,24.5964676566372520,43.9367501718236110,'Rusănești','Sud-Vest - Oltenia'),(13614,42,128604,24.5934923280626520,43.9509492615714950,'Jieni','Sud-Vest - Oltenia'),(13615,42,128622,24.5747785162891220,43.9926546408776250,'Scărișoara','Sud-Vest - Oltenia'),(13616,42,128631,24.5787171199616030,43.9719530806377320,'Plăviceni','Sud-Vest - Oltenia'),(13617,42,128640,24.5964907119622250,43.9912409208964380,'Rudari','Sud-Vest - Oltenia'),(13618,42,128668,24.5696275242224580,44.3533352214838030,'Schitu','Sud-Vest - Oltenia'),(13619,42,128677,24.5614458996793100,44.3819855899527480,'Catanele','Sud-Vest - Oltenia'),(13620,42,128686,24.5592293794951930,44.3302468780965740,'Greci','Sud-Vest - Oltenia'),(13621,42,128695,24.5330620640428310,44.3521095282364830,'Lisa','Sud-Vest - Oltenia'),(13622,42,128702,24.5729438152218730,44.3662803632683950,'Moșteni','Sud-Vest - Oltenia'),(13623,42,128720,24.5443779124781650,44.6004405494721110,'Scornicești','Sud-Vest - Oltenia'),(13624,42,128739,24.5831733735247550,44.5102599677358410,'Bălțați','Sud-Vest - Oltenia'),(13625,42,128748,24.6032395819394410,44.5167311946011850,'Bircii','Sud-Vest - Oltenia'),(13626,42,128757,24.5944292307299330,44.5354013128862720,'Chițeasca','Sud-Vest - Oltenia'),(13627,42,128766,24.5016513375531630,44.5944280255152350,'Constantinești','Sud-Vest - Oltenia'),(13628,42,128775,24.5487574667341270,44.5462974880180980,'Jitaru','Sud-Vest - Oltenia'),(13629,42,128784,24.5567515923170950,44.5312095952970000,'Mărgineni Slobozia','Sud-Vest - Oltenia'),(13630,42,128793,24.5448797506951520,44.5321432711779220,'Mihăilești Popești','Sud-Vest - Oltenia'),(13631,42,128800,24.5112639182915650,44.5644737720241650,'Mogoșești','Sud-Vest - Oltenia'),(13632,42,128819,24.5953547485296900,44.5684787410258000,'Negreni','Sud-Vest - Oltenia'),(13633,42,128828,24.5537816240602670,44.5670799516386890,'Piscani','Sud-Vest - Oltenia'),(13634,42,128837,24.5231146313118020,44.6293320275527990,'Rusciori','Sud-Vest - Oltenia'),(13635,42,128846,24.5693592640793850,44.6187002407825520,'Șuica','Sud-Vest - Oltenia'),(13636,42,128855,24.5250164108614510,44.6355949135011160,'Teiuș','Sud-Vest - Oltenia'),(13637,42,128873,24.7614861113027550,44.1515866546588570,'Seaca','Sud-Vest - Oltenia'),(13638,42,128891,24.3997747768400470,44.8061488272498850,'Sâmburești','Sud-Vest - Oltenia'),(13639,42,128908,24.3799720608692920,44.7972940282130520,'Cerbeni','Sud-Vest - Oltenia'),(13640,42,128917,24.4060665087685290,44.8114109972925620,'Ionicești','Sud-Vest - Oltenia'),(13641,42,128926,24.4009009767493870,44.8181336470965380,'Lăunele','Sud-Vest - Oltenia'),(13642,42,128935,24.3876923788588760,44.8117449434159450,'Mănulești','Sud-Vest - Oltenia'),(13643,42,128944,24.4078968691925520,44.8312563374420920,'Stănuleasa','Sud-Vest - Oltenia'),(13644,42,128953,24.4122073348503860,44.8031542124255320,'Tonești','Sud-Vest - Oltenia'),(13645,42,128971,24.5352903817553310,44.7414935200276600,'Alunișu','Sud-Vest - Oltenia'),(13646,42,128980,24.5774530114787740,44.7056508755351560,'Cuza Vodă','Sud-Vest - Oltenia'),(13647,42,128999,24.5764286079035120,44.7127928845695310,'Davidești','Sud-Vest - Oltenia'),(13648,42,129004,24.5099572931093340,44.7387585038379500,'Optășani','Sud-Vest - Oltenia'),(13649,42,129013,24.5787631212568200,44.7420959976663540,'Profa','Sud-Vest - Oltenia'),(13650,42,129022,24.5653257194738830,44.6989359846248320,'Spineni','Sud-Vest - Oltenia'),(13651,42,129031,24.5695553902180350,44.6868114496449490,'Vineți','Sud-Vest - Oltenia'),(13652,42,129059,24.6395829841430040,44.0640303148132800,'Sprâncenata','Sud-Vest - Oltenia'),(13653,42,129068,24.6559973753594300,44.0382266119927620,'Bârseștii de Sus','Sud-Vest - Oltenia'),(13654,42,129077,24.5914721508198400,44.0422850605361230,'Frunzaru','Sud-Vest - Oltenia'),(13655,42,129086,24.5939427607302330,44.0745388469080690,'Uria','Sud-Vest - Oltenia'),(13656,42,129102,24.4971978087991430,44.1167508229423010,'Stoenești','Sud-Vest - Oltenia'),(13657,42,129120,24.6426696771623240,44.1856767103724200,'Stoicănești','Sud-Vest - Oltenia'),(13658,42,129148,24.2700652606007840,44.5252180569636380,'Strejești','Sud-Vest - Oltenia'),(13659,42,129157,24.2751737357668920,44.5061262985668190,'Colibași','Sud-Vest - Oltenia'),(13660,42,129166,24.3084803092946660,44.5340910995722080,'Mamura','Sud-Vest - Oltenia'),(13661,42,129175,24.2277209607158530,44.5438897288070520,'Strejeștii de Sus','Sud-Vest - Oltenia'),(13662,42,129193,24.4160314965030660,43.9587692325150240,'Studina','Sud-Vest - Oltenia'),(13663,42,129200,24.3861593807995440,43.9513472970176550,'Arvăteasca','Sud-Vest - Oltenia'),(13664,42,129219,24.3923754837016450,43.9465304947672020,'Grădinile','Sud-Vest - Oltenia'),(13665,42,129228,24.3982927402561560,43.9513050383530770,'Plăviceanca','Sud-Vest - Oltenia'),(13666,42,129237,24.4266801146640620,43.9769128384927090,'Studinița','Sud-Vest - Oltenia'),(13667,42,129255,24.6927092332563520,44.3301054928723700,'Șerbănești','Sud-Vest - Oltenia'),(13668,42,129264,24.6877079134551960,44.3415032380689810,'Strugurelu','Sud-Vest - Oltenia'),(13669,42,129273,24.6830571424682150,44.3366034461495600,'Șerbăneștii de Sus','Sud-Vest - Oltenia'),(13670,42,129291,24.2233829913158620,43.8105879796454830,'Ștefan cel Mare','Sud-Vest - Oltenia'),(13671,42,129308,24.2127091169876040,43.8216455599869480,'Ianca Nouă','Sud-Vest - Oltenia'),(13672,42,129326,24.6150109061011160,44.6376567760711180,'Tătulești','Sud-Vest - Oltenia'),(13673,42,129335,24.6021200040352280,44.6571415980329500,'Bărbălăi','Sud-Vest - Oltenia'),(13674,42,129344,24.6208043069905890,44.6613368164354010,'Lunca','Sud-Vest - Oltenia'),(13675,42,129353,24.6258629128532010,44.6707224724817140,'Măgura','Sud-Vest - Oltenia'),(13676,42,129362,24.6133918719872150,44.6816241947410970,'Mircești','Sud-Vest - Oltenia'),(13677,42,129371,24.6071195251913010,44.6746727009490880,'Momaiu','Sud-Vest - Oltenia'),(13678,42,129399,24.3541841579274810,44.5111965875613290,'Teslui','Sud-Vest - Oltenia'),(13679,42,129406,24.3375955620703190,44.5220711295722180,'Cherleștii din Deal','Sud-Vest - Oltenia'),(13680,42,129415,24.3375585138392690,44.5362546645939830,'Cherleștii Moșteni','Sud-Vest - Oltenia'),(13681,42,129424,24.3476653084200550,44.5649331077829700,'Comănița','Sud-Vest - Oltenia'),(13682,42,129433,24.4064870379492550,44.5485003363706870,'Corbu','Sud-Vest - Oltenia'),(13683,42,129442,24.3607316711740330,44.5661689108427910,'Deleni','Sud-Vest - Oltenia'),(13684,42,129451,24.3403498300597080,44.5727384317527610,'Schitu Deleni','Sud-Vest - Oltenia'),(13685,42,129479,24.6360868211512450,43.8638752363736870,'Tia Mare','Sud-Vest - Oltenia'),(13686,42,129488,24.6494862344623410,43.8487003979048000,'Doanca','Sud-Vest - Oltenia'),(13687,42,129497,24.6309234104335250,43.8799488519647770,'Potlogeni','Sud-Vest - Oltenia'),(13688,42,129512,24.5017953483065550,44.8250852744889700,'Topana','Sud-Vest - Oltenia'),(13689,42,129521,24.5531509272091850,44.8299978616903300,'Ciorâca','Sud-Vest - Oltenia'),(13690,42,129530,24.5277011446397780,44.8472910785000780,'Cândelești','Sud-Vest - Oltenia'),(13691,42,129549,24.5358536941928700,44.8310441435593960,'Cojgărei','Sud-Vest - Oltenia'),(13692,42,129558,24.5228403332634490,44.8825140291157960,'Ungureni','Sud-Vest - Oltenia'),(13693,42,129576,24.4558582505747210,44.0233688971991060,'Traian','Sud-Vest - Oltenia'),(13694,42,129594,24.7966364451350610,44.3728193991657700,'Tufeni','Sud-Vest - Oltenia'),(13695,42,129601,24.7872423008448020,44.3274080262133980,'Barza','Sud-Vest - Oltenia'),(13696,42,129610,24.7857115623483930,44.3413004978097550,'Stoborăști','Sud-Vest - Oltenia'),(13697,42,129638,24.2909271543471910,43.8566528602524310,'Urzica','Sud-Vest - Oltenia'),(13698,42,129647,24.2590154980661550,43.8644468208246540,'Stăvaru','Sud-Vest - Oltenia'),(13699,42,129665,24.4505785304541940,44.4634508336764540,'Valea Mare','Sud-Vest - Oltenia'),(13700,42,129674,24.4558316890874680,44.4500846858786430,'Bârca','Sud-Vest - Oltenia'),(13701,42,129683,24.4615150400989590,44.4293765767962580,'Recea','Sud-Vest - Oltenia'),(13702,42,129692,24.4777235086947410,44.4467143942843280,'Turia','Sud-Vest - Oltenia'),(13703,42,129709,24.4603610374403470,44.4197953325196340,'Zorleasca','Sud-Vest - Oltenia'),(13704,42,129727,24.4182033148751960,43.8743402229807840,'Vișina Nouă','Sud-Vest - Oltenia'),(13705,42,129736,24.3806947796058400,43.8649690783436060,'Vădastra','Sud-Vest - Oltenia'),(13706,42,129754,24.3401673788893970,43.8453085107177220,'Vădăstrița','Sud-Vest - Oltenia'),(13707,42,129772,24.7859599180572870,44.2366270639407230,'Văleni','Sud-Vest - Oltenia'),(13708,42,129781,24.8098055453238470,44.2138561668814280,'Mandra','Sud-Vest - Oltenia'),(13709,42,129790,24.8058656288209360,44.2208690449396400,'Popești','Sud-Vest - Oltenia'),(13710,42,129807,24.7882821534266820,44.2039182516016210,'Tirișneag','Sud-Vest - Oltenia'),(13711,42,129825,24.3334167708002660,44.6463436484160640,'Verguleasa','Sud-Vest - Oltenia'),(13712,42,129834,24.3614428899733750,44.6190020997963970,'Căzănești','Sud-Vest - Oltenia'),(13713,42,129843,24.3465785523920030,44.6119240968104190,'Cucueți','Sud-Vest - Oltenia'),(13714,42,129852,24.3162810691218180,44.6836987192932260,'Dumitrești','Sud-Vest - Oltenia'),(13715,42,129861,24.3185832196371340,44.6608348914148650,'Poganu','Sud-Vest - Oltenia'),(13716,42,129870,24.3399517836387210,44.6316582514639890,'Valea Fetei','Sud-Vest - Oltenia'),(13717,42,129889,24.3801164019871520,44.6354769811903370,'Vânești','Sud-Vest - Oltenia'),(13718,42,129905,24.4546922607755200,43.8661813693556440,'Vișina','Sud-Vest - Oltenia'),(13719,42,129923,24.3921501793058190,44.8646433444095510,'Vitomirești','Sud-Vest - Oltenia'),(13720,42,129932,24.4157723450932740,44.8873935486598440,'Bulimanu','Sud-Vest - Oltenia'),(13721,42,129941,24.3564754530176270,44.8309303060405850,'Dejești','Sud-Vest - Oltenia'),(13722,42,129950,24.3337600942214430,44.8059679495434080,'Donești','Sud-Vest - Oltenia'),(13723,42,129969,24.4113661998453150,44.8579320987217260,'Stănuleasa','Sud-Vest - Oltenia'),(13724,42,129978,24.3527284396922000,44.8647755566828860,'Trepteni','Sud-Vest - Oltenia'),(13725,42,129996,24.5437559270036520,44.2826311608984820,'Vâlcele','Sud-Vest - Oltenia'),(13726,42,130008,24.5470619862291070,44.3004547676231720,'Bărcănești','Sud-Vest - Oltenia'),(13727,42,130017,24.5582103977769500,44.2846057682908100,'Vâlcelele de Sus','Sud-Vest - Oltenia'),(13728,42,130035,24.4002243597252540,43.9986430407731320,'Vlădila','Sud-Vest - Oltenia'),(13729,42,130044,24.4207455079433590,44.0010906730857560,'Frăsinet Gară','Sud-Vest - Oltenia'),(13730,42,130053,24.4088254138123910,44.0036833391569220,'Vlădila Nouă','Sud-Vest - Oltenia'),(13731,42,130071,24.1434818170751450,44.2765338329965420,'Voineasa','Sud-Vest - Oltenia'),(13732,42,130080,24.1962394066398970,44.2732422540452500,'Blaj','Sud-Vest - Oltenia'),(13733,42,130099,24.1479400270635480,44.2979602079011060,'Mărgăritești','Sud-Vest - Oltenia'),(13734,42,130106,24.1200843885961480,44.3152234768251110,'Racovița','Sud-Vest - Oltenia'),(13735,42,130115,24.1687216891661830,44.2844989873697660,'Rusăneștii de Sus','Sud-Vest - Oltenia'),(13736,42,130133,23.9215516174127030,44.4561461785971730,'Vulpeni','Sud-Vest - Oltenia'),(13737,42,130142,23.9225486707070840,44.4491716727957570,'Cotorbești','Sud-Vest - Oltenia'),(13738,42,130151,23.9704683408963670,44.4407187618326700,'Gropșani','Sud-Vest - Oltenia'),(13739,42,130160,23.9922332303250800,44.4489705757662890,'Mardale','Sud-Vest - Oltenia'),(13740,42,130179,23.9390911807844340,44.4466826570111240,'Pescărești','Sud-Vest - Oltenia'),(13741,42,130188,23.8927121287793940,44.4817776877433670,'Plopșorelu','Sud-Vest - Oltenia'),(13742,42,130197,23.9130992562782080,44.4726160860013100,'Prisaca','Sud-Vest - Oltenia'),(13743,42,130204,23.9008136997923590,44.4775189597250460,'Simniceni','Sud-Vest - Oltenia'),(13744,42,130213,23.9099824068623830,44.4639369046086590,'Tabaci','Sud-Vest - Oltenia'),(13745,42,130222,23.9092557425875040,44.4478377464981310,'Valea Satului','Sud-Vest - Oltenia'),(13746,42,130240,24.3110266839560970,44.7326262947424380,'Vulturești','Sud-Vest - Oltenia'),(13747,42,130259,24.3603272423759520,44.7567209959474750,'Dienci','Sud-Vest - Oltenia'),(13748,42,130268,24.3147138358339240,44.7072149749738510,'Valea lui Alb','Sud-Vest - Oltenia'),(13749,42,130277,24.3480773910723620,44.7231713418737440,'Vlăngărești','Sud-Vest - Oltenia');

--
-- Table structure for table `produse_categorie`
--

CREATE TABLE `produse_categorie` (
  `id` int(11) NOT NULL AUTO_INCREMENT,
  `nume` varchar(255) COLLATE utf8mb4_unicode_ci NOT NULL,
  `level` smallint(6) NOT NULL,
  `text_path` longtext COLLATE utf8mb4_unicode_ci DEFAULT NULL,
  `parent_id` int(11) DEFAULT NULL,
  `addded` datetime(6) DEFAULT NULL,
  `slug` varchar(255) COLLATE utf8mb4_unicode_ci NOT NULL,
  `updated` datetime(6) DEFAULT NULL,
  PRIMARY KEY (`id`),
  UNIQUE KEY `slug` (`slug`),
  KEY `produse_categorie_parent_id_f708e835_fk_produse_categorie_id` (`parent_id`),
  CONSTRAINT `produse_categorie_parent_id_f708e835_fk_produse_categorie_id` FOREIGN KEY (`parent_id`) REFERENCES `produse_categorie` (`id`)
) ENGINE=InnoDB AUTO_INCREMENT=317 DEFAULT CHARSET=utf8mb4 COLLATE=utf8mb4_unicode_ci;

--
-- Dumping data for table `produse_categorie`
--

INSERT INTO `produse_categorie` VALUES (87,'Consumabile Medicale',0,NULL,NULL,'2020-12-30 13:06:27.799165','consumabile-medicale','2021-10-18 11:45:38.600981'),(88,'Protectie',0,NULL,87,'2020-12-30 13:06:41.423120','protectie','2021-01-22 09:01:40.064200'),(104,'Dezinfectie si sterilizare',0,NULL,87,'2021-01-06 14:44:21.767437','dezinfectie-si-sterilizare','2021-01-22 08:51:22.712775'),(106,'Aparatura medicala',0,NULL,NULL,'2021-01-06 14:44:58.136349','aparatura-medicala','2021-01-26 06:57:09.202610'),(108,'Lumina scaun',0,NULL,106,'2021-01-06 14:45:07.262064','lumina-scaun','2021-01-22 16:37:54.529865'),(118,'Endodontie',0,NULL,87,'2021-01-18 13:49:42.236678','endodontie','2021-01-18 13:49:42.236738'),(120,'Protetica',0,NULL,87,'2021-01-18 14:03:21.897462','protetica','2021-01-22 15:30:31.075735'),(121,'Chirurgie',0,NULL,87,'2021-01-19 13:49:55.213199','chirurgie','2021-01-19 13:49:55.213253'),(122,'Manusi',0,NULL,88,'2021-01-22 09:00:27.196518','manusi','2021-01-22 09:00:27.196581'),(124,'Camp steril',0,NULL,88,'2021-01-22 09:00:49.144763','camp-steril','2021-01-22 09:00:49.144806'),(125,'Halat chirugical',0,NULL,88,'2021-01-22 09:01:22.407847','halat-chirugical','2021-01-22 09:01:22.407889'),(126,'Nitril',0,NULL,122,'2021-01-22 09:10:39.242016','nitril','2021-01-22 09:10:39.242092'),(127,'Latex Nepudrate',0,NULL,122,'2021-01-22 09:10:51.080932','latex-nepudrate','2021-06-14 11:19:19.106258'),(128,'Latex Pudrate',0,NULL,122,'2021-01-22 09:10:54.330070','latex-pudrate','2021-06-14 11:18:59.089409'),(130,'Instrumentar',0,NULL,87,'2021-01-22 11:50:25.811591','instrumentar','2021-01-22 11:50:25.811641'),(134,'Masti',0,NULL,88,'2021-01-22 12:39:34.588231','masti','2021-01-22 12:39:34.588287'),(135,'Restaurare coronara',0,NULL,87,'2021-02-04 12:51:06.814037','restaurare-coronara','2021-11-10 13:45:43.835251'),(136,'Profilaxie',0,NULL,87,'2021-02-08 10:44:41.300960','profilaxie','2021-02-08 10:44:41.300996'),(138,'Compozit Fotopolimerizabil',0,NULL,135,'2021-03-11 13:49:10.599914','compozit-fotopolimerizabil','2021-03-11 13:53:29.280888'),(139,'Ciment Definitiv',0,NULL,120,'2021-03-11 13:54:36.366998','ciment-definitiv','2021-03-11 13:54:36.367042'),(140,'Ciment Provizoriu',0,NULL,120,'2021-03-11 13:55:50.048899','ciment-provizoriu','2021-03-11 13:55:50.048934'),(157,'test',0,NULL,NULL,'2021-03-31 12:57:00.942500','test','2021-03-31 12:57:00.942544'),(158,'1',0,NULL,157,'2021-03-31 12:57:02.395486','1','2021-03-31 12:57:02.395541'),(159,'2',0,NULL,157,'2021-03-31 12:57:04.086196','2','2021-03-31 12:57:04.086274'),(160,'3',0,NULL,157,'2021-03-31 12:57:06.072830','3','2021-03-31 12:57:06.072881'),(161,'11',0,NULL,158,'2021-03-31 12:57:11.078698','11','2021-03-31 12:57:11.078735'),(162,'aa',0,NULL,158,'2021-03-31 12:57:13.941320','aa','2021-03-31 12:57:13.941369'),(163,'22',0,NULL,159,'2021-03-31 12:57:18.965586','22','2021-03-31 12:57:18.965622'),(164,'bb',0,NULL,159,'2021-03-31 12:57:21.022709','bb','2021-03-31 12:57:21.022752'),(165,'33',0,NULL,160,'2021-03-31 12:57:25.592088','33','2021-03-31 12:57:25.592142'),(200,'Sigilare, desensibilizare si fluorizare',0,NULL,135,'2021-04-08 12:35:23.623662','sigilare-desensibilizare-si-fluorizare','2021-04-08 12:35:23.623722'),(202,'Diverse',0,NULL,NULL,'2021-06-17 11:06:17.674249','diverse','2021-06-17 11:06:17.674284'),(203,'Echipamente',0,NULL,NULL,'2021-06-24 09:01:31.751437','echipamente','2021-06-24 09:01:31.751474'),(204,'Accesorii restaurare coroana',0,NULL,135,'2021-10-13 12:54:08.868508','accesorii-restaurare-coroana','2021-10-13 12:54:08.868547'),(210,'Restaurare Protetica',0,NULL,120,'2021-10-18 07:24:17.940770','restaurare-protetica','2021-10-18 07:24:17.940871'),(214,'Anestezie',0,NULL,87,'2021-10-18 07:33:08.983270','anestezie','2021-10-18 07:33:08.983313'),(216,'Ace',0,NULL,214,'2021-10-18 07:42:39.188924','ace','2021-10-18 07:42:39.188967'),(217,'Lungi',0,NULL,216,'2021-10-18 07:42:45.995946','lungi','2021-10-18 07:42:45.995989'),(218,'Scurte',0,NULL,216,'2021-10-18 07:42:51.341715','scurte','2021-10-18 07:42:51.341761'),(219,'Accesorii Endodontie',0,NULL,118,'2021-10-18 07:47:47.778338','accesorii-endodontie','2021-10-18 10:58:06.923564'),(221,'Instrumentar rotativ',0,NULL,118,'2021-10-18 08:10:36.728860','instrumentar-rotativ','2021-10-18 08:12:17.685723'),(271,'Tratament canal',0,NULL,118,'2021-10-18 09:42:23.953381','tratament-canal','2021-10-25 08:53:37.294802'),(272,'Obturare canal radicular',0,NULL,118,'2021-10-18 09:51:10.253905','obturare-canal-radicular','2021-10-19 12:41:16.718168'),(273,'Obturatii provizorii',0,NULL,135,'2021-10-18 09:53:16.499174','obturatii-provizorii','2021-10-18 09:53:16.499210'),(274,'Material de amprenta',0,NULL,120,'2021-10-18 09:56:15.421302','material-de-amprenta','2021-10-18 09:56:15.421337'),(275,'Echipamante profilaxie',0,NULL,203,'2021-10-18 10:40:05.349819','echipamante-profilaxie','2021-10-18 10:40:05.349855'),(276,'Anse, Accesorii profilaxie',0,NULL,275,'2021-10-18 10:41:24.322017','anse-accesorii-profilaxie','2021-10-18 10:41:24.322052'),(277,'Aparate profilaxie',0,NULL,275,'2021-10-18 10:41:43.532429','aparate-profilaxie','2021-10-18 10:41:43.532463'),(278,'Aparate detartraj',0,NULL,275,'2021-10-18 10:42:22.980070','aparate-detartraj','2021-10-18 10:42:22.980103'),(279,'Ingrijire Orala',0,NULL,87,'2021-10-18 10:50:09.874248','ingrijire-orala','2021-10-18 10:50:09.874300'),(280,'Accesorii Chirurgie',0,NULL,121,'2021-10-18 10:54:14.812452','accesorii-chirurgie','2021-10-18 10:57:35.854879'),(281,'Anestezic',0,NULL,214,'2021-10-18 11:46:34.664953','anestezic','2021-10-18 11:46:34.664992'),(282,'Instrumentar manul',0,NULL,118,'2021-10-19 09:19:15.817985','instrumentar-manul','2021-10-19 09:19:15.818024'),(283,'Finisare si lustruire',0,NULL,135,'2021-10-19 10:36:25.875946','finisare-si-lustruire','2021-10-19 10:36:25.875985'),(284,'Sisteme diga',0,NULL,88,'2021-10-19 10:43:08.383659','sisteme-diga','2021-10-19 10:43:08.383714'),(285,'Protectie pacient',0,NULL,88,'2021-10-19 10:56:13.139166','protectie-pacient','2021-10-19 10:56:13.139202'),(286,'Echipamente endodontice',0,NULL,203,'2021-10-25 06:55:24.705167','echipamente-endodontice','2021-10-25 06:55:24.705204'),(287,'Glasionomer (ciment ionomer de sticla)',0,NULL,135,'2021-10-25 07:21:22.059062','glasionomer-ciment-ionomer-de-sticla','2021-10-25 07:21:22.059098'),(288,'Sisteme adezive',0,NULL,135,'2021-10-25 07:31:15.079062','sisteme-adezive','2021-10-25 07:32:40.617907'),(289,'Inregistrarea ocluziei',0,NULL,120,'2021-10-25 09:09:48.219837','inregistrarea-ocluziei','2021-10-25 09:09:48.219872'),(290,'Obturatii de baza',0,NULL,135,'2021-10-25 09:19:32.536028','obturatii-de-baza','2021-10-25 09:19:32.536067'),(291,'Accesorii',0,NULL,120,'2021-11-10 13:29:00.426209','accesorii','2021-11-10 13:29:00.426249'),(299,'Implantologie',0,NULL,87,'2022-01-25 07:44:52.326708','implantologie','2022-01-25 07:44:52.326749'),(300,'Implant',0,NULL,299,'2022-01-25 07:45:07.549263','implant','2022-01-25 07:45:07.549311'),(302,'Straumann BLX',0,NULL,300,'2022-01-25 08:44:15.143411','straumann-blx','2022-01-25 08:44:15.143456'),(303,'Straumann NeoDent',0,NULL,300,'2022-01-25 08:44:29.465465','straumann-neodent','2022-01-25 08:44:29.465501'),(304,'Camere intraorale',0,NULL,203,'2022-02-14 09:47:27.680030','camere-intraorale','2022-02-14 09:47:27.680070'),(305,'Echipamente chirurgie',0,NULL,203,'2022-02-14 10:33:36.371492','echipamente-chirurgie','2022-02-14 10:33:36.371528'),(306,'Freze',0,NULL,130,'2022-03-14 08:11:04.500610','freze','2022-03-14 08:11:04.500649'),(307,'Polipant',0,NULL,130,'2022-03-14 08:11:14.061688','polipant','2022-03-14 08:11:14.061737'),(309,'Capa vindecare',0,NULL,299,'2022-03-17 08:16:28.003495','capa-vindecare','2022-03-17 08:16:28.003530'),(310,'Straumann_BLX',0,NULL,309,'2022-03-17 08:16:53.052556','straumann_blx','2022-03-17 08:16:53.052600'),(311,'Straumann_Neodent',0,NULL,309,'2022-03-17 08:17:00.086904','straumann_neodent','2022-03-17 08:17:00.086947'),(312,'Anyridge',0,NULL,300,'2022-03-17 08:19:59.817259','anyridge','2022-03-17 08:20:06.338264'),(313,'Anyridge_',0,NULL,309,'2022-03-17 08:27:37.361019','anyridge_','2022-03-17 08:27:37.361057'),(314,'Sistem protetic',0,NULL,299,'2022-03-17 10:12:06.771092','sistem-protetic','2022-03-17 10:12:06.771135'),(315,'Straumann.Neodent',0,NULL,314,'2022-03-17 10:48:10.150522','straumannneodent','2022-03-17 10:48:10.150562'),(316,'Straumann.BLX',0,NULL,314,'2022-03-17 10:48:16.817120','straumannblx','2022-03-17 10:48:16.817162');

--
-- Table structure for table `produse_categoryclosure`
--

CREATE TABLE `produse_categoryclosure` (
  `id` int(11) NOT NULL AUTO_INCREMENT,
  `depth` smallint(6) NOT NULL,
  `child_id` int(11) NOT NULL,
  `parent_id` int(11) NOT NULL,
  PRIMARY KEY (`id`),
  UNIQUE KEY `produse_categoryclosure_parent_id_child_id_5792bd07_uniq` (`parent_id`,`child_id`),
  KEY `produse_categoryclos_child_id_91169ae5_fk_produse_c` (`child_id`),
  CONSTRAINT `produse_categoryclos_child_id_91169ae5_fk_produse_c` FOREIGN KEY (`child_id`) REFERENCES `produse_categorie` (`id`),
  CONSTRAINT `produse_categoryclos_parent_id_cccf5341_fk_produse_c` FOREIGN KEY (`parent_id`) REFERENCES `produse_categorie` (`id`)
) ENGINE=InnoDB AUTO_INCREMENT=895 DEFAULT CHARSET=utf8mb4 COLLATE=utf8mb4_unicode_ci;

--
-- Dumping data for table `produse_categoryclosure`
--

INSERT INTO `produse_categoryclosure` VALUES (193,0,87,87),(194,0,88,88),(195,1,88,87),(218,0,104,104),(219,1,104,87),(222,0,106,106),(225,0,108,108),(226,1,108,106),(249,0,118,118),(250,1,118,87),(253,0,120,120),(254,1,120,87),(255,0,121,121),(256,1,121,87),(257,0,122,122),(258,1,122,88),(259,2,122,87),(263,0,124,124),(264,1,124,88),(265,2,124,87),(266,0,125,125),(267,1,125,88),(268,2,125,87),(269,0,126,126),(270,1,126,122),(271,2,126,88),(272,3,126,87),(273,0,127,127),(274,1,127,122),(275,2,127,88),(276,3,127,87),(277,0,128,128),(278,1,128,122),(279,2,128,88),(280,3,128,87),(285,0,130,130),(286,1,130,87),(298,0,134,134),(299,1,134,88),(300,2,134,87),(301,0,135,135),(302,1,135,87),(303,0,136,136),(304,1,136,87),(306,0,138,138),(307,1,138,135),(308,2,138,87),(309,0,139,139),(310,1,139,120),(311,2,139,87),(312,0,140,140),(313,1,140,120),(314,2,140,87),(342,0,157,157),(343,0,158,158),(344,1,158,157),(345,0,159,159),(346,1,159,157),(347,0,160,160),(348,1,160,157),(349,0,161,161),(350,1,161,158),(351,2,161,157),(352,0,162,162),(353,1,162,158),(354,2,162,157),(355,0,163,163),(356,1,163,159),(357,2,163,157),(358,0,164,164),(359,1,164,159),(360,2,164,157),(361,0,165,165),(362,1,165,160),(363,2,165,157),(446,0,200,200),(447,1,200,135),(448,2,200,87),(452,0,202,202),(453,0,203,203),(454,0,204,204),(455,1,204,135),(456,2,204,87),(477,0,210,210),(478,1,210,120),(479,2,210,87),(492,0,214,214),(493,1,214,87),(497,0,216,216),(498,1,216,214),(499,2,216,87),(500,0,217,217),(501,1,217,216),(502,2,217,214),(503,3,217,87),(504,0,218,218),(505,1,218,216),(506,2,218,214),(507,3,218,87),(508,0,219,219),(509,1,219,118),(510,2,219,87),(514,0,221,221),(515,1,221,118),(516,2,221,87),(749,0,271,271),(750,1,271,118),(751,2,271,87),(752,0,272,272),(753,1,272,118),(754,2,272,87),(755,0,273,273),(756,1,273,135),(757,2,273,87),(758,0,274,274),(759,1,274,120),(760,2,274,87),(761,0,275,275),(762,1,275,203),(763,0,276,276),(764,1,276,275),(765,2,276,203),(766,0,277,277),(767,1,277,275),(768,2,277,203),(769,0,278,278),(770,1,278,275),(771,2,278,203),(772,0,279,279),(773,1,279,87),(774,0,280,280),(775,1,280,121),(776,2,280,87),(777,0,281,281),(778,1,281,214),(779,2,281,87),(780,0,282,282),(781,1,282,118),(782,2,282,87),(783,0,283,283),(784,1,283,135),(785,2,283,87),(786,0,284,284),(787,1,284,88),(788,2,284,87),(789,0,285,285),(790,1,285,88),(791,2,285,87),(792,0,286,286),(793,1,286,203),(794,0,287,287),(795,1,287,135),(796,2,287,87),(797,0,288,288),(798,1,288,135),(799,2,288,87),(800,0,289,289),(801,1,289,120),(802,2,289,87),(803,0,290,290),(804,1,290,135),(805,2,290,87),(806,0,291,291),(807,1,291,120),(808,2,291,87),(836,0,299,299),(837,1,299,87),(838,0,300,300),(839,1,300,299),(840,2,300,87),(844,0,302,302),(845,1,302,300),(846,2,302,299),(847,3,302,87),(848,0,303,303),(849,1,303,300),(850,2,303,299),(851,3,303,87),(852,0,304,304),(853,1,304,203),(854,0,305,305),(855,1,305,203),(856,0,306,306),(857,1,306,130),(858,2,306,87),(859,0,307,307),(860,1,307,130),(861,2,307,87),(865,0,309,309),(866,1,309,299),(867,2,309,87),(868,0,310,310),(869,1,310,309),(870,2,310,299),(871,3,310,87),(872,0,311,311),(873,1,311,309),(874,2,311,299),(875,3,311,87),(876,0,312,312),(877,1,312,300),(878,2,312,299),(879,3,312,87),(880,0,313,313),(881,1,313,309),(882,2,313,299),(883,3,313,87),(884,0,314,314),(885,1,314,299),(886,2,314,87),(887,0,315,315),(888,1,315,314),(889,2,315,299),(890,3,315,87),(891,0,316,316),(892,1,316,314),(893,2,316,299),(894,3,316,87);

--
-- Table structure for table `produse_filtru`
--

CREATE TABLE `produse_filtru` (
  `id` int(11) NOT NULL AUTO_INCREMENT,
  `nume` varchar(255) COLLATE utf8mb4_unicode_ci NOT NULL,
  PRIMARY KEY (`id`),
  UNIQUE KEY `produse_filtru_nume_77c196e7_uniq` (`nume`)
) ENGINE=InnoDB AUTO_INCREMENT=43 DEFAULT CHARSET=utf8mb4 COLLATE=utf8mb4_unicode_ci;

--
-- Dumping data for table `produse_filtru`
--

INSERT INTO `produse_filtru` VALUES (31,'Cantitate'),(8,'Culoare'),(34,'Dimensiuni - Grosime'),(33,'Dimensiuni - Lungime'),(18,'Gramaj [gr/KG]'),(30,'Gramaj [ml/L]'),(38,'Instrumentar'),(41,'Instrumentar Manual'),(17,'Marime'),(9,'Producator/Brand'),(40,'Tip Material');

--
-- Table structure for table `produse_produs`
--

CREATE TABLE `produse_produs` (
  `id` int(11) NOT NULL AUTO_INCREMENT,
  `nume` varchar(255) COLLATE utf8mb4_unicode_ci NOT NULL,
  `descriere` longtext COLLATE utf8mb4_unicode_ci DEFAULT NULL,
  `categorie_id` int(11) DEFAULT NULL,
  `addded` datetime(6) DEFAULT NULL,
  `updated` datetime(6) DEFAULT NULL,
  `pret` double DEFAULT NULL,
  `um_stoc_id` int(11) DEFAULT NULL,
  `locked` tinyint(1) NOT NULL,
  `locked_reason` varchar(50) COLLATE utf8mb4_unicode_ci DEFAULT NULL,
  `sterilizare` tinyint(1) NOT NULL,
  `locked_reason_text` longtext COLLATE utf8mb4_unicode_ci DEFAULT NULL,
  `stoc_worthy` tinyint(1) NOT NULL,
  `scope_int` smallint(6) DEFAULT NULL,
  PRIMARY KEY (`id`),
  KEY `produse_produs_categorie_id_4df2b0cd_fk_produse_categorie_id` (`categorie_id`),
  KEY `produse_produs_um_stoc_id_41596ef5_fk_produse_unitatemasura_id` (`um_stoc_id`),
  CONSTRAINT `produse_produs_categorie_id_4df2b0cd_fk_produse_categorie_id` FOREIGN KEY (`categorie_id`) REFERENCES `produse_categorie` (`id`),
  CONSTRAINT `produse_produs_um_stoc_id_41596ef5_fk_produse_unitatemasura_id` FOREIGN KEY (`um_stoc_id`) REFERENCES `produse_unitatemasura` (`id`)
) ENGINE=InnoDB AUTO_INCREMENT=1308 DEFAULT CHARSET=utf8mb4 COLLATE=utf8mb4_unicode_ci;

--
-- Dumping data for table `produse_produs`
--

INSERT INTO `produse_produs` VALUES (20,'Ace Kendo 06',NULL,282,'2021-01-18 13:55:18.884906','2021-10-19 09:26:56.905051',NULL,34,0,NULL,0,NULL,1,NULL),(21,'Ace Protaper Rotativ Next X4',NULL,221,'2021-01-18 13:58:49.727180','2022-01-10 07:37:12.659993',NULL,18,0,NULL,1,NULL,1,NULL),(22,'Ace Protaper Rotativ Next X1',NULL,221,'2021-01-18 14:00:14.250211','2022-01-10 07:36:12.824405',NULL,18,0,NULL,1,NULL,1,NULL),(23,'Acrytemp A2',NULL,210,'2021-01-18 14:08:00.544936','2021-10-19 09:30:27.776440',NULL,8,0,NULL,0,NULL,1,NULL),(24,'Ace Kendo 06',NULL,282,'2021-01-19 08:02:55.692521','2021-10-19 09:27:02.722131',NULL,34,0,NULL,0,NULL,1,NULL),(25,'Ace Kendo 08',NULL,282,'2021-01-19 08:05:38.664587','2021-10-19 09:27:10.721068',NULL,34,0,NULL,0,NULL,1,NULL),(26,'Ace Kendo 08',NULL,282,'2021-01-19 08:06:21.308476','2021-10-19 09:27:16.233913',NULL,34,0,NULL,0,NULL,1,NULL),(27,'Ace Kendo 010',NULL,282,'2021-01-19 08:07:18.680234','2021-10-19 09:22:41.060453',NULL,34,0,NULL,0,NULL,1,NULL),(28,'Ace Kendo 010',NULL,282,'2021-01-19 08:10:34.266136','2021-10-19 09:26:01.140657',NULL,34,0,NULL,0,NULL,1,NULL),(29,'Ace Kendo 015',NULL,282,'2021-01-19 08:16:22.416767','2021-10-19 09:26:09.092319',NULL,34,0,NULL,0,NULL,1,NULL),(30,'Ace Kendo 015',NULL,282,'2021-01-19 08:22:48.760763','2021-10-19 09:26:15.298002',NULL,34,0,NULL,0,NULL,1,NULL),(31,'Ace Kendo 020',NULL,282,'2021-01-19 08:25:42.450457','2021-10-19 09:26:22.172532',NULL,34,0,NULL,0,NULL,1,NULL),(32,'Ace Kendo 020',NULL,282,'2021-01-19 08:26:37.161254','2021-10-19 09:26:31.626138',NULL,34,0,NULL,0,NULL,1,NULL),(33,'Ace Kendo 025',NULL,282,'2021-01-19 08:27:42.523737','2021-10-19 09:26:43.542040',NULL,34,0,NULL,0,NULL,1,NULL),(34,'Ace Kendo 025',NULL,282,'2021-01-19 08:28:24.638564','2021-10-19 09:26:50.148535',NULL,34,0,NULL,0,NULL,1,NULL),(35,'Ace Protaper Rotativ Gold F1',NULL,221,'2021-01-19 09:00:08.563330','2022-01-10 07:34:01.660643',NULL,18,0,NULL,1,NULL,1,NULL),(36,'Ace Protaper Rotativ Gold F1',NULL,221,'2021-01-19 09:01:26.283776','2022-01-10 07:34:10.546467',NULL,18,0,NULL,1,NULL,1,NULL),(37,'Ace Protaper Rotativ Gold F2',NULL,221,'2021-01-19 09:16:06.844971','2022-01-10 07:34:23.228772',NULL,18,0,NULL,1,NULL,1,NULL),(38,'Ace Protaper Rotativ Gold F2',NULL,221,'2021-01-19 09:16:48.610552','2022-01-10 07:34:32.947946',NULL,18,0,NULL,1,NULL,1,NULL),(39,'Ace Protaper Rotativ Gold F3',NULL,221,'2021-01-19 09:18:25.679118','2022-01-10 07:34:46.247210',NULL,18,0,NULL,0,NULL,1,NULL),(40,'Ace Protaper Rotativ Gold F3',NULL,221,'2021-01-19 09:19:01.387982','2022-01-10 07:34:54.643167',NULL,18,0,NULL,0,NULL,1,NULL),(41,'Ace Protaper Rotativ Gold F4',NULL,221,'2021-01-19 09:20:02.157260','2022-01-10 07:39:17.566488',NULL,18,0,NULL,0,NULL,1,NULL),(42,'Ace Protaper Rotativ Gold F4',NULL,221,'2021-01-19 09:20:55.571567','2022-01-10 07:39:31.237724',NULL,18,0,NULL,0,NULL,1,NULL),(43,'Ace Protaper Rotativ Gold S1',NULL,221,'2021-01-19 10:17:00.993850','2022-01-10 07:35:04.050305',NULL,18,0,NULL,0,NULL,1,NULL),(44,'Ace Protaper Rotativ Gold S1',NULL,221,'2021-01-19 10:17:45.078527','2022-01-10 07:35:12.359806',NULL,18,0,NULL,0,NULL,1,NULL),(45,'Ace Protaper Rotativ Gold S2',NULL,221,'2021-01-19 10:18:33.788734','2022-01-10 07:35:20.847947',NULL,18,0,NULL,0,NULL,1,NULL),(46,'Ace Protaper Rotativ Gold S2',NULL,221,'2021-01-19 10:19:38.438635','2022-01-10 07:35:30.302045',NULL,18,0,NULL,0,NULL,1,NULL),(47,'Ace Protaper Rotativ Gold Sx',NULL,221,'2021-01-19 11:03:21.448264','2022-01-10 07:35:41.031485',NULL,18,0,NULL,0,NULL,1,NULL),(48,'Access Crown A1',NULL,210,'2021-01-19 11:08:44.441200','2021-10-19 08:44:45.950320',NULL,19,0,NULL,0,NULL,1,NULL),(49,'Access Crown A2',NULL,210,'2021-01-19 11:09:09.392268','2021-10-19 08:44:55.612708',NULL,19,0,NULL,0,NULL,1,NULL),(50,'Access Crown A3',NULL,210,'2021-01-19 11:09:32.070581','2021-10-19 08:45:05.146121',NULL,19,0,NULL,0,NULL,1,NULL),(51,'Ace atraumatice',NULL,217,'2021-01-20 11:11:42.774325','2021-10-18 07:45:13.366528',NULL,34,0,NULL,0,NULL,1,NULL),(52,'Ace atraumatice',NULL,218,'2021-01-20 11:12:27.899416','2021-10-18 07:45:25.831066',NULL,34,0,NULL,0,NULL,1,NULL),(53,'Artidental forte',NULL,214,'2021-01-20 11:22:55.520134','2021-10-18 07:36:45.272061',NULL,34,0,NULL,0,NULL,1,NULL),(54,'Ace atraumatice',NULL,218,'2021-01-22 08:44:24.510519','2021-10-18 07:45:57.684643',NULL,34,0,NULL,0,NULL,1,NULL),(57,'Manusi',NULL,126,'2021-01-22 09:14:39.275986','2022-01-12 08:49:36.530801',NULL,34,0,NULL,0,NULL,1,NULL),(58,'Manusi',NULL,128,'2021-01-22 09:16:37.645977','2021-10-13 11:20:08.527800',NULL,34,0,NULL,0,NULL,1,NULL),(59,'Manusi',NULL,128,'2021-01-22 09:17:50.669395','2021-10-13 11:20:22.683430',NULL,34,0,NULL,0,NULL,1,NULL),(60,'Manusi',NULL,128,'2021-01-22 09:18:13.832702','2021-10-13 11:25:30.309141',NULL,34,0,NULL,0,NULL,1,NULL),(61,'Manusi',NULL,126,'2021-01-22 09:19:19.283896','2022-01-12 08:50:09.150089',NULL,34,0,NULL,0,NULL,1,NULL),(62,'Manusi',NULL,126,'2021-01-22 09:20:06.875528','2022-01-12 08:50:13.629077',NULL,34,0,NULL,0,NULL,1,NULL),(63,'Isorapid',NULL,104,'2021-01-22 09:27:05.577976','2021-10-25 09:45:26.829049',NULL,32,0,'suspended',0,'Produsul nu se mai fabrica',1,NULL),(64,'Hydrol',NULL,271,'2021-01-22 09:32:27.013103','2021-10-25 09:13:10.876943',NULL,29,0,NULL,0,NULL,1,NULL),(65,'Chloraxid 5.25%',NULL,271,'2021-01-22 09:39:25.770536','2022-01-12 08:44:06.084938',NULL,29,0,NULL,0,NULL,1,NULL),(66,'Chloraxid 2%',NULL,271,'2021-01-22 09:42:43.991261','2022-01-12 08:43:33.952132',NULL,29,0,NULL,0,NULL,1,NULL),(67,'Chloraxid 2%',NULL,271,'2021-01-22 11:18:49.477504','2022-01-12 08:43:59.536027',NULL,29,0,NULL,0,NULL,1,NULL),(68,'Chloraxid 5.25%',NULL,271,'2021-01-22 11:49:35.527151','2022-01-12 08:44:12.185125',NULL,29,0,NULL,0,NULL,1,NULL),(69,'Implant dentar AnyRidge 3.5/L=10',NULL,312,'2021-01-22 11:57:15.474342','2022-03-17 08:20:37.702545',NULL,8,0,NULL,0,NULL,1,1),(70,'Gradia Flo A2',NULL,138,'2021-01-22 12:03:59.630082','2021-10-25 09:03:19.295830',NULL,31,0,'suspended',0,NULL,1,NULL),(71,'Gradia Flo A3',NULL,138,'2021-01-22 12:07:43.633875','2021-10-25 09:03:28.667237',NULL,31,0,NULL,0,NULL,1,NULL),(72,'Gradia LoFlo A2',NULL,138,'2021-01-22 12:08:00.308911','2021-10-25 09:03:37.118153',NULL,31,0,NULL,0,NULL,1,NULL),(73,'Gradia LoFlo A3',NULL,138,'2021-01-22 12:08:23.388316','2021-10-25 09:03:45.178649',NULL,31,0,NULL,0,NULL,1,NULL),(74,'Isorapid',NULL,104,'2021-01-22 12:10:20.387569','2021-10-25 09:54:48.599107',NULL,32,0,NULL,0,NULL,1,NULL),(75,'Indurent Gel',NULL,274,'2021-01-22 12:37:14.171691','2021-10-25 09:17:57.627095',NULL,33,0,NULL,0,NULL,1,NULL),(76,'Oranwash L',NULL,274,'2021-01-22 12:38:28.586178','2021-11-10 13:18:53.720763',NULL,33,0,NULL,0,NULL,1,NULL),(78,'Oclufast Rock',NULL,274,'2021-01-25 13:21:20.152395','2021-11-10 13:55:02.122771',NULL,19,0,NULL,0,NULL,1,NULL),(79,'Optibond FL',NULL,288,'2021-01-25 13:58:03.152927','2021-11-10 13:15:45.837216',NULL,35,0,NULL,0,NULL,1,NULL),(81,'test luigi - nu sterge',NULL,108,'2021-01-26 06:50:13.805527','2022-02-28 15:56:51.829382',NULL,21,1,'suspended',0,'Produsul nu se mai fabrica',1,1),(82,'Orolin Perasept',NULL,104,'2021-01-26 13:36:43.108106','2021-11-10 13:25:39.605310',NULL,34,0,NULL,0,NULL,1,NULL),(83,'Orolin Multisept Plus',NULL,104,'2021-01-26 13:37:44.695289','2021-11-10 13:25:17.330291',NULL,32,0,NULL,0,NULL,1,NULL),(84,'Masti protectie',NULL,88,'2021-02-04 12:43:06.095354','2021-10-13 10:35:19.280498',NULL,34,0,NULL,0,NULL,1,NULL),(85,'Mepivastesin',NULL,281,'2021-02-04 12:44:01.605794','2021-10-25 12:00:22.739627',NULL,34,0,NULL,0,NULL,1,NULL),(86,'Artidental normal',NULL,214,'2021-02-04 12:45:18.128705','2021-10-18 07:36:56.344829',NULL,34,0,NULL,0,NULL,1,NULL),(87,'Ubistesin forte',NULL,281,'2021-02-04 12:46:42.304402','2021-10-18 11:48:14.971040',NULL,34,0,'suspended',0,NULL,1,NULL),(88,'Ubistesin normal',NULL,214,'2021-02-04 12:47:10.281140','2021-10-18 07:36:21.276462',NULL,34,0,'suspended',0,NULL,1,NULL),(89,'G-Premio Bond',NULL,288,'2021-02-04 12:49:48.702578','2021-10-25 07:32:27.211067',NULL,29,0,NULL,0,NULL,1,NULL),(90,'Equia Coat',NULL,283,'2021-02-04 12:52:35.380971','2021-10-25 07:02:44.394688',NULL,29,0,NULL,0,NULL,1,NULL),(91,'Fuji IX A3 1:1',NULL,287,'2021-02-04 12:54:41.321287','2021-10-25 08:42:09.000931',NULL,35,0,NULL,0,NULL,1,NULL),(92,'Fuji I 1:1',NULL,139,'2021-02-04 12:55:47.088532','2021-10-25 08:40:11.326006',NULL,35,0,NULL,0,NULL,1,NULL),(93,'Endo Prep Cream',NULL,271,'2021-02-04 13:10:35.644384','2021-10-25 06:53:12.676112',NULL,31,0,NULL,0,NULL,1,NULL),(94,'Eugenol',NULL,271,'2021-02-04 13:12:07.862906','2021-10-25 07:03:20.941263',NULL,29,0,NULL,0,NULL,1,NULL),(95,'Eugenol',NULL,271,'2021-02-04 13:12:40.285911','2021-10-25 07:03:35.239213',NULL,29,0,NULL,0,NULL,1,NULL),(96,'Diga lichida Rubber-Dam',NULL,284,'2021-02-04 13:14:48.706808','2021-10-25 06:50:09.994491',NULL,31,0,NULL,0,NULL,1,NULL),(97,'Diga lichida Fine Dam',NULL,284,'2021-02-04 13:16:50.503891','2021-10-25 06:49:53.238485',NULL,31,0,NULL,0,NULL,1,NULL),(98,'Demineralizant Blue Etch',NULL,135,'2021-02-04 13:18:13.872935','2021-10-13 09:22:14.933962',NULL,31,0,NULL,0,NULL,1,NULL),(99,'Demineralizant Blue Etch',NULL,135,'2021-02-04 13:18:47.644209','2021-10-19 12:48:49.657728',NULL,31,0,NULL,0,NULL,1,NULL),(100,'Citodur albastru',NULL,273,'2021-02-04 13:34:57.219742','2021-10-19 10:52:27.637000',NULL,34,0,'suspended',0,NULL,1,NULL),(101,'Citodur rosu',NULL,273,'2021-02-04 13:36:00.610329','2021-10-19 10:52:33.941608',NULL,34,0,NULL,0,NULL,1,NULL),(102,'Coltosol F',NULL,273,'2021-02-04 13:38:41.025002','2021-10-19 10:52:59.282369',NULL,34,0,NULL,0,NULL,1,NULL),(103,'Bavete',NULL,285,'2021-02-04 13:42:12.785689','2021-10-19 10:56:36.932296',NULL,36,0,NULL,0,NULL,1,NULL),(104,'Aspiratoare salivare',NULL,88,'2021-02-04 13:50:11.710895','2021-10-13 11:17:51.942229',NULL,37,0,NULL,0,NULL,1,NULL),(105,'Bicarbonat Air Flow',NULL,136,'2021-02-08 10:45:50.771150','2021-02-08 10:46:39.825873',NULL,29,0,NULL,0,NULL,1,NULL),(106,'Bicarbonat Air Flow',NULL,136,'2021-02-08 10:47:07.707851','2021-02-08 10:47:45.261328',NULL,29,0,NULL,0,NULL,1,NULL),(107,'Bicarbonat Air Flow',NULL,136,'2021-02-08 10:50:22.245962','2021-06-11 06:53:58.473763',NULL,29,0,NULL,0,NULL,1,NULL),(108,'Aplicatoare Fine',NULL,204,'2021-02-08 10:54:49.095250','2021-10-19 09:48:09.915717',NULL,34,0,NULL,0,NULL,1,NULL),(109,'Aplicatoare Super Fine',NULL,204,'2021-02-08 10:56:07.574785','2021-10-19 09:48:27.892900',NULL,34,0,NULL,0,NULL,1,NULL),(110,'Aplicatoare Regular',NULL,204,'2021-02-08 10:56:36.025829','2021-10-19 09:48:40.561418',NULL,34,0,NULL,0,NULL,1,NULL),(111,'Alginat Tropicalgin',NULL,274,'2021-02-08 10:57:57.530790','2021-10-18 09:56:58.951893',NULL,37,0,NULL,0,NULL,1,NULL),(112,'AH Plus Jet',NULL,272,'2021-02-08 11:01:21.703289','2021-10-18 09:51:58.753992',NULL,31,0,NULL,0,NULL,1,NULL),(113,'Alcool Isopropilic',NULL,273,'2021-02-08 11:02:35.974789','2021-10-18 09:53:52.017952',NULL,29,0,NULL,0,NULL,1,NULL),(115,'Viscostat Clear',NULL,121,'2021-02-15 12:34:04.367147','2022-01-12 11:23:46.881334',NULL,31,0,NULL,0,NULL,1,NULL),(116,'Zeta Plus Putty+Indurent+Oranwash',NULL,274,'2021-02-18 11:20:57.055759','2021-11-25 13:06:51.163723',NULL,35,0,NULL,0,NULL,1,NULL),(118,'Silan',NULL,135,'2021-02-18 11:42:43.227672','2021-11-25 12:53:20.468483',NULL,29,0,NULL,0,NULL,1,NULL),(119,'Speedex Activator',NULL,274,'2021-02-19 12:21:00.245904','2021-11-25 12:54:46.249658',NULL,33,0,NULL,0,NULL,1,NULL),(120,'Speedex Light Body',NULL,274,'2021-02-19 12:22:04.227754','2021-11-25 12:54:52.648388',NULL,33,0,NULL,0,NULL,1,NULL),(121,'Speedex Putty',NULL,274,'2021-02-19 12:23:16.244511','2021-11-25 12:55:41.225261',NULL,34,0,NULL,0,NULL,1,NULL),(122,'Speedex standard kit',NULL,274,'2021-02-19 12:24:34.237846','2022-01-11 13:44:36.565732',NULL,35,0,NULL,0,NULL,1,NULL),(123,'Spray Endo Frost',NULL,271,'2021-02-19 12:26:16.646892','2021-11-25 12:56:25.867467',NULL,8,0,NULL,0,NULL,1,NULL),(124,'Rulouri Luna Nr 1',NULL,285,'2021-02-19 12:27:22.524793','2021-11-25 12:48:48.705187',NULL,37,0,NULL,0,NULL,1,NULL),(125,'Rulouri Luna Nr 2',NULL,285,'2021-02-19 12:27:51.637134','2021-11-25 12:48:55.732992',NULL,37,0,NULL,0,NULL,1,NULL),(126,'Relyx U200 Clicker A2',NULL,139,'2021-02-19 12:30:51.297676','2022-01-14 12:33:46.008690',NULL,31,0,NULL,0,NULL,1,NULL),(127,'Relyx U200 Clicker Clear',NULL,139,'2021-02-19 12:32:58.753099','2022-01-14 12:33:54.906151',NULL,31,0,NULL,0,NULL,1,NULL),(128,'Relyx Temp NE',NULL,140,'2021-02-19 12:34:01.995024','2021-11-10 13:55:19.196668',NULL,35,0,NULL,0,NULL,1,NULL),(129,'Temp Bond NE',NULL,140,'2021-02-19 12:34:39.957784','2021-11-25 12:59:11.523720',NULL,35,0,NULL,0,NULL,1,NULL),(130,'StomaFlex Gel catalizator',NULL,274,'2021-03-04 13:43:46.687215','2021-11-25 12:56:59.044455',NULL,33,0,NULL,0,NULL,1,NULL),(131,'StomaFlex Light',NULL,274,'2021-03-04 13:45:13.826213','2021-11-25 12:57:09.602587',NULL,33,0,NULL,0,NULL,1,NULL),(132,'Tavite plastic',NULL,88,'2021-03-04 13:46:09.020070','2021-10-13 12:13:14.114929',NULL,38,0,NULL,0,NULL,1,NULL),(133,'Gradia Core refill',NULL,210,'2021-03-11 13:39:06.384017','2022-01-11 10:01:46.255795',NULL,19,0,NULL,0,NULL,1,NULL),(134,'Gradia Direct A1',NULL,138,'2021-03-11 13:44:32.808029','2021-10-25 08:56:53.475941',NULL,31,0,NULL,0,NULL,1,NULL),(135,'Gradia Direct A2',NULL,138,'2021-03-11 13:44:51.294482','2021-10-25 08:59:49.752773',NULL,31,0,NULL,0,NULL,1,NULL),(136,'Gradia Direct A3',NULL,138,'2021-03-11 13:45:14.809556','2021-10-25 09:00:00.491099',NULL,31,0,NULL,0,NULL,1,NULL),(137,'Gradia Direct A3.5',NULL,138,'2021-03-11 13:45:57.238336','2021-10-25 09:00:13.787123',NULL,31,0,NULL,0,NULL,1,NULL),(138,'Gradia Direct AO2',NULL,138,'2021-03-11 13:46:23.559503','2021-10-25 09:00:22.997954',NULL,31,0,NULL,0,NULL,1,NULL),(139,'Gradia Direct AO3',NULL,138,'2021-03-11 13:46:44.477617','2021-10-25 09:00:31.765387',NULL,31,0,NULL,0,NULL,1,NULL),(140,'Gradia Direct B1',NULL,138,'2021-03-11 13:47:09.053086','2021-10-25 09:01:58.486815',NULL,31,0,NULL,0,NULL,1,NULL),(141,'Gradia Direct BW',NULL,138,'2021-03-11 13:47:34.824526','2021-10-25 09:02:09.457611',NULL,31,0,NULL,0,NULL,1,NULL),(142,'Gradia Direct CV',NULL,138,'2021-03-11 13:48:09.469605','2021-10-25 09:02:24.003011',NULL,31,0,NULL,0,NULL,1,NULL),(143,'G-Aenial A1',NULL,138,'2021-03-12 07:02:16.053055','2021-10-25 07:23:32.483989',NULL,31,0,NULL,0,NULL,1,NULL),(144,'G-Aenial A2',NULL,138,'2021-03-12 07:04:11.300922','2021-10-25 07:23:39.398907',NULL,31,0,NULL,0,NULL,1,NULL),(145,'G-Aenial A3',NULL,138,'2021-03-12 07:04:36.684672','2021-10-25 07:23:46.642011',NULL,31,0,NULL,0,NULL,1,NULL),(146,'G-Aenial A3,5',NULL,138,'2021-03-12 07:05:02.636635','2021-10-25 07:23:55.252351',NULL,31,0,NULL,0,NULL,1,NULL),(147,'G-Aenial AE',NULL,138,'2021-03-12 07:05:37.047535','2021-10-25 07:24:03.741391',NULL,31,0,NULL,0,NULL,1,NULL),(148,'G-Aenial AO2',NULL,138,'2021-03-12 07:05:56.952615','2021-10-25 07:25:03.972486',NULL,31,0,NULL,0,NULL,1,NULL),(149,'G-Aenial AO3',NULL,138,'2021-03-12 07:06:26.375156','2021-10-25 07:25:12.657606',NULL,31,0,NULL,0,NULL,1,NULL),(150,'G-Aenial B1',NULL,138,'2021-03-12 07:06:47.491964','2021-10-25 07:25:22.299911',NULL,31,0,NULL,0,NULL,1,NULL),(151,'G-Aenial B2',NULL,138,'2021-03-12 07:07:07.877563','2021-10-25 07:25:31.629004',NULL,31,0,NULL,0,NULL,1,NULL),(152,'G-Aenial CV',NULL,138,'2021-03-12 07:07:43.387556','2021-10-25 07:25:40.119029',NULL,31,0,NULL,0,NULL,1,NULL),(153,'G-Aenial PA1',NULL,138,'2021-03-12 07:08:44.330791','2021-10-25 07:25:47.427847',NULL,31,0,NULL,0,NULL,1,NULL),(154,'G-Aenial PA2',NULL,138,'2021-03-12 07:09:05.035242','2021-10-25 07:25:55.832138',NULL,31,0,NULL,0,NULL,1,NULL),(155,'G-Aenial PA3',NULL,138,'2021-03-12 07:09:29.912380','2021-10-25 07:26:36.976106',NULL,31,0,NULL,0,NULL,1,NULL),(156,'G-Aenial XBW',NULL,138,'2021-03-12 07:10:11.714337','2021-10-25 07:28:00.520765',NULL,31,0,NULL,0,NULL,1,NULL),(157,'Eucalyptol',NULL,272,'2021-03-24 13:32:46.715936','2021-10-19 09:46:34.192606',NULL,29,0,NULL,0,NULL,1,NULL),(158,'Fissurit F',NULL,200,'2021-03-24 13:37:07.830448','2021-10-25 07:14:22.393536',NULL,31,0,NULL,0,NULL,1,NULL),(159,'Filtek Ultimate A2  Body',NULL,138,'2021-03-24 13:40:32.336042','2021-10-25 07:05:45.785516',NULL,31,0,NULL,0,NULL,1,NULL),(160,'Filtek Ultimate A3 Body',NULL,138,'2021-03-24 13:41:49.248295','2021-10-25 07:07:01.099061',NULL,31,0,NULL,0,NULL,1,NULL),(161,'Filtek Ultimate A4 Body',NULL,138,'2021-03-24 13:45:37.970748','2022-01-14 12:34:17.953516',NULL,31,0,NULL,0,NULL,1,NULL),(162,'Filtek Ultimate A2 Dentin',NULL,138,'2021-03-24 13:47:11.915917','2021-10-25 07:05:56.061204',NULL,31,0,NULL,0,NULL,1,NULL),(163,'Filtek Ultimate A1 Dentin',NULL,138,'2021-03-24 13:48:07.567650','2021-10-25 07:05:37.739876',NULL,31,0,NULL,0,NULL,1,NULL),(164,'Filtek Ultimate A4 Dentin',NULL,138,'2021-03-24 13:49:07.744202','2022-01-14 12:34:31.677016',NULL,31,0,NULL,0,NULL,1,NULL),(165,'Filtek Ultimate A3 Dentin',NULL,138,'2021-03-24 13:50:23.623551','2021-10-25 07:07:11.919979',NULL,31,0,NULL,0,NULL,1,NULL),(166,'Filtek Ultimate A2 Enamel',NULL,138,'2021-03-24 13:51:17.793954','2021-10-25 07:06:41.009153',NULL,31,0,NULL,0,NULL,1,NULL),(167,'Filtek Ultimate A3 Enamel',NULL,138,'2021-03-24 13:52:10.453768','2022-01-14 12:34:10.149636',NULL,31,0,NULL,0,NULL,1,NULL),(168,'Brilliant Flo A1/B1',NULL,138,'2021-03-24 13:54:20.464081','2022-01-11 10:03:42.300481',NULL,31,0,NULL,0,NULL,1,NULL),(169,'Brilliant Flo A2/B2',NULL,138,'2021-03-24 13:55:20.239598','2022-01-11 10:03:49.931806',NULL,31,0,NULL,0,NULL,1,NULL),(170,'Brilliant Flo A3/D3',NULL,138,'2021-03-24 13:55:54.412838','2022-01-11 10:09:29.019003',NULL,31,0,NULL,0,NULL,1,NULL),(171,'Dentin Conditioner',NULL,120,'2021-03-24 13:59:38.138177','2021-10-13 11:47:31.250465',NULL,29,0,NULL,0,NULL,1,NULL),(172,'Conuri hartie 02/15',NULL,271,'2021-03-30 10:49:39.388855','2021-10-19 12:43:45.570233',NULL,34,0,NULL,0,NULL,1,NULL),(173,'Conuri hartie 02/20',NULL,271,'2021-03-30 10:51:02.548859','2021-10-19 12:44:15.568958',NULL,34,0,NULL,0,NULL,1,NULL),(174,'Conuri hartie 02/25',NULL,271,'2021-03-30 10:51:53.506147','2021-10-19 12:44:21.686438',NULL,34,0,NULL,0,NULL,1,NULL),(175,'Conuri hartie 02/30',NULL,271,'2021-03-30 10:52:25.034932','2021-10-19 12:44:27.697070',NULL,34,0,NULL,0,NULL,1,NULL),(176,'Conuri hartie 02/40',NULL,271,'2021-03-30 10:52:59.603652','2021-10-19 12:44:36.357322',NULL,34,0,NULL,0,NULL,1,NULL),(177,'Conuri hartie 04/15',NULL,271,'2021-03-30 10:55:36.084364','2021-10-19 12:44:49.498101',NULL,34,0,NULL,0,NULL,1,NULL),(178,'Conuri hartie 04/20',NULL,271,'2021-03-30 10:56:13.614659','2021-10-19 12:45:34.086001',NULL,34,0,NULL,0,NULL,1,NULL),(179,'Conuri hartie 04/25',NULL,271,'2021-03-30 10:57:42.121042','2021-10-19 12:45:49.322390',NULL,34,0,NULL,0,NULL,1,NULL),(180,'Conuri hartie 04/30',NULL,271,'2021-03-30 10:59:08.446927','2021-10-19 12:46:04.773674',NULL,34,0,NULL,0,NULL,1,NULL),(181,'Conuri hartie 04/40',NULL,271,'2021-03-30 11:00:02.971223','2021-10-19 12:46:12.094358',NULL,34,0,NULL,0,NULL,1,NULL),(182,'Conuri hartie 06/15',NULL,271,'2021-03-30 11:02:31.482116','2021-10-19 12:46:21.350434',NULL,34,0,NULL,0,NULL,1,NULL),(183,'Conuri hartie 06/20',NULL,271,'2021-03-30 11:13:23.385889','2021-10-19 12:46:35.011739',NULL,34,0,NULL,0,NULL,1,NULL),(184,'Conuri hartie 06/25',NULL,271,'2021-03-30 11:14:02.184438','2021-10-19 12:46:44.929540',NULL,34,0,NULL,0,NULL,1,NULL),(185,'Conuri hartie 06/30',NULL,271,'2021-03-30 11:14:34.551361','2021-10-19 12:46:51.630702',NULL,34,0,NULL,0,NULL,1,NULL),(186,'Conuri hartie 06/40',NULL,271,'2021-03-30 11:15:08.385320','2021-10-19 12:47:00.840954',NULL,34,0,NULL,0,NULL,1,NULL),(187,'Conuri gutaperca 02/15',NULL,272,'2021-03-30 11:33:24.073137','2021-10-19 11:27:54.602283',NULL,34,0,NULL,0,NULL,1,NULL),(188,'Conuri gutaperca 02/20',NULL,272,'2021-03-30 11:34:10.350378','2021-10-19 11:28:02.804205',NULL,34,0,NULL,0,NULL,1,NULL),(189,'Conuri gutaperca 02/25',NULL,272,'2021-03-30 11:34:40.763594','2021-10-19 11:28:13.453813',NULL,34,0,NULL,0,NULL,1,NULL),(190,'Conuri gutaperca 02/30',NULL,272,'2021-03-30 11:35:05.372794','2021-10-19 12:39:49.040570',NULL,34,0,NULL,0,NULL,1,NULL),(191,'Conuri gutaperca 02/40',NULL,272,'2021-03-30 11:35:37.393903','2021-10-19 12:39:56.293589',NULL,34,0,NULL,0,NULL,1,NULL),(192,'Conuri gutaperca 04/15',NULL,272,'2021-03-30 11:36:08.234501','2021-10-19 12:40:10.328479',NULL,34,0,NULL,0,NULL,1,NULL),(193,'Conuri gutaperca 04/20',NULL,272,'2021-03-30 11:37:08.778981','2021-10-19 12:41:39.660775',NULL,34,0,NULL,0,NULL,1,NULL),(194,'Conuri gutaperca 04/25',NULL,272,'2021-03-30 11:37:44.086646','2021-10-19 12:41:54.265173',NULL,34,0,NULL,0,NULL,1,NULL),(195,'Conuri gutaperca 04/30',NULL,272,'2021-03-30 11:38:50.924255','2021-10-19 12:42:00.154142',NULL,34,0,NULL,0,NULL,1,NULL),(196,'Conuri gutaperca 04/40',NULL,272,'2021-03-30 11:39:35.104235','2021-10-19 12:42:06.255136',NULL,34,0,NULL,0,NULL,1,NULL),(197,'Conuri gutaperca 06/15',NULL,272,'2021-03-30 11:41:01.327891','2021-10-19 12:42:11.637078',NULL,34,0,NULL,0,NULL,1,NULL),(198,'Conuri gutaperca 06/20',NULL,272,'2021-03-30 11:41:30.849466','2021-10-19 12:42:16.585444',NULL,34,0,NULL,0,NULL,1,NULL),(199,'Conuri gutaperca 06/25',NULL,272,'2021-03-30 11:41:58.239725','2021-10-19 12:42:21.591269',NULL,34,0,NULL,0,NULL,1,NULL),(200,'Conuri gutaperca 06/30',NULL,272,'2021-03-30 11:42:34.281769','2021-10-19 12:42:28.091292',NULL,34,0,NULL,0,NULL,1,NULL),(201,'Conuri gutaperca 06/40',NULL,272,'2021-03-30 11:43:01.047413','2021-10-19 12:42:34.626827',NULL,34,0,NULL,0,NULL,1,NULL),(202,'Comprese nesterile',NULL,88,'2021-03-30 11:45:08.139641','2021-10-13 11:18:50.798230',NULL,37,0,NULL,1,NULL,1,NULL),(203,'Calasept Plus',NULL,271,'2021-03-30 11:47:41.626964','2021-10-19 10:46:26.809129',NULL,31,0,NULL,0,NULL,1,NULL),(204,'Calasept Temp',NULL,271,'2021-03-30 11:49:32.809062','2021-10-19 10:46:50.601175',NULL,34,0,NULL,0,NULL,1,NULL),(205,'Calcipast + Iodoform',NULL,271,'2021-03-30 11:50:46.220634','2021-10-19 10:47:32.756801',NULL,31,0,NULL,0,NULL,1,NULL),(206,'Calcipast Forte',NULL,271,'2021-03-30 11:51:44.892146','2021-10-19 10:47:38.470195',NULL,31,0,NULL,0,NULL,1,NULL),(207,'Calcipast',NULL,271,'2021-03-30 11:52:11.788863','2021-10-19 10:47:25.925054',NULL,31,0,NULL,0,NULL,1,NULL),(208,'Bureti hemostatici EVOSPON',NULL,121,'2021-03-30 11:57:46.110493','2021-10-13 10:16:49.837954',NULL,34,0,NULL,0,NULL,1,NULL),(209,'Iodoform pulbere',NULL,271,'2021-03-30 12:04:41.370656','2021-10-25 09:18:19.934024',NULL,29,0,NULL,0,NULL,1,NULL),(210,'Ionosit',NULL,290,'2021-03-30 12:06:26.898300','2021-10-25 09:21:25.708713',NULL,31,0,NULL,0,NULL,1,NULL),(211,'Luxatemp Plus A1',NULL,210,'2021-03-30 12:08:14.694196','2021-10-25 11:51:32.976051',NULL,19,0,NULL,0,NULL,1,NULL),(212,'Luxatemp Plus A2',NULL,210,'2021-03-30 12:09:52.822202','2021-10-25 11:51:43.049121',NULL,19,0,NULL,0,NULL,1,NULL),(213,'Rigla endodontica',NULL,219,'2021-03-30 12:11:31.480957','2021-11-25 12:44:57.997862',NULL,8,0,NULL,1,NULL,1,NULL),(216,'Pahare',NULL,285,'2021-04-05 11:28:15.668585','2021-11-10 13:35:27.517066',NULL,38,0,NULL,0,NULL,1,NULL),(217,'Ace Irigare Endo_Top',NULL,219,'2021-04-05 11:29:27.145375','2021-10-18 07:48:57.265861',NULL,34,0,NULL,0,NULL,1,NULL),(218,'Cadru diga inox',NULL,284,'2021-04-05 11:31:06.337891','2022-01-12 08:42:55.208827',NULL,8,0,NULL,0,NULL,1,NULL),(219,'Manusi chirurgicale',NULL,121,'2021-04-05 11:34:07.500297','2021-10-13 10:34:35.574878',NULL,34,0,NULL,0,NULL,1,NULL),(220,'Manusi chirurgicale',NULL,121,'2021-04-05 11:40:25.085130','2021-10-13 10:34:50.061706',NULL,34,0,NULL,0,NULL,1,NULL),(221,'Manusi chirurgicale',NULL,121,'2021-04-05 11:40:49.939677','2021-10-13 10:25:47.558786',NULL,34,0,NULL,0,NULL,1,NULL),(222,'Gradia Direct NT',NULL,138,'2021-04-05 11:59:24.725420','2021-10-25 09:02:36.752437',NULL,31,0,NULL,0,NULL,1,NULL),(223,'Gradia Direct PA2',NULL,138,'2021-04-05 12:00:10.469609','2021-10-25 09:02:45.334586',NULL,31,0,NULL,0,NULL,1,NULL),(224,'Filtek Ultimate A1 Body',NULL,138,'2021-04-05 12:04:35.237840','2021-10-25 07:05:26.455382',NULL,31,0,NULL,0,NULL,1,NULL),(225,'Fuji Ortho LC 1:1',NULL,139,'2021-04-05 12:09:26.758112','2021-10-25 08:38:49.697872',NULL,35,0,NULL,0,NULL,1,NULL),(226,'G-Aenial Universal Flo A1',NULL,138,'2021-04-05 12:14:39.820873','2021-10-25 07:26:44.108668',NULL,31,0,NULL,0,NULL,1,NULL),(227,'G-Aenial Universal Flo A2',NULL,138,'2021-04-05 12:18:14.148902','2021-10-25 07:26:54.081738',NULL,31,0,NULL,0,NULL,1,NULL),(228,'G-Aenial Universal Flo A3',NULL,138,'2021-04-05 12:18:41.691574','2021-10-25 07:27:23.580555',NULL,31,0,NULL,0,NULL,1,NULL),(229,'G-Aenial Universal Flo JE',NULL,138,'2021-04-05 12:54:27.955090','2021-10-25 07:27:53.253364',NULL,31,0,NULL,0,NULL,1,NULL),(230,'Equia Coat Forte',NULL,283,'2021-04-08 12:33:41.641455','2021-10-25 07:02:59.953178',NULL,29,0,NULL,0,NULL,1,NULL),(231,'Tooth Mousse',NULL,200,'2021-04-08 12:36:09.275894','2021-11-25 13:00:44.663462',NULL,33,0,NULL,0,NULL,1,NULL),(232,'FluoroDose',NULL,200,'2021-04-08 12:38:50.578500','2021-10-13 09:15:07.641354',NULL,8,0,NULL,0,NULL,1,NULL),(233,'Ace Tire-Nerf 02',NULL,282,'2021-04-09 06:03:58.465847','2021-10-19 09:28:47.891400',NULL,18,0,NULL,0,NULL,1,NULL),(234,'Ace Tire-Nerf 01',NULL,282,'2021-04-09 06:04:31.687516','2021-10-19 09:27:33.915493',NULL,18,0,NULL,0,NULL,1,NULL),(235,'Ace Tire-Nerf 04',NULL,282,'2021-04-09 06:04:53.523807','2021-10-19 09:29:16.939630',NULL,18,0,NULL,0,NULL,1,NULL),(236,'Ace Tire-Nerf 06',NULL,282,'2021-04-09 06:05:24.138405','2021-10-19 09:29:32.352051',NULL,18,0,NULL,0,NULL,1,NULL),(237,'Ace Tire-Nerf 03',NULL,282,'2021-04-09 06:06:01.018427','2021-10-19 09:29:10.398744',NULL,18,0,NULL,0,NULL,1,NULL),(238,'Ace Tire-Nerf 05',NULL,282,'2021-04-09 06:11:59.252963','2021-10-19 09:29:24.767734',NULL,18,0,NULL,0,NULL,1,NULL),(239,'Zeta 1 Ultra 1l',NULL,104,'2021-04-09 06:25:32.656528','2021-11-25 13:03:34.690493',NULL,32,0,NULL,0,NULL,1,NULL),(240,'Zeta 2 Sporex',NULL,104,'2021-04-09 06:26:28.108366','2021-11-25 13:04:38.363305',NULL,34,0,NULL,0,NULL,1,NULL),(241,'Zeta 3 servetele',NULL,104,'2021-04-09 06:28:33.424879','2021-10-13 10:07:50.244364',NULL,37,0,NULL,0,NULL,1,NULL),(242,'Zeta 3 Soft',NULL,104,'2021-04-09 06:30:00.199591','2021-11-25 13:04:54.628510',NULL,32,0,NULL,0,NULL,1,NULL),(243,'Zeta 3 Soft',NULL,104,'2021-04-09 06:30:49.246098','2021-11-25 13:05:05.911161',NULL,32,0,NULL,0,NULL,1,NULL),(244,'Zeta 5 Power',NULL,104,'2021-04-09 06:31:55.283778','2021-11-25 13:05:15.188508',NULL,32,0,NULL,0,NULL,1,NULL),(245,'Zeta Plus Putty',NULL,274,'2021-04-09 06:33:22.606472','2021-11-25 13:05:57.494673',NULL,34,0,NULL,0,NULL,1,NULL),(246,'Tavite plastic',NULL,88,'2021-04-09 06:35:35.495590','2021-10-13 12:13:10.512607',NULL,38,0,NULL,0,NULL,1,NULL),(248,'Apa de gura Perio-Aid 0.12% 5l',NULL,279,'2021-05-11 10:47:35.055648','2021-10-18 10:50:49.019977',NULL,32,0,NULL,0,NULL,1,NULL),(249,'Maxcem Elite clear',NULL,139,'2021-05-11 10:50:18.374003','2021-10-25 11:57:40.901243',NULL,31,0,NULL,1,NULL,1,NULL),(250,'Orolin Multisept Plus',NULL,104,'2021-05-11 10:53:08.892171','2021-11-10 13:25:26.308337',NULL,32,0,NULL,1,NULL,1,NULL),(251,'Rola pungi sterilizare 75mm/200 m',NULL,104,'2021-05-11 10:54:58.863890','2021-11-25 12:46:51.515829',NULL,41,0,NULL,1,NULL,1,NULL),(252,'Rola pungi sterilizare 100mm/200 m',NULL,104,'2021-05-11 10:55:27.491374','2021-11-25 12:47:08.323776',NULL,41,0,NULL,1,NULL,1,NULL),(253,'Rola pungi sterilizare 50mm/200 m',NULL,104,'2021-05-11 10:55:50.170347','2021-11-25 12:47:00.294042',NULL,41,0,NULL,1,NULL,1,NULL),(254,'Rola pungi sterilizare 300mm/200 m',NULL,104,'2021-05-11 10:56:21.542290','2021-11-25 12:47:20.668104',NULL,41,0,NULL,1,NULL,1,NULL),(255,'Pivoti fibra sticla Reforpost Nr 1',NULL,210,'2021-05-11 10:57:55.177043','2021-11-10 13:41:57.189931',NULL,34,0,NULL,1,NULL,1,NULL),(256,'Colour Flow',NULL,138,'2021-05-11 11:03:30.101530','2022-01-11 13:49:48.845297',NULL,31,0,NULL,1,NULL,1,NULL),(257,'Colour Flow',NULL,138,'2021-05-11 11:04:40.376652','2022-01-11 13:49:55.065850',NULL,31,0,NULL,1,NULL,1,NULL),(258,'Colour Flow',NULL,138,'2021-05-11 11:05:07.275530','2022-01-11 13:50:02.138579',NULL,31,0,NULL,1,NULL,1,NULL),(259,'Colour Flow',NULL,138,'2021-05-11 11:05:26.940010','2022-01-11 13:50:08.614142',NULL,31,0,NULL,1,NULL,1,NULL),(260,'Colour Flow',NULL,138,'2021-05-11 11:05:59.136841','2022-01-11 13:50:14.892115',NULL,31,0,NULL,1,NULL,1,NULL),(261,'Colour Flow',NULL,138,'2021-05-11 11:06:52.936405','2022-01-11 13:50:21.477763',NULL,31,0,NULL,1,NULL,1,NULL),(262,'Indicator de carii Sable Seek',NULL,135,'2021-05-11 11:08:07.690902','2021-10-25 09:17:40.131406',NULL,31,0,NULL,1,NULL,1,NULL),(263,'Seringa cu ac',NULL,87,'2021-05-11 11:11:06.835951','2021-11-25 12:50:27.398502',NULL,34,0,NULL,0,NULL,1,NULL),(264,'Seringa cu ac',NULL,87,'2021-05-11 11:11:46.943877','2021-11-25 12:50:36.568397',NULL,34,0,NULL,1,NULL,1,NULL),(265,'Seringa cu ac',NULL,87,'2021-05-11 11:12:22.094929','2021-11-25 12:50:43.219213',NULL,34,0,NULL,0,NULL,1,NULL),(266,'Discuri finisare Sof-Lex coarse',NULL,283,'2021-05-27 06:33:26.869465','2022-01-14 12:30:12.766057',NULL,37,0,NULL,1,NULL,1,NULL),(267,'Discuri finisare Sof-Lex medium',NULL,283,'2021-05-27 06:34:31.238252','2022-01-14 12:30:24.919728',NULL,37,0,NULL,1,NULL,1,NULL),(268,'Discuri finisare Sof-Lex fine',NULL,283,'2021-05-27 06:35:01.783202','2022-01-14 12:30:18.401159',NULL,37,0,NULL,1,NULL,1,NULL),(269,'Discuri finisare Sof-Lex superfine',NULL,283,'2021-05-27 06:35:43.370610','2022-01-14 12:30:30.355693',NULL,37,0,NULL,1,NULL,1,NULL),(271,'Oxid de zinc',NULL,271,'2021-05-27 06:40:42.778503','2021-11-10 13:27:51.316692',NULL,34,0,NULL,0,NULL,1,NULL),(272,'Paduri hartie cerata 12 x 18 cm',NULL,291,'2021-05-27 06:45:13.407369','2021-11-10 13:34:24.195911',NULL,8,0,NULL,0,NULL,1,NULL),(273,'Paduri hartie cerata 5 x 5cm',NULL,291,'2021-05-27 06:46:07.030342','2021-11-10 13:34:38.361503',NULL,8,0,NULL,0,NULL,1,NULL),(274,'Paduri plastic 14 x 8cm',NULL,291,'2021-05-27 06:47:04.723623','2021-11-10 13:34:48.536407',NULL,8,0,NULL,0,NULL,1,NULL),(275,'Paduri plastic 5 x 5cm',NULL,291,'2021-05-27 06:48:10.823287','2021-11-10 13:35:41.094022',NULL,8,0,NULL,0,NULL,1,NULL),(276,'Paduri hartie cerata 10 x 10cm',NULL,291,'2021-05-27 06:50:04.963925','2021-11-10 13:34:14.923830',NULL,8,0,NULL,0,NULL,1,NULL),(277,'Campuri diga 6x 6 Medium',NULL,284,'2021-05-27 08:46:27.278206','2021-10-19 10:48:40.568952',NULL,34,0,NULL,0,NULL,1,NULL),(278,'Campuri diga 6x 6 Heavy',NULL,284,'2021-05-27 08:48:30.205959','2021-10-19 10:48:33.451498',NULL,34,0,NULL,1,NULL,1,NULL),(279,'Suport Endometric',NULL,219,'2021-05-27 08:50:10.687666','2021-11-25 12:57:40.855778',NULL,8,0,NULL,1,NULL,1,NULL),(280,'Bureti pentru suport Endometric',NULL,219,'2021-05-27 08:51:14.416096','2021-10-19 10:42:03.158528',NULL,37,0,NULL,1,NULL,1,NULL),(281,'Aspiratoare chirurgicale Surgitip',NULL,280,'2021-05-27 08:53:00.644882','2021-10-18 11:09:55.329014',NULL,34,0,NULL,0,NULL,1,NULL),(282,'Aspiratoare chirurgicale',NULL,280,'2021-05-27 09:06:21.660454','2021-10-18 11:09:47.394911',NULL,34,0,NULL,1,NULL,1,NULL),(283,'Endo-Aspirator cu furtun',NULL,286,'2021-05-27 10:14:08.399930','2021-10-25 06:56:03.623836',NULL,8,0,NULL,0,NULL,1,NULL),(284,'Acid citric 40%',NULL,271,'2021-05-27 10:15:12.414012','2021-10-18 09:43:51.282564',NULL,29,0,NULL,0,NULL,1,NULL),(285,'Acid citric 40%',NULL,271,'2021-05-27 10:15:41.273617','2021-10-18 09:44:09.248890',NULL,29,0,NULL,0,NULL,1,NULL),(286,'Pasta de canal Adseal',NULL,271,'2021-05-27 10:18:08.229500','2021-11-10 13:36:54.683990',NULL,31,0,NULL,0,NULL,1,NULL),(287,'Glucosite Liquid',NULL,271,'2021-05-27 10:20:34.942965','2021-10-25 08:53:16.723252',NULL,31,0,NULL,1,NULL,1,NULL),(288,'Pulp Spray testare vitalitate',NULL,271,'2021-05-27 10:22:51.511031','2021-11-10 13:50:27.711178',NULL,29,0,'suspended',1,'Produsul nu se mai fabrica',1,NULL),(290,'MD Cleanser - Solutie EDTA',NULL,271,'2021-05-27 10:26:41.022030','2021-10-25 11:58:05.047866',NULL,29,0,NULL,0,NULL,1,NULL),(291,'Endo Prep Cream',NULL,271,'2021-05-27 10:29:08.420257','2022-01-11 13:49:33.240866',NULL,31,0,NULL,0,NULL,1,NULL),(292,'Ultracal XS',NULL,271,'2021-05-27 11:08:58.457611','2021-11-25 13:01:24.743377',NULL,31,0,NULL,0,NULL,1,NULL),(293,'Guma Flacara',NULL,283,'2021-05-27 11:10:59.652840','2021-10-25 09:06:12.837319',NULL,8,0,NULL,1,NULL,1,NULL),(294,'Guma Palarie',NULL,283,'2021-05-27 11:11:54.250122','2021-10-25 09:05:08.643701',NULL,8,0,NULL,1,NULL,1,NULL),(295,'Guma Flacara',NULL,283,'2021-05-27 11:12:56.856757','2021-10-25 09:06:03.487195',NULL,8,0,NULL,1,NULL,1,NULL),(296,'Guma Palarie',NULL,283,'2021-05-27 11:13:33.089647','2021-10-25 09:05:19.838831',NULL,8,0,NULL,1,NULL,1,NULL),(297,'Guma Flacara',NULL,283,'2021-05-27 11:14:21.269149','2021-10-25 09:05:56.432318',NULL,8,0,NULL,1,NULL,1,NULL),(298,'Guma Palarie',NULL,283,'2021-05-27 11:14:47.453705','2021-10-25 09:05:29.556048',NULL,8,0,NULL,1,NULL,1,NULL),(299,'Guma Flacara',NULL,283,'2021-05-27 11:15:20.910580','2021-10-25 09:05:48.307253',NULL,8,0,NULL,1,NULL,1,NULL),(300,'Guma Palarie',NULL,283,'2021-05-27 11:15:49.336454','2021-10-25 09:05:38.398213',NULL,8,0,NULL,1,NULL,1,NULL),(301,'Implant dentar AnyRidge 3.5/L=11.5',NULL,312,'2021-06-11 06:10:00.724801','2022-03-17 08:21:06.849811',NULL,8,0,NULL,0,NULL,1,1),(302,'Implant dentar AnyRidge 4/L=11.5',NULL,312,'2021-06-11 06:10:35.371943','2022-03-17 08:23:42.130828',NULL,8,0,NULL,0,NULL,1,1),(303,'Implant dentar AnyRidge 4.5/L=10',NULL,312,'2021-06-11 06:15:32.231263','2022-03-17 08:22:55.704249',NULL,8,0,NULL,0,NULL,1,1),(304,'Implant dentar AnyRidge 4/L=10',NULL,312,'2021-06-11 06:19:56.613212','2022-03-17 08:23:28.526243',NULL,8,0,NULL,0,NULL,1,1),(305,'Implant dentar AnyRidge 4/L=13',NULL,312,'2021-06-11 06:20:47.530174','2022-03-17 08:23:51.555978',NULL,8,0,NULL,0,NULL,1,1),(306,'Implant dentar AnyRidge 3.5/L=13',NULL,312,'2021-06-11 06:21:27.834515','2022-03-17 08:21:17.724226',NULL,8,0,NULL,0,NULL,1,1),(307,'Implant dentar AnyRidge 4.5/L=11.5',NULL,312,'2021-06-11 06:22:07.875706','2022-03-17 08:23:07.387446',NULL,8,0,NULL,0,NULL,1,1),(308,'Implant dentar AnyRidge 4.5/L=13',NULL,312,'2021-06-11 06:22:39.688525','2022-03-17 08:23:18.628003',NULL,8,0,NULL,0,NULL,1,1),(309,'Implant dentar AnyRidge 3/L=10',NULL,312,'2021-06-11 06:24:15.393945','2022-03-17 08:21:39.350638',NULL,8,0,NULL,0,NULL,1,1),(310,'Implant dentar AnyRidge 3/L=11.5',NULL,312,'2021-06-11 06:24:55.716895','2022-03-17 08:22:35.024367',NULL,8,0,NULL,0,NULL,1,1),(311,'Implant dentar AnyRidge 3/L=13',NULL,312,'2021-06-11 06:25:57.947824','2022-03-17 08:22:44.958060',NULL,8,0,NULL,0,NULL,1,1),(312,'Implant dentar AnyRidge 5/L=10',NULL,312,'2021-06-11 06:26:52.272301','2022-03-17 08:24:00.668637',NULL,8,0,NULL,0,NULL,1,1),(313,'Implant dentar AnyRidge 5/L=11.5',NULL,312,'2021-06-11 06:27:28.099666','2022-03-17 08:26:41.503314',NULL,8,0,NULL,0,NULL,1,1),(314,'Implant dentar AnyRidge 5/L=13',NULL,312,'2021-06-11 06:27:59.982170','2022-03-17 08:26:53.677043',NULL,8,0,NULL,0,NULL,1,1),(315,'Aplicatoare Fine',NULL,204,'2021-06-11 06:51:50.196391','2021-10-19 09:47:28.086356',NULL,34,0,NULL,1,NULL,1,NULL),(316,'Aplicatoare Ultrafine',NULL,204,'2021-06-11 06:52:28.706224','2021-10-19 09:47:42.050845',NULL,34,0,NULL,0,NULL,1,NULL),(317,'Aplicatoare Regular',NULL,204,'2021-06-11 06:53:12.693018','2021-10-19 09:47:57.548997',NULL,34,0,NULL,0,NULL,1,NULL),(318,'Bicarbonat Air Flow',NULL,136,'2021-06-11 06:55:14.518781','2021-06-11 06:55:14.518816',NULL,29,0,NULL,0,NULL,1,NULL),(319,'Conuri Gutaperca Protaper F1',NULL,272,'2021-06-11 06:57:05.288211','2021-10-19 12:42:40.371367',NULL,34,0,NULL,0,NULL,1,NULL),(320,'Conuri Gutaperca Protaper F2',NULL,272,'2021-06-11 06:58:51.964229','2021-10-19 12:42:52.974996',NULL,34,0,NULL,0,NULL,1,NULL),(321,'Conuri Gutaperca Protaper F3',NULL,272,'2021-06-11 06:59:26.525736','2021-10-19 12:43:03.375030',NULL,34,0,NULL,0,NULL,1,NULL),(322,'Conuri Gutaperca Protaper F1F2F3',NULL,272,'2021-06-11 07:00:09.450925','2021-10-19 12:42:46.743309',NULL,34,0,NULL,0,NULL,1,NULL),(323,'Test control Bowie & Dick',NULL,88,'2021-06-11 09:56:06.241193','2021-11-25 13:00:15.016866',NULL,8,0,NULL,1,NULL,1,NULL),(324,'Ace Protaper Rotativ Next X2',NULL,221,'2021-06-11 10:43:18.142517','2022-01-10 07:37:02.876097',NULL,18,0,NULL,1,NULL,1,NULL),(325,'Ace Protaper Rotativ Next X3',NULL,221,'2021-06-11 10:46:14.175782','2022-01-10 07:36:46.723039',NULL,18,0,NULL,1,NULL,1,NULL),(326,'Ace Protaper Rotativ Next X1X2X3',NULL,221,'2021-06-11 10:47:28.746801','2022-01-10 07:39:42.919224',NULL,18,0,NULL,1,NULL,1,NULL),(327,'Bavete Rola',NULL,285,'2021-06-14 07:23:35.339020','2021-10-19 10:56:42.130746',NULL,41,0,NULL,0,NULL,1,NULL),(328,'Bonete de unica folosinta',NULL,88,'2021-06-14 07:28:16.883982','2021-10-13 11:18:24.182895',NULL,37,0,NULL,0,NULL,1,NULL),(329,'Botosi de unica folosinta',NULL,88,'2021-06-14 07:29:49.849574','2021-10-13 11:18:35.689529',NULL,37,0,NULL,0,NULL,1,NULL),(330,'Conuri hartie 02/15-40',NULL,271,'2021-06-14 07:31:29.033534','2021-10-19 12:44:10.231301',NULL,34,0,NULL,1,NULL,1,NULL),(331,'Conuri hartie 04/15-40',NULL,271,'2021-06-14 07:31:58.198268','2021-10-19 12:45:16.602753',NULL,34,0,NULL,0,NULL,1,NULL),(332,'Conuri hartie 06/15-40',NULL,271,'2021-06-14 07:32:39.474809','2021-10-19 12:46:29.173095',NULL,34,0,NULL,0,NULL,1,NULL),(333,'Hartie Articulatie 80',NULL,289,'2021-06-14 07:34:01.349392','2021-10-25 09:10:23.428333',NULL,34,0,NULL,0,NULL,1,NULL),(334,'Hartie Articulatie 40',NULL,289,'2021-06-14 07:35:23.204663','2021-10-25 09:10:16.487811',NULL,34,0,NULL,0,NULL,1,NULL),(335,'Benzi abrazive Inox 4mm',NULL,283,'2021-06-14 07:37:06.252701','2021-10-19 10:36:45.150632',NULL,34,0,NULL,1,NULL,1,NULL),(336,'Benzi abrazive Inox 6mm',NULL,283,'2021-06-14 07:37:40.770879','2021-10-19 10:36:54.786961',NULL,34,0,NULL,0,NULL,1,NULL),(337,'Breeze Refill A2',NULL,139,'2021-06-14 07:38:59.865287','2022-01-12 09:00:05.832682',NULL,31,0,NULL,0,NULL,1,NULL),(338,'Breeze Refill Translucent',NULL,139,'2021-06-14 07:42:18.154237','2022-01-12 09:00:12.908632',NULL,31,0,NULL,0,NULL,1,NULL),(339,'Servetele dezinfectante  refill Dentiro',NULL,104,'2021-06-14 08:41:30.691041','2021-10-13 10:07:41.511608',NULL,37,0,NULL,0,NULL,1,NULL),(341,'Mepidental',NULL,281,'2021-06-14 10:24:58.034676','2021-10-25 11:59:17.927311',NULL,34,0,NULL,0,NULL,1,NULL),(342,'Gel anestezic Opahl cu arome de fructe',NULL,214,'2021-06-14 10:30:30.023009','2022-01-12 11:22:55.384137',NULL,8,0,NULL,0,NULL,1,NULL),(343,'Banda fibra de sticla Interlig',NULL,120,'2021-06-14 10:31:45.317883','2021-10-13 10:18:23.704302',NULL,35,0,NULL,0,NULL,1,NULL),(344,'Pivoti fibra sticla Reforpost Nr 2',NULL,210,'2021-06-14 10:32:40.241704','2021-11-10 13:42:06.948375',NULL,34,0,NULL,0,NULL,1,NULL),(345,'Camp operator steril 38x45 cm',NULL,124,'2021-06-14 10:51:00.803254','2022-01-11 10:00:09.514293',NULL,8,0,NULL,0,NULL,1,NULL),(346,'Ace Protaper Rotativ Gold Sx-F3',NULL,221,'2021-06-14 10:58:08.115191','2022-01-10 07:35:50.196062',NULL,18,0,NULL,1,NULL,1,NULL),(347,'Ace Protaper Rotativ Gold Sx-F3',NULL,221,'2021-06-14 10:59:00.395836','2022-01-10 07:37:31.022905',NULL,18,0,NULL,1,NULL,1,NULL),(348,'Manusi',NULL,127,'2021-06-14 11:17:06.086818','2021-10-13 11:26:15.116996',NULL,34,0,NULL,0,NULL,1,NULL),(349,'Manusi',NULL,127,'2021-06-14 11:17:42.344868','2021-10-13 11:26:28.679579',NULL,34,0,NULL,0,NULL,1,NULL),(350,'Manusi',NULL,127,'2021-06-14 11:20:24.715959','2021-10-13 11:26:49.462536',NULL,34,0,NULL,0,NULL,1,NULL),(351,'Membrana OpenTex-TR_01 PTFE',NULL,121,'2021-06-14 11:43:23.076826','2021-10-25 11:58:51.012221',NULL,8,0,NULL,0,NULL,1,NULL),(352,'Membrana OpenTex-TR_02 PTFE 24×30 mm',NULL,121,'2021-06-14 11:44:42.775912','2021-10-25 11:59:06.966438',NULL,8,0,NULL,0,NULL,1,NULL),(353,'IrigaSet pentru Fiziodispenser NSK',NULL,124,'2021-06-15 07:47:45.366804','2021-10-25 09:26:07.409000',NULL,8,0,NULL,1,NULL,1,NULL),(354,'Ace Proglider',NULL,221,'2021-06-15 07:49:59.685013','2021-10-19 09:21:33.143914',NULL,18,0,NULL,1,NULL,1,NULL),(355,'Ace Proglider',NULL,221,'2021-06-15 07:51:01.308634','2021-10-19 09:21:27.806625',NULL,18,0,NULL,1,NULL,1,NULL),(356,'Ace Proglider',NULL,221,'2021-06-15 07:52:18.041358','2021-10-19 09:21:22.439111',NULL,18,0,NULL,1,NULL,1,NULL),(357,'Impregum Penta Soft baza + catalizator',NULL,274,'2021-06-17 07:56:01.284264','2022-01-14 12:34:40.842940',NULL,35,0,NULL,0,NULL,1,NULL),(358,'Sac galben Biohazard 20 L',NULL,88,'2021-06-17 08:38:01.001261','2021-11-25 12:49:30.551744',NULL,8,0,NULL,0,NULL,1,NULL),(359,'Capa vindecare AnyRidge 4/H=5',NULL,313,'2021-06-17 09:39:07.613633','2022-03-17 08:27:59.331965',NULL,8,0,NULL,1,NULL,1,1),(360,'Capa vindecare AnyRidge 5/H=5',NULL,313,'2021-06-17 09:39:57.348801','2022-03-17 08:28:29.528365',NULL,8,0,NULL,1,NULL,1,1),(361,'Capa vindecare AnyRidge 4/H=6',NULL,313,'2021-06-17 09:42:40.663693','2022-03-17 08:28:08.713455',NULL,8,0,NULL,1,NULL,1,1),(362,'Implant dentar AnyRidge 3.5/L=8.5',NULL,312,'2021-06-17 09:43:23.776176','2022-03-17 08:21:27.838904',NULL,8,0,NULL,0,NULL,1,1),(363,'Rotunjire Factura',NULL,202,'2021-06-17 09:45:20.604998','2021-06-17 11:08:10.325395',NULL,8,0,NULL,0,NULL,1,NULL),(364,'Sac galben Biohazard 60 L',NULL,88,'2021-06-17 09:46:38.485348','2021-11-25 12:49:40.662707',NULL,8,0,NULL,0,NULL,1,NULL),(365,'Sac galben Biohazard 120 L',NULL,88,'2021-06-17 09:47:56.293253','2021-11-25 12:49:20.308248',NULL,8,0,NULL,0,NULL,1,NULL),(366,'Dentotemp',NULL,140,'2021-06-23 10:57:06.701170','2021-10-25 06:49:00.948707',NULL,31,0,NULL,0,NULL,1,NULL),(367,'Comprese nesterile',NULL,88,'2021-06-23 10:58:09.450389','2021-10-13 10:26:46.448664',NULL,37,0,NULL,1,NULL,1,NULL),(368,'Capa vindecare AnyRidge 5/H=4',NULL,313,'2021-06-23 10:59:30.381477','2022-03-17 08:28:19.110918',NULL,8,0,NULL,1,NULL,1,1),(369,'Capa vindecare AnyRidge 5/H=6',NULL,313,'2021-06-23 10:59:51.495565','2022-03-17 08:28:38.156038',NULL,8,0,NULL,1,NULL,1,1),(370,'Perie curatat freze',NULL,87,'2021-06-24 07:15:59.688235','2021-11-10 13:39:08.404264',NULL,8,0,NULL,1,NULL,1,NULL),(371,'Conuri gutaperca 04/15',NULL,272,'2021-06-24 07:41:50.630979','2021-10-19 12:40:02.778350',NULL,34,0,NULL,0,NULL,1,NULL),(372,'Conuri gutaperca 04/20',NULL,272,'2021-06-24 07:42:35.170094','2021-10-19 12:41:34.658836',NULL,34,0,NULL,1,NULL,1,NULL),(373,'Conuri gutaperca 04/25',NULL,272,'2021-06-24 07:43:07.095881','2021-10-19 12:41:45.515619',NULL,34,0,NULL,1,NULL,1,NULL),(374,'Conuri hartie 04/15',NULL,271,'2021-06-24 07:43:41.562794','2021-10-19 12:44:43.337923',NULL,34,0,NULL,1,NULL,1,NULL),(375,'Conuri hartie 04/20',NULL,271,'2021-06-24 07:44:12.686431','2021-10-19 12:45:23.182071',NULL,34,0,NULL,1,NULL,1,NULL),(376,'Conuri hartie 04/25',NULL,271,'2021-06-24 07:44:49.339667','2021-10-19 12:45:40.792252',NULL,34,0,NULL,1,NULL,1,NULL),(377,'Ansa detartraj supragingival G4',NULL,276,'2021-06-24 09:01:59.263853','2021-10-18 10:47:38.167691',NULL,8,0,NULL,1,NULL,1,NULL),(378,'Ansa detartraj supragingival G1',NULL,276,'2021-06-24 09:03:32.145726','2021-10-18 10:43:55.684715',NULL,8,0,NULL,1,NULL,1,NULL),(379,'Ansa detartraj supragingival G2',NULL,276,'2021-06-24 09:03:49.837427','2021-10-18 10:47:06.026335',NULL,8,0,NULL,1,NULL,1,NULL),(380,'Ansa detartraj supragingival G3',NULL,276,'2021-06-24 09:04:09.614978','2021-10-18 10:47:20.580388',NULL,8,0,NULL,1,NULL,1,NULL),(381,'Ace V-Taper Rotativ Gold S2',NULL,221,'2021-06-24 09:12:20.028408','2022-01-10 07:45:05.401325',NULL,34,0,NULL,1,NULL,1,NULL),(382,'Ace V-Taper Rotativ Gold S1',NULL,221,'2021-06-24 09:13:19.723127','2022-01-10 07:43:34.129558',NULL,34,0,NULL,1,NULL,1,NULL),(383,'Oglinzi Rhodium plane Top Vision FS',NULL,130,'2021-06-24 09:42:14.886471','2021-10-13 10:07:27.581322',NULL,34,0,NULL,1,NULL,1,NULL),(384,'Geistlich Bio Oss 1 - 2mm/0.5 gr',NULL,121,'2021-06-24 12:20:19.855792','2021-06-24 12:28:21.075791',NULL,8,0,NULL,0,NULL,1,NULL),(385,'Geistlich Bio Oss 0.25 - 1mm/0.5 gr',NULL,121,'2021-06-24 12:27:21.924708','2021-06-24 12:27:21.924744',NULL,8,0,NULL,0,NULL,1,NULL),(386,'Geistlich Bio Oss 0.25 - 1 mm/1 gr',NULL,121,'2021-06-24 12:28:04.540228','2021-06-24 12:28:04.540267',NULL,8,0,NULL,0,NULL,1,NULL),(387,'Geistlich Bio Oss 0.25 - 1 mm/2 gr',NULL,121,'2021-06-24 12:28:58.414792','2021-06-24 12:28:58.414826',NULL,8,0,NULL,0,NULL,1,NULL),(388,'Membrana Evolution X-Fine 30*30*0.2 mm',NULL,121,'2021-06-24 12:34:26.563446','2021-10-25 11:58:31.443916',NULL,8,0,NULL,0,NULL,1,NULL),(389,'Build-It FR A2',NULL,210,'2021-06-30 06:45:30.143567','2021-10-19 10:39:52.659078',NULL,31,0,NULL,0,NULL,1,NULL),(390,'Build-It FR A3',NULL,210,'2021-06-30 06:46:20.592677','2021-10-19 10:40:00.338879',NULL,31,0,NULL,0,NULL,1,NULL),(391,'Pasta profilaxie Cleanjoy',NULL,136,'2021-06-30 06:47:50.147405','2021-11-10 13:37:27.244993',NULL,33,0,NULL,0,NULL,1,NULL),(392,'Kavitan Plus A2',NULL,287,'2021-07-07 11:27:37.743118','2021-10-25 09:55:25.069033',NULL,35,0,NULL,0,NULL,1,NULL),(393,'Banda metalica interdentara 0.045 mm/06 mm*3 m',NULL,204,'2021-07-07 11:32:19.636631','2021-10-19 10:03:01.483518',NULL,8,0,NULL,1,NULL,1,NULL),(394,'Ace atraumatice',NULL,218,'2021-07-07 11:33:36.252652','2021-10-18 07:46:13.033539',NULL,34,0,NULL,0,NULL,1,NULL),(395,'TempSpan C&B A2',NULL,140,'2021-07-07 11:36:19.929114','2021-11-25 12:59:52.728808',NULL,33,0,NULL,0,NULL,1,NULL),(396,'TempSpan C&B A3',NULL,140,'2021-07-07 11:37:10.589540','2021-11-25 13:00:04.149523',NULL,33,0,NULL,0,NULL,1,NULL),(397,'Membrana Jason Pericard 30 x 40',NULL,121,'2021-07-07 11:59:43.632210','2021-10-25 11:58:41.971918',NULL,8,0,NULL,0,NULL,1,NULL),(398,'Opalescence Boost 40%',NULL,136,'2021-07-07 12:02:09.007715','2021-10-13 09:15:33.081489',NULL,31,0,NULL,0,NULL,1,NULL),(399,'Varfuri mixare 1:1',NULL,291,'2021-07-07 12:04:25.711213','2021-11-25 13:02:20.619193',NULL,37,0,NULL,0,NULL,1,NULL),(400,'Varfuri mixare 4:1',NULL,291,'2021-07-07 12:06:08.668836','2021-11-25 13:02:25.981102',NULL,37,0,NULL,0,NULL,1,NULL),(401,'Chloraxid 5.25% Extra',NULL,271,'2021-07-07 12:08:39.406661','2022-01-12 08:44:19.438686',NULL,29,0,NULL,0,NULL,1,NULL),(402,'Optragate 3D Small',NULL,285,'2021-07-07 12:10:49.139464','2021-11-10 13:18:31.877640',NULL,8,0,NULL,0,NULL,1,NULL),(403,'Optragate 3D Regular',NULL,285,'2021-07-07 12:11:53.254310','2021-11-10 13:17:42.837248',NULL,8,0,NULL,0,NULL,1,NULL),(405,'G-CEM One System Kit',NULL,139,'2021-09-29 08:24:31.884167','2022-01-11 13:45:35.993011',NULL,35,0,NULL,0,NULL,1,NULL),(406,'Acrytemp A3',NULL,210,'2021-10-18 09:46:22.606256','2021-10-19 09:30:39.599456',NULL,19,0,NULL,0,NULL,1,NULL),(407,'Ionosit',NULL,290,'2021-10-25 09:21:14.482217','2021-10-25 09:22:09.465186',NULL,31,0,NULL,1,NULL,1,NULL),(408,'Porcelain Etch',NULL,288,'2021-10-27 07:37:55.050932','2021-11-10 13:44:14.437415',NULL,31,0,NULL,0,NULL,1,NULL),(410,'G-Aenial Universal Injectable A1',NULL,138,'2022-01-03 11:45:13.825678','2022-01-03 11:45:47.262379',NULL,31,0,NULL,0,NULL,1,NULL),(411,'G-Aenial Universal Injectable A2',NULL,138,'2022-01-04 11:37:01.845210','2022-01-04 11:37:01.845257',NULL,31,0,NULL,1,NULL,1,NULL),(412,'G-Aenial Universal Injectable A3',NULL,138,'2022-01-04 11:37:33.155556','2022-01-04 11:37:33.155601',NULL,31,0,NULL,0,NULL,1,NULL),(413,'G-Aenial Universal Injectable A3.5',NULL,138,'2022-01-04 11:38:16.406085','2022-01-04 11:38:16.406126',NULL,31,0,NULL,0,NULL,1,NULL),(414,'G-Aenial Universal Injectable BW',NULL,138,'2022-01-04 11:38:58.135997','2022-01-04 11:38:58.136036',NULL,31,0,NULL,0,NULL,1,NULL),(415,'G-Aenial Universal Injectable XBW',NULL,138,'2022-01-04 11:39:31.529415','2022-01-04 11:39:31.529457',NULL,31,0,NULL,0,NULL,1,NULL),(416,'G-Aenial Universal Injectable B1',NULL,138,'2022-01-04 11:40:14.043689','2022-01-04 11:40:14.043733',NULL,31,0,NULL,0,NULL,1,NULL),(417,'G-Aenial Universal Injectable B2',NULL,138,'2022-01-04 11:41:27.275597','2022-01-04 11:41:27.275642',NULL,31,0,NULL,0,NULL,1,NULL),(418,'Essentia ML Masking Liner',NULL,138,'2022-01-04 11:50:17.944946','2022-01-04 11:50:17.944985',NULL,31,0,NULL,0,NULL,1,NULL),(419,'Essentia U Universal',NULL,138,'2022-01-04 11:51:22.757632','2022-01-04 11:51:22.757677',NULL,31,0,NULL,0,NULL,1,NULL),(420,'Essentia DE Dark Enamel',NULL,138,'2022-01-04 11:52:30.540175','2022-01-04 11:52:30.540212',NULL,31,0,NULL,0,NULL,1,NULL),(421,'Essentia LE Light Enamel',NULL,138,'2022-01-04 11:53:16.104408','2022-01-04 11:53:16.104460',NULL,31,0,NULL,0,NULL,1,NULL),(422,'Essentia DD Dark Dentin',NULL,138,'2022-01-04 11:53:56.425719','2022-01-04 11:53:56.425767',NULL,31,0,NULL,0,NULL,1,NULL),(423,'Essentia MD Medium Dentin',NULL,138,'2022-01-04 11:54:56.024945','2022-01-04 11:54:56.024990',NULL,31,0,NULL,0,NULL,1,NULL),(424,'Essentia LD Light Dentin',NULL,138,'2022-01-04 11:56:02.135486','2022-01-04 11:56:02.135523',NULL,31,0,NULL,0,NULL,1,NULL),(425,'Fuji Cem Evolve Automix',NULL,139,'2022-01-04 11:59:03.764307','2022-01-04 12:00:11.770583',NULL,31,0,NULL,0,NULL,1,NULL),(426,'Ace V-Taper Rotativ Gold F1',NULL,221,'2022-01-10 07:42:40.509981','2022-01-10 07:42:40.510022',NULL,34,0,NULL,1,NULL,1,NULL),(427,'Ace V-Taper Rotativ Gold F2',NULL,221,'2022-01-10 07:45:59.057878','2022-01-10 07:45:59.057922',NULL,34,0,NULL,1,NULL,1,NULL),(428,'Ace V-Taper Rotativ Gold F3',NULL,221,'2022-01-10 07:47:30.532820','2022-01-10 07:47:37.522315',NULL,21,0,NULL,1,NULL,1,NULL),(429,'Ace V-Taper Rotativ Gold SX-F3',NULL,221,'2022-01-10 07:52:45.607416','2022-01-10 07:52:45.607458',NULL,34,0,NULL,1,NULL,1,NULL),(430,'Ace V-Taper Rotativ Gold Sx-F3',NULL,221,'2022-01-10 07:54:28.049808','2022-01-10 07:54:28.049845',NULL,34,0,NULL,1,NULL,1,NULL),(431,'Ace V-Taper Rotativ Gold Sx',NULL,221,'2022-01-10 07:55:08.901142','2022-01-10 07:55:08.901183',NULL,34,0,NULL,1,NULL,1,NULL),(432,'Ace Protaper Rotativ Retratament D2',NULL,221,'2022-01-10 08:58:02.835299','2022-01-10 09:00:14.967302',NULL,18,0,NULL,1,NULL,1,NULL),(433,'Ace Protaper Rotativ Retratament D1',NULL,221,'2022-01-10 09:00:06.619574','2022-01-10 09:00:06.619622',NULL,18,0,NULL,1,NULL,1,NULL),(434,'Ace Protaper Rotativ Retratament D3',NULL,221,'2022-01-10 09:00:45.282064','2022-01-10 09:00:45.282102',NULL,18,0,NULL,1,NULL,1,NULL),(435,'Ace Protaper Rotativ Retratament D1D2D3',NULL,118,'2022-01-10 09:01:15.405086','2022-01-10 09:01:25.275937',NULL,18,0,NULL,1,NULL,1,NULL),(436,'Ketac Cem Radiopaque',NULL,139,'2022-01-11 13:42:12.149968','2022-01-11 13:47:44.881414',NULL,29,0,NULL,0,NULL,1,NULL),(437,'Ketac Molar Easymix Art',NULL,287,'2022-01-11 13:47:33.625835','2022-01-11 13:47:33.625886',NULL,29,0,NULL,0,NULL,1,NULL),(438,'Lidocain',NULL,281,'2022-01-12 08:46:20.170401','2022-01-12 08:46:20.170447',NULL,29,0,NULL,0,NULL,1,NULL),(439,'Cal LC',NULL,135,'2022-01-12 08:58:13.468286','2022-01-12 08:59:48.283104',NULL,31,0,NULL,0,NULL,1,NULL),(440,'Hidroxid De Calciu Life',NULL,139,'2022-01-12 09:08:44.826876','2022-01-12 09:11:37.397601',NULL,35,0,NULL,0,NULL,1,NULL),(441,'Gradia Flo A1',NULL,138,'2022-01-12 09:14:57.799505','2022-01-12 09:14:57.799556',NULL,31,0,NULL,0,NULL,1,NULL),(442,'Gradia LoFlo A1',NULL,138,'2022-01-12 09:16:06.392274','2022-01-12 09:16:06.392312',NULL,31,0,NULL,0,NULL,1,NULL),(443,'Pasta periaj Cleanic',NULL,136,'2022-01-12 09:18:24.850668','2022-01-12 09:19:53.226512',NULL,33,0,NULL,0,NULL,1,NULL),(444,'G879K014FG',NULL,306,'2022-01-12 12:48:49.892873','2022-03-14 08:56:24.699792',NULL,8,0,NULL,1,NULL,1,1),(445,'NT-06.20',NULL,306,'2022-01-12 13:02:45.041995','2022-03-16 08:05:49.885352',NULL,8,0,NULL,1,NULL,1,1),(448,'A182.11.090RA',NULL,306,'2022-01-12 13:06:37.315102','2022-03-15 13:00:58.976893',NULL,8,0,NULL,1,NULL,1,1),(449,'A182.11.100RA',NULL,306,'2022-01-12 13:07:35.751617','2022-03-15 13:04:17.571419',NULL,8,0,NULL,1,NULL,1,1),(450,'A182.11.120RA',NULL,306,'2022-01-12 13:08:08.780969','2022-03-15 13:04:29.726481',NULL,8,0,NULL,1,NULL,1,1),(452,'H1SNL008RAXL',NULL,306,'2022-01-13 07:43:45.006658','2022-03-16 08:03:44.693489',NULL,8,0,NULL,1,NULL,1,1),(453,'H1SNL010RAXL',NULL,306,'2022-01-13 07:46:12.424885','2022-03-16 08:04:04.525172',NULL,8,0,NULL,1,NULL,1,1),(454,'EC141A023HP',NULL,306,'2022-01-13 09:19:02.460175','2022-03-15 13:13:32.971602',NULL,8,0,NULL,1,NULL,1,1),(455,'EC141A027HP',NULL,306,'2022-01-13 09:19:53.640631','2022-03-15 13:13:42.990908',NULL,8,0,NULL,1,NULL,1,1),(456,'EC141A031HP',NULL,306,'2022-01-13 09:20:28.789879','2022-03-15 13:13:51.729949',NULL,8,0,NULL,1,NULL,1,1),(457,'EC141A035HP',NULL,306,'2022-01-13 09:22:12.323964','2022-03-15 13:14:00.645228',NULL,8,0,NULL,1,NULL,1,1),(458,'EC141A040HP',NULL,306,'2022-01-13 09:22:49.434046','2022-03-15 13:14:09.341071',NULL,8,0,NULL,1,NULL,1,1),(459,'EC141AC023HP',NULL,306,'2022-01-13 09:23:25.105692','2022-03-15 13:14:17.646159',NULL,8,0,NULL,1,NULL,1,1),(460,'EC141AC027HP',NULL,306,'2022-01-13 09:24:23.205267','2022-03-15 13:14:27.465852',NULL,8,0,NULL,1,NULL,1,1),(461,'EC141AC031HP',NULL,306,'2022-01-13 09:25:01.393721','2022-03-15 13:14:36.128528',NULL,8,0,NULL,1,NULL,1,1),(462,'EC141AC035HP',NULL,306,'2022-01-13 09:25:43.695975','2022-03-15 13:14:44.886650',NULL,8,0,NULL,1,NULL,1,1),(463,'EC141AC040HP',NULL,306,'2022-01-13 09:26:23.625914','2022-03-15 13:14:53.820410',NULL,8,0,NULL,1,NULL,1,1),(464,'EC141AC050HP',NULL,306,'2022-01-13 09:27:15.102631','2022-03-15 13:15:02.708743',NULL,8,0,NULL,1,NULL,1,1),(465,'EC141031HP',NULL,306,'2022-01-13 09:28:16.117286','2022-03-15 13:13:06.931784',NULL,8,0,NULL,1,NULL,1,1),(466,'EC141050HP',NULL,306,'2022-01-13 09:29:36.879140','2022-03-15 13:13:24.713402',NULL,8,0,NULL,1,NULL,1,1),(467,'EC141040HPL',NULL,306,'2022-01-13 09:30:46.260558','2022-03-15 13:13:14.623939',NULL,8,0,NULL,1,NULL,1,1),(468,'EC161016FGXL',NULL,306,'2022-01-13 09:31:24.188657','2022-03-15 13:15:30.005660',NULL,8,0,NULL,1,NULL,1,1),(469,'EC162016HP',NULL,306,'2022-01-13 09:32:07.923444','2022-03-15 11:00:59.558492',NULL,8,0,NULL,1,NULL,1,1),(470,'EC162A016FGXL',NULL,306,'2022-01-13 09:33:12.450242','2022-03-15 13:15:39.970548',NULL,8,0,NULL,1,NULL,1,1),(471,'EC254A012FGXL',NULL,306,'2022-01-13 09:35:31.447282','2022-03-15 10:59:52.837409',NULL,8,0,NULL,1,NULL,1,1),(472,'EC157011FGXL',NULL,306,'2022-01-13 09:36:31.820516','2022-03-15 13:15:12.545727',NULL,8,0,NULL,1,NULL,1,1),(473,'EC157016FGXL',NULL,306,'2022-01-13 10:36:06.105129','2022-03-15 13:15:21.921130',NULL,8,0,NULL,1,NULL,1,1),(474,'EC262016FGXL',NULL,306,'2022-01-13 10:36:47.925648','2022-03-15 13:22:21.287180',NULL,8,0,NULL,1,NULL,1,1),(475,'EC262016HP',NULL,306,'2022-01-13 10:37:25.169926','2022-03-15 13:23:00.397807',NULL,8,0,NULL,1,NULL,1,1),(476,'EC262016RAXL',NULL,306,'2022-01-13 10:38:09.714276','2022-03-15 13:24:23.562642',NULL,8,0,NULL,1,NULL,1,1),(477,'BC141035RAL',NULL,306,'2022-01-13 10:39:15.561900','2022-03-15 13:05:46.956112',NULL,8,0,NULL,1,NULL,1,1),(478,'BC141A035RAL',NULL,306,'2022-01-13 10:40:05.355706','2022-03-15 13:06:12.785047',NULL,8,0,NULL,1,NULL,1,1),(479,'BC141A023HP',NULL,306,'2022-01-13 10:40:48.285352','2022-03-15 13:05:56.419590',NULL,8,0,NULL,1,NULL,1,1),(480,'BC141A035HP',NULL,306,'2022-01-13 10:41:48.104246','2022-03-15 13:06:04.151361',NULL,8,0,NULL,1,NULL,1,1),(481,'G254014FGXXL',NULL,306,'2022-01-13 10:57:57.641736','2022-03-16 07:12:50.049627',NULL,8,0,NULL,1,NULL,1,1),(482,'GSD1016FG',NULL,306,'2022-01-14 08:26:10.100808','2022-03-16 07:56:31.600663',NULL,8,0,NULL,1,NULL,1,1),(483,'GSD1021RA',NULL,306,'2022-01-14 08:27:22.783243','2022-03-16 07:56:40.352106',NULL,8,0,NULL,1,NULL,1,1),(484,'STT250016FG',NULL,306,'2022-01-14 08:28:06.037851','2022-03-17 07:18:18.190625',NULL,8,0,NULL,1,NULL,1,1),(485,'368016FG',NULL,306,'2022-01-14 08:29:00.933943','2022-03-14 08:24:22.498681',NULL,8,0,NULL,1,NULL,1,1),(486,'379018FG',NULL,306,'2022-01-14 08:29:46.734277','2022-03-14 08:40:41.995087',NULL,8,0,NULL,1,NULL,1,1),(487,'G368016FG',NULL,306,'2022-01-14 08:31:23.191176','2022-03-16 07:12:59.879788',NULL,8,0,NULL,1,NULL,1,1),(488,'G368018FG',NULL,306,'2022-01-14 08:33:52.241539','2022-03-14 09:13:56.906635',NULL,8,0,NULL,1,NULL,1,1),(489,'G368023FG',NULL,306,'2022-01-14 08:37:09.575586','2022-03-16 07:13:09.732981',NULL,8,0,NULL,1,NULL,1,1),(490,'G369025FG',NULL,306,'2022-01-14 08:38:26.160238','2022-03-16 07:13:20.200111',NULL,8,0,NULL,1,NULL,1,1),(491,'G379014FG',NULL,306,'2022-01-14 08:38:56.732777','2022-03-16 07:13:28.987715',NULL,8,0,NULL,1,NULL,1,1),(492,'G379016FG',NULL,306,'2022-01-14 08:39:57.435529','2022-03-16 07:13:39.517582',NULL,8,0,NULL,1,NULL,1,1),(493,'G379018FG',NULL,306,'2022-01-14 08:40:32.342511','2022-03-16 07:13:50.243459',NULL,8,0,NULL,1,NULL,1,1),(494,'G379023FG',NULL,306,'2022-01-14 08:41:11.441331','2022-03-16 07:14:01.367755',NULL,8,0,NULL,1,NULL,1,1),(495,'G379029FG',NULL,306,'2022-01-14 08:41:47.170199','2022-03-16 07:14:10.056888',NULL,8,0,NULL,1,NULL,1,1),(496,'G811033FG',NULL,306,'2022-01-14 08:42:23.532085','2022-03-16 07:17:11.679759',NULL,8,0,NULL,1,NULL,1,1),(497,'G811037FG',NULL,306,'2022-01-14 08:43:35.829231','2022-03-14 09:15:26.951452',NULL,8,0,NULL,1,NULL,1,1),(498,'G899021FG',NULL,306,'2022-01-14 08:45:04.987613','2022-03-16 07:55:54.466284',NULL,8,0,NULL,1,NULL,1,1),(499,'SG368016FG',NULL,306,'2022-01-14 08:45:57.152931','2022-03-16 08:05:58.566647',NULL,8,0,NULL,1,NULL,1,1),(500,'SG368018FG',NULL,306,'2022-01-14 08:46:33.754143','2022-03-14 09:14:25.249977',NULL,8,0,NULL,1,NULL,1,1),(501,'SG811033FG',NULL,306,'2022-01-14 08:47:11.828551','2022-03-16 08:46:10.016099',NULL,8,0,NULL,1,NULL,1,1),(502,'SG811037FG',NULL,306,'2022-01-14 08:47:49.980595','2022-03-14 09:15:32.412498',NULL,8,0,NULL,1,NULL,1,1),(503,'SG899027FG',NULL,306,'2022-01-14 08:48:30.294933','2022-03-17 07:19:37.035004',NULL,8,0,NULL,1,NULL,1,1),(504,'835008FG',NULL,306,'2022-01-14 08:49:13.464530','2022-03-15 12:54:29.016601',NULL,8,0,NULL,1,NULL,1,1),(505,'835KR008FG',NULL,306,'2022-01-14 08:50:02.071645','2022-03-15 12:54:38.648339',NULL,8,0,NULL,1,NULL,1,1),(506,'835KR010FG',NULL,306,'2022-01-14 08:53:31.902165','2022-03-15 12:55:07.070417',NULL,8,0,NULL,1,NULL,1,1),(507,'836KR008FG',NULL,306,'2022-01-14 08:54:28.972931','2022-03-15 12:55:16.195656',NULL,8,0,NULL,1,NULL,1,1),(508,'836KR014FG',NULL,306,'2022-01-14 08:55:25.489836','2022-03-15 12:55:28.311168',NULL,8,0,NULL,1,NULL,1,1),(509,'837KR010FG',NULL,306,'2022-01-14 09:40:58.630804','2022-03-15 12:55:37.183849',NULL,8,0,NULL,1,NULL,1,1),(510,'839012FG',NULL,306,'2022-01-14 09:41:49.089085','2022-03-15 12:55:45.672049',NULL,8,0,NULL,1,NULL,1,1),(511,'840010FG',NULL,306,'2022-01-14 09:42:46.850087','2022-03-15 12:55:54.266978',NULL,8,0,NULL,1,NULL,1,1),(512,'840012FG',NULL,306,'2022-01-14 09:45:46.520035','2022-03-15 12:56:04.765609',NULL,8,0,NULL,1,NULL,1,1),(513,'878008FG',NULL,306,'2022-01-14 09:46:25.160160','2022-03-14 08:54:47.461791',NULL,8,0,NULL,1,NULL,1,1),(514,'878009FG',NULL,306,'2022-01-14 09:47:11.283589','2022-03-14 08:54:36.787551',NULL,8,0,NULL,1,NULL,1,1),(515,'881010FG',NULL,306,'2022-01-14 09:47:56.932592','2022-03-15 13:00:22.093766',NULL,8,0,NULL,1,NULL,1,1),(516,'881014FG',NULL,306,'2022-01-14 09:48:42.731798','2022-03-15 13:00:34.221873',NULL,8,0,NULL,1,NULL,1,1),(517,'G835010FG',NULL,306,'2022-01-14 09:49:28.121128','2022-03-16 07:37:51.025380',NULL,8,0,NULL,1,NULL,1,1),(518,'G836010FG',NULL,306,'2022-01-14 09:50:36.366253','2022-03-16 07:40:08.878760',NULL,8,0,NULL,1,NULL,1,1),(519,'G836KR010FG',NULL,306,'2022-01-14 09:51:36.983522','2022-03-16 07:40:19.568366',NULL,8,0,NULL,1,NULL,1,1),(520,'G836KR012FG',NULL,306,'2022-01-14 09:52:26.178078','2022-03-16 07:40:27.851932',NULL,8,0,NULL,1,NULL,1,1),(521,'G836KR016FG',NULL,306,'2022-01-14 09:53:07.390172','2022-03-16 07:40:36.620121',NULL,8,0,NULL,1,NULL,1,1),(522,'G837010FG',NULL,306,'2022-01-14 09:59:40.730403','2022-03-16 07:40:45.257887',NULL,8,0,NULL,1,NULL,1,1),(523,'G837014FG',NULL,306,'2022-01-14 10:00:22.650307','2022-03-16 07:40:54.977319',NULL,8,0,NULL,1,NULL,1,1),(524,'G837KR010FG',NULL,306,'2022-01-14 10:01:03.899223','2022-03-16 07:41:03.978429',NULL,8,0,NULL,1,NULL,1,1),(525,'G837KR012FG',NULL,306,'2022-01-14 10:02:24.968855','2022-03-16 07:41:15.820484',NULL,8,0,NULL,1,NULL,1,1),(526,'G837KR014FG',NULL,306,'2022-01-14 10:10:55.255511','2022-03-16 07:41:25.005018',NULL,8,0,NULL,1,NULL,1,1),(527,'G837L012FG',NULL,306,'2022-01-14 10:11:42.444045','2022-03-16 07:41:36.310325',NULL,8,0,NULL,1,NULL,1,1),(528,'G838010FG',NULL,306,'2022-01-14 10:12:29.726691','2022-03-16 07:41:48.239321',NULL,8,0,NULL,1,NULL,1,1),(529,'G838012FG',NULL,306,'2022-01-14 10:13:02.840944','2022-03-16 07:41:57.075023',NULL,8,0,NULL,1,NULL,1,1),(530,'G842014FG',NULL,306,'2022-01-14 10:13:42.556842','2022-03-16 07:42:09.044689',NULL,8,0,NULL,1,NULL,1,1),(531,'G877012FG',NULL,306,'2022-01-14 10:14:21.443066','2022-03-16 07:51:38.470624',NULL,8,0,NULL,1,NULL,1,1),(532,'G878010FG',NULL,306,'2022-01-14 10:14:54.618255','2022-03-14 08:54:00.049371',NULL,8,0,NULL,1,NULL,1,1),(533,'G878012FG',NULL,306,'2022-01-14 10:15:29.933537','2022-03-14 08:54:05.917162',NULL,8,0,NULL,1,NULL,1,1),(534,'G879010FG',NULL,306,'2022-01-14 10:16:08.990457','2022-03-14 08:55:59.208459',NULL,8,0,NULL,1,NULL,1,1),(535,'G879012FG',NULL,306,'2022-01-14 10:16:57.158633','2022-03-14 08:55:44.394872',NULL,8,0,NULL,1,NULL,1,1),(536,'G879014FG',NULL,306,'2022-01-14 10:17:30.644419','2022-03-14 08:56:05.274438',NULL,8,0,NULL,1,NULL,1,1),(537,'G879016FG',NULL,306,'2022-01-14 10:18:02.763653','2022-03-14 08:56:13.167791',NULL,8,0,NULL,1,NULL,1,1),(538,'G879L012FG',NULL,306,'2022-01-14 10:21:24.220911','2022-03-14 08:56:41.687531',NULL,8,0,NULL,1,NULL,1,1),(539,'G879L014FG',NULL,306,'2022-01-14 10:22:30.516049','2022-03-14 08:56:50.783373',NULL,8,0,NULL,1,NULL,1,1),(540,'G880012FG',NULL,306,'2022-01-14 10:23:15.729704','2022-03-16 07:51:51.434041',NULL,8,0,NULL,1,NULL,1,1),(541,'G880014FG',NULL,306,'2022-01-14 10:25:06.772927','2022-03-16 07:52:00.514579',NULL,8,0,NULL,1,NULL,1,1),(542,'G881010FG',NULL,306,'2022-01-14 10:26:50.585728','2022-03-16 07:52:10.742892',NULL,8,0,NULL,1,NULL,1,1),(543,'G881012FG',NULL,306,'2022-01-14 10:27:25.974045','2022-03-16 07:54:09.689184',NULL,8,0,NULL,1,NULL,1,1),(544,'G881014FG',NULL,306,'2022-01-14 10:27:59.589394','2022-03-16 07:54:20.212911',NULL,8,0,NULL,1,NULL,1,1),(545,'G882012FG',NULL,306,'2022-01-14 10:28:35.282502','2022-03-16 07:54:29.089672',NULL,8,0,NULL,1,NULL,1,1),(546,'G882014FG',NULL,306,'2022-01-14 10:29:53.759423','2022-03-16 07:54:39.324093',NULL,8,0,NULL,1,NULL,1,1),(547,'G884012FG',NULL,306,'2022-01-14 10:30:45.182335','2022-03-16 07:54:57.864704',NULL,8,0,NULL,1,NULL,1,1),(548,'G886012FG',NULL,306,'2022-01-14 10:31:36.521561','2022-03-16 07:55:07.082701',NULL,8,0,NULL,1,NULL,1,1),(549,'G886014FG',NULL,306,'2022-01-14 10:32:25.086113','2022-03-16 07:55:17.963475',NULL,8,0,NULL,1,NULL,1,1),(550,'G886016FG',NULL,306,'2022-01-14 10:33:05.290042','2022-03-16 07:55:27.691958',NULL,8,0,NULL,1,NULL,1,1),(551,'SG836KR014FG',NULL,306,'2022-01-14 10:33:46.637464','2022-03-14 08:52:25.028547',NULL,8,0,NULL,1,NULL,1,1),(552,'SG837012FG',NULL,306,'2022-01-14 10:34:29.040766','2022-03-14 08:52:34.244688',NULL,8,0,NULL,1,NULL,1,1),(553,'SG837KR012FG',NULL,306,'2022-01-14 10:35:14.737854','2022-03-14 08:52:57.347854',NULL,8,0,NULL,1,NULL,1,1),(554,'SG837KR014FG',NULL,306,'2022-01-14 10:35:58.604519','2022-03-14 08:53:03.832026',NULL,8,0,NULL,1,NULL,1,1),(555,'SG837KR016FG',NULL,306,'2022-01-14 10:36:46.890848','2022-03-14 08:53:10.260653',NULL,8,0,NULL,1,NULL,1,1),(556,'SG842012FG',NULL,306,'2022-01-14 10:37:46.687845','2022-03-16 08:46:56.497376',NULL,8,0,NULL,1,NULL,1,1),(557,'SG878012FG',NULL,306,'2022-01-14 10:38:23.669187','2022-03-14 08:54:11.397408',NULL,8,0,NULL,1,NULL,1,1),(558,'SG879012FG',NULL,306,'2022-01-14 10:39:03.752310','2022-03-14 08:55:50.352427',NULL,8,0,NULL,1,NULL,1,1),(559,'SG879014FG',NULL,306,'2022-01-14 10:39:48.200226','2022-03-14 08:56:56.666070',NULL,8,0,NULL,1,NULL,1,1),(560,'SG879016FG',NULL,306,'2022-01-14 10:40:20.265508','2022-03-14 08:57:02.230975',NULL,8,0,NULL,1,NULL,1,1),(561,'SG880014FG',NULL,306,'2022-01-14 10:40:57.248750','2022-03-16 13:36:11.820164',NULL,8,0,NULL,1,NULL,1,1),(562,'SG881014FG',NULL,306,'2022-01-14 10:44:05.838159','2022-03-16 13:36:30.708944',NULL,8,0,NULL,1,NULL,1,1),(563,'SG881KS012FG',NULL,306,'2022-01-14 10:46:22.945561','2022-03-16 13:36:40.417820',NULL,8,0,NULL,1,NULL,1,1),(564,'Discuri finisare Sof-Lex coarse',NULL,283,'2022-01-14 12:29:40.015957','2022-01-14 12:29:40.015995',NULL,37,0,NULL,1,NULL,1,NULL),(565,'Discuri finisare Sof-Lex fine',NULL,283,'2022-01-14 12:31:14.310010','2022-01-14 12:31:14.310062',NULL,37,0,NULL,1,NULL,1,NULL),(566,'Discuri finisare Sof-Lex medium',NULL,283,'2022-01-14 12:31:51.706982','2022-01-14 12:31:51.707028',NULL,37,0,NULL,1,NULL,1,NULL),(567,'Discuri finisare Sof-Lex superfine',NULL,283,'2022-01-14 12:32:54.847442','2022-01-14 12:32:54.847491',NULL,37,0,NULL,1,NULL,1,NULL),(568,'SG881KS014FG',NULL,306,'2022-01-14 12:46:47.741822','2022-03-16 13:36:50.701761',NULL,8,0,NULL,1,NULL,1,1),(569,'SG881KS015FG',NULL,306,'2022-01-14 12:47:25.438104','2022-03-16 13:37:00.211415',NULL,8,0,NULL,1,NULL,1,1),(570,'SG881KS016FG',NULL,306,'2022-01-14 12:48:00.239436','2022-03-16 13:37:09.836758',NULL,8,0,NULL,1,NULL,1,1),(571,'SG882014FG',NULL,306,'2022-01-14 12:48:41.998601','2022-03-16 13:37:47.848026',NULL,8,0,NULL,1,NULL,1,1),(572,'SG885012FG',NULL,306,'2022-01-14 12:49:50.617210','2022-03-16 13:37:57.918694',NULL,8,0,NULL,1,NULL,1,1),(573,'SG885018FG',NULL,306,'2022-01-14 12:50:29.808070','2022-03-16 13:38:07.186201',NULL,8,0,NULL,1,NULL,1,1),(574,'SG886012FG',NULL,306,'2022-01-14 12:51:09.774961','2022-03-16 13:38:18.962935',NULL,8,0,NULL,1,NULL,1,1),(575,'SG886014FG',NULL,306,'2022-01-14 12:51:59.089862','2022-03-17 07:19:56.534053',NULL,8,0,NULL,1,NULL,1,1),(576,'SG886016FG',NULL,306,'2022-01-14 12:52:34.263162','2022-03-17 07:19:46.715550',NULL,8,0,NULL,1,NULL,1,1),(577,'G813014FG',NULL,306,'2022-01-14 12:53:09.424117','2022-03-16 07:19:44.584760',NULL,8,0,NULL,1,NULL,1,1),(578,'805008FG',NULL,306,'2022-01-14 12:53:44.736214','2022-03-15 12:47:11.757431',NULL,8,0,NULL,1,NULL,1,1),(579,'805009FG',NULL,306,'2022-01-14 12:54:18.114000','2022-03-15 12:47:21.266624',NULL,8,0,NULL,1,NULL,1,1),(580,'805010FG',NULL,306,'2022-01-14 12:54:52.051950','2022-03-15 12:47:33.340630',NULL,8,0,NULL,1,NULL,1,1),(581,'806009FG',NULL,306,'2022-01-14 12:55:27.359257','2022-03-15 12:52:08.054876',NULL,8,0,NULL,1,NULL,1,1),(582,'806010FG',NULL,306,'2022-01-14 12:56:02.020280','2022-03-15 12:52:18.055166',NULL,8,0,NULL,1,NULL,1,1),(583,'806012FG',NULL,306,'2022-01-14 12:57:53.549315','2022-03-15 12:52:26.688264',NULL,8,0,NULL,1,NULL,1,1),(584,'G805012FG',NULL,306,'2022-01-14 12:58:26.303552','2022-03-16 07:15:58.369219',NULL,8,0,NULL,1,NULL,1,1),(585,'G805018FG',NULL,306,'2022-01-14 12:58:57.683909','2022-03-16 07:16:52.362261',NULL,8,0,NULL,1,NULL,1,1),(586,'G807012FG',NULL,306,'2022-01-14 12:59:28.364690','2022-03-16 07:17:01.251464',NULL,8,0,NULL,1,NULL,1,1),(587,'Cutie pentru 120 Servetele dezinfectante Dentiro',NULL,104,'2022-01-17 08:55:20.205488','2022-02-14 10:01:17.432964',NULL,34,0,NULL,1,NULL,1,NULL),(588,'Dezinfectant Maini Oromed Gel',NULL,104,'2022-01-17 09:35:08.650398','2022-01-17 09:35:08.650443',NULL,29,0,NULL,1,NULL,1,NULL),(589,'Dezinfectant Maini Oromed Gel',NULL,104,'2022-01-17 09:36:07.345406','2022-01-17 09:36:17.739278',NULL,8,0,NULL,1,NULL,1,NULL),(590,'SG805016FG',NULL,306,'2022-01-17 10:34:05.830944','2022-03-16 08:45:26.881639',NULL,8,0,NULL,1,NULL,1,1),(591,'SG805021FG',NULL,306,'2022-01-17 10:35:07.746173','2022-03-16 08:45:36.780469',NULL,8,0,NULL,1,NULL,1,1),(592,'SG806014FG',NULL,306,'2022-01-17 10:35:43.430906','2022-03-16 08:45:47.010401',NULL,8,0,NULL,1,NULL,1,1),(593,'SG806018FG',NULL,306,'2022-01-17 10:36:24.917918','2022-03-16 08:45:55.747868',NULL,8,0,NULL,1,NULL,1,1),(594,'GF844014FG',NULL,306,'2022-01-17 10:37:04.365472','2022-03-16 07:56:09.665758',NULL,8,0,NULL,1,NULL,1,1),(595,'GF844016FG',NULL,306,'2022-01-17 10:37:41.933096','2022-03-16 07:56:19.002684',NULL,8,0,NULL,1,NULL,1,1),(596,'G850KR014FG',NULL,306,'2022-01-17 10:40:50.410234','2022-03-16 07:47:16.611250',NULL,8,0,NULL,1,NULL,1,1),(597,'851010FG',NULL,306,'2022-01-17 10:41:26.329571','2022-03-15 12:57:01.140639',NULL,8,0,NULL,1,NULL,1,1),(598,'851012FG',NULL,306,'2022-01-17 10:44:41.002543','2022-03-15 12:57:09.448033',NULL,8,0,NULL,1,NULL,1,1),(599,'857016FG',NULL,306,'2022-01-17 10:45:40.393102','2022-03-15 12:58:02.733478',NULL,8,0,NULL,1,NULL,1,1),(600,'G851012FG',NULL,306,'2022-01-17 10:46:36.846873','2022-03-16 07:48:21.185538',NULL,8,0,NULL,1,NULL,1,1),(601,'G851016FG',NULL,306,'2022-01-17 10:47:43.405254','2022-03-16 07:48:31.193293',NULL,8,0,NULL,1,NULL,1,1),(602,'G857012FG',NULL,306,'2022-01-17 10:48:34.588760','2022-03-16 07:49:58.225875',NULL,8,0,NULL,1,NULL,1,1),(603,'G857014FG',NULL,306,'2022-01-17 10:49:22.304228','2022-03-16 07:50:07.463938',NULL,8,0,NULL,1,NULL,1,1),(604,'SG857014FG',NULL,306,'2022-01-17 10:56:57.069158','2022-03-16 13:35:48.790573',NULL,8,0,NULL,1,NULL,1,1),(605,'845010FG',NULL,306,'2022-01-17 10:57:40.001165','2022-03-15 12:56:14.933532',NULL,8,0,NULL,1,NULL,1,1),(606,'848L012FG',NULL,306,'2022-01-17 10:59:08.695443','2022-03-15 12:56:25.144089',NULL,8,0,NULL,1,NULL,1,1),(607,'G847010FG',NULL,306,'2022-01-17 11:00:47.652402','2022-03-16 07:42:18.449187',NULL,8,0,NULL,1,NULL,1,1),(608,'G847012FG',NULL,306,'2022-01-17 11:01:36.970017','2022-03-16 07:42:28.882251',NULL,8,0,NULL,1,NULL,1,1),(609,'G847016FG',NULL,306,'2022-01-17 11:02:25.504589','2022-03-16 07:42:38.000173',NULL,8,0,NULL,1,NULL,1,1),(610,'G848010FG',NULL,306,'2022-01-17 11:03:37.133814','2022-03-16 07:42:48.388132',NULL,8,0,NULL,1,NULL,1,1),(611,'G848012FG',NULL,306,'2022-01-17 11:04:35.052519','2022-03-16 07:42:57.041383',NULL,8,0,NULL,1,NULL,1,1),(612,'G848016FG',NULL,306,'2022-01-17 11:05:23.815023','2022-03-16 07:43:54.206844',NULL,8,0,NULL,1,NULL,1,1),(613,'G848L014FG',NULL,306,'2022-01-17 11:06:08.348616','2022-03-16 07:44:04.849671',NULL,8,0,NULL,1,NULL,1,1),(614,'G848L016FG',NULL,306,'2022-01-17 11:06:51.677861','2022-03-16 07:46:10.388745',NULL,8,0,NULL,1,NULL,1,1),(615,'SG847016FG',NULL,306,'2022-01-17 11:07:37.812347','2022-03-16 08:47:56.970639',NULL,8,0,NULL,1,NULL,1,1),(616,'SG847018FG',NULL,306,'2022-01-17 11:08:18.770743','2022-03-16 08:48:07.151970',NULL,8,0,NULL,1,NULL,1,1),(617,'SG848016FG',NULL,306,'2022-01-18 10:31:46.071732','2022-03-16 09:08:12.487352',NULL,8,0,NULL,1,NULL,1,1),(618,'SG848L014FG',NULL,306,'2022-01-18 10:32:38.551917','2022-03-16 09:08:22.461534',NULL,8,0,NULL,1,NULL,1,1),(619,'858010FG',NULL,306,'2022-01-18 10:33:17.865609','2022-03-15 12:58:12.400064',NULL,8,0,NULL,1,NULL,1,1),(620,'858012FG',NULL,306,'2022-01-18 10:34:01.453426','2022-03-15 12:58:20.469244',NULL,8,0,NULL,1,NULL,1,1),(621,'858014FG',NULL,306,'2022-01-18 10:36:29.222171','2022-03-15 12:58:29.475053',NULL,8,0,NULL,1,NULL,1,1),(622,'859010FG',NULL,306,'2022-01-18 10:38:00.899153','2022-03-15 12:58:46.155175',NULL,8,0,NULL,1,NULL,1,1),(623,'859012FG',NULL,306,'2022-01-18 10:39:28.441654','2022-03-15 12:58:54.079509',NULL,8,0,NULL,1,NULL,1,1),(624,'859014FG',NULL,130,'2022-01-18 10:40:08.739542','2022-01-18 10:40:08.739583',NULL,8,0,NULL,1,NULL,1,NULL),(625,'859L010FG',NULL,306,'2022-01-18 10:40:47.788201','2022-03-14 09:15:47.578520',NULL,8,0,NULL,1,NULL,1,1),(626,'859L014FG',NULL,306,'2022-01-18 10:41:22.217775','2022-03-15 12:59:04.535349',NULL,8,0,NULL,1,NULL,1,1),(627,'G852012FG',NULL,306,'2022-01-18 10:42:14.700835','2022-03-16 07:48:41.011715',NULL,8,0,NULL,1,NULL,1,1),(628,'G852023FG',NULL,306,'2022-01-18 10:42:50.545047','2022-03-16 07:48:50.037983',NULL,8,0,NULL,1,NULL,1,1),(629,'G858010FG',NULL,306,'2022-01-18 10:43:32.014716','2022-03-14 09:21:12.167237',NULL,8,0,NULL,1,NULL,1,1),(630,'G858012FG',NULL,306,'2022-01-18 10:44:11.228776','2022-03-14 09:21:21.268575',NULL,8,0,NULL,1,NULL,1,1),(631,'G858014FG',NULL,306,'2022-01-18 10:45:27.574373','2022-03-14 09:21:26.579908',NULL,8,0,NULL,1,NULL,1,1),(632,'G858016FG',NULL,306,'2022-01-18 10:46:18.853888','2022-03-14 09:21:32.189371',NULL,8,0,NULL,1,NULL,1,1),(633,'G858018FG',NULL,306,'2022-01-18 10:47:06.064083','2022-03-14 09:21:37.373604',NULL,8,0,NULL,1,NULL,1,1),(634,'G859010FG',NULL,306,'2022-01-18 10:47:44.197635','2022-03-14 09:22:04.536581',NULL,8,0,NULL,1,NULL,1,1),(635,'G859012FG',NULL,306,'2022-01-18 10:48:23.228956','2022-03-14 09:22:14.946689',NULL,8,0,NULL,1,NULL,1,1),(636,'G859014FG',NULL,306,'2022-01-18 10:49:54.410995','2022-03-14 09:22:21.695470',NULL,8,0,NULL,1,NULL,1,1),(637,'G859016FG',NULL,306,'2022-01-18 10:51:23.488849','2022-03-14 09:22:29.921539',NULL,8,0,NULL,1,NULL,1,1),(638,'G859021FG',NULL,306,'2022-01-18 10:52:02.100937','2022-03-14 09:22:35.809081',NULL,8,0,NULL,1,NULL,1,1),(639,'G859L014FG',NULL,306,'2022-01-18 10:52:46.812624','2022-03-14 09:22:42.181356',NULL,8,0,NULL,1,NULL,1,1),(640,'SG858016FG',NULL,306,'2022-01-18 10:53:21.833428','2022-03-14 09:21:42.652366',NULL,8,0,NULL,1,NULL,1,1),(641,'SG859L016FG',NULL,306,'2022-01-18 10:54:10.003249','2022-03-14 09:22:47.702089',NULL,8,0,NULL,1,NULL,1,1),(642,'849009FG',NULL,306,'2022-01-18 10:55:05.605868','2022-03-15 12:56:34.046412',NULL,8,0,NULL,1,NULL,1,1),(643,'849010FG',NULL,306,'2022-01-18 10:55:47.078645','2022-03-15 12:56:42.867512',NULL,8,0,NULL,1,NULL,1,1),(644,'850L012FG',NULL,306,'2022-01-18 10:56:26.233518','2022-03-15 12:56:51.371924',NULL,8,0,NULL,1,NULL,1,1),(645,'856009FG',NULL,306,'2022-01-18 10:57:12.408481','2022-03-15 12:57:18.546218',NULL,8,0,NULL,1,NULL,1,1),(646,'856010FG',NULL,306,'2022-01-18 10:58:11.286276','2022-03-15 12:57:26.657946',NULL,8,0,NULL,1,NULL,1,1),(647,'856L014FG',NULL,306,'2022-01-18 10:58:52.043427','2022-03-15 12:57:36.693097',NULL,8,0,NULL,1,NULL,1,1),(648,'856L016FG',NULL,306,'2022-01-18 10:59:38.736000','2022-03-15 12:57:44.655545',NULL,8,0,NULL,1,NULL,1,1),(649,'G850010FG',NULL,306,'2022-01-18 11:00:21.142756','2022-03-16 07:46:20.053201',NULL,8,0,NULL,1,NULL,1,1),(650,'G850012FG',NULL,306,'2022-01-18 11:01:00.270713','2022-03-16 07:46:30.115423',NULL,8,0,NULL,1,NULL,1,1),(651,'G850014FG',NULL,306,'2022-01-18 11:01:38.599943','2022-03-16 07:46:44.858302',NULL,8,0,NULL,1,NULL,1,1),(652,'G850016FG',NULL,306,'2022-01-18 11:02:17.582235','2022-03-16 07:46:55.164001',NULL,8,0,NULL,1,NULL,1,1),(653,'G850018FG',NULL,306,'2022-01-18 11:02:55.863151','2022-03-16 07:47:07.147986',NULL,8,0,NULL,1,NULL,1,1),(654,'G850L012FG',NULL,306,'2022-01-18 11:03:32.896726','2022-03-16 07:47:26.836910',NULL,8,0,NULL,1,NULL,1,1),(655,'G850L014FG',NULL,306,'2022-01-18 11:04:05.290002','2022-03-16 07:47:41.411797',NULL,8,0,NULL,1,NULL,1,1),(656,'G850L018FG',NULL,306,'2022-01-18 11:15:54.835427','2022-03-16 07:47:51.457476',NULL,8,0,NULL,1,NULL,1,1),(657,'G855014FG',NULL,306,'2022-01-18 11:19:19.926017','2022-03-16 07:49:02.797577',NULL,8,0,NULL,1,NULL,1,1),(658,'G856012FG',NULL,306,'2022-01-18 11:20:26.266694','2022-03-16 07:49:12.529775',NULL,8,0,NULL,1,NULL,1,1),(659,'G856014FG',NULL,306,'2022-01-18 11:22:43.104282','2022-03-16 07:49:22.102642',NULL,8,0,NULL,1,NULL,1,1),(660,'G856016FG',NULL,306,'2022-01-18 11:23:16.928499','2022-03-16 07:49:31.232728',NULL,8,0,NULL,1,NULL,1,1),(661,'G856L014FG',NULL,306,'2022-01-18 11:23:48.396125','2022-03-16 07:49:40.651331',NULL,8,0,NULL,1,NULL,1,1),(662,'G856L016FG',NULL,306,'2022-01-18 11:24:28.233265','2022-03-16 07:49:49.628557',NULL,8,0,NULL,1,NULL,1,1),(663,'SG850014FG',NULL,306,'2022-01-18 11:25:03.207039','2022-03-16 09:08:33.415950',NULL,8,0,NULL,1,NULL,1,1),(664,'SG850016FG',NULL,306,'2022-01-18 11:25:37.100144','2022-03-16 09:08:44.244483',NULL,8,0,NULL,1,NULL,1,1),(665,'SG850018FG',NULL,306,'2022-01-18 11:26:10.205239','2022-03-16 09:08:56.710266',NULL,8,0,NULL,1,NULL,1,1),(666,'SG850023FG',NULL,306,'2022-01-18 11:26:56.113242','2022-03-16 09:09:05.772533',NULL,8,0,NULL,1,NULL,1,1),(667,'SG850L014FG',NULL,306,'2022-01-18 11:27:26.855859','2022-03-16 09:09:21.972260',NULL,8,0,NULL,1,NULL,1,1),(668,'SG850L016FG',NULL,306,'2022-01-18 11:28:29.665242','2022-03-16 13:33:29.185904',NULL,8,0,NULL,1,NULL,1,1),(669,'SG850L018FG',NULL,306,'2022-01-18 11:29:38.795696','2022-03-16 13:33:53.847714',NULL,8,0,NULL,1,NULL,1,1),(670,'SG856012FG',NULL,306,'2022-01-18 11:34:19.986643','2022-03-16 13:34:48.274919',NULL,8,0,NULL,1,NULL,1,1),(671,'SG856016FG',NULL,306,'2022-01-18 11:34:59.042760','2022-03-16 13:34:58.976013',NULL,8,0,NULL,1,NULL,1,1),(672,'SG856021FG',NULL,306,'2022-01-18 11:35:35.244778','2022-03-16 13:35:11.798117',NULL,8,0,NULL,1,NULL,1,1),(673,'SG856L014FG',NULL,306,'2022-01-18 11:36:08.118811','2022-03-16 13:35:22.029147',NULL,8,0,NULL,1,NULL,1,1),(674,'SG856L016FG',NULL,306,'2022-01-18 11:37:20.978000','2022-03-16 13:35:31.758126',NULL,8,0,NULL,1,NULL,1,1),(675,'SG998016FG',NULL,306,'2022-01-18 11:49:23.171364','2022-03-17 07:19:28.317135',NULL,8,0,NULL,1,NULL,1,1),(676,'SG998021FG',NULL,306,'2022-01-18 12:30:21.619565','2022-03-17 07:19:19.506906',NULL,8,0,NULL,1,NULL,1,1),(677,'G879K012FG',NULL,306,'2022-01-18 12:31:01.392562','2022-03-14 08:56:19.110327',NULL,8,0,NULL,1,NULL,1,1),(678,'G879K016FG',NULL,306,'2022-01-18 12:41:20.237566','2022-03-14 08:56:31.807599',NULL,8,0,NULL,1,NULL,1,1),(679,'833021FG',NULL,306,'2022-01-18 12:41:54.799518','2022-03-15 12:54:10.059129',NULL,8,0,NULL,1,NULL,1,1),(680,'833031FG',NULL,306,'2022-01-18 12:42:26.823814','2022-03-15 12:54:19.848646',NULL,8,0,NULL,1,NULL,1,1),(681,'G860010FG',NULL,306,'2022-01-18 12:43:55.418732','2022-03-16 07:50:23.337612',NULL,8,0,NULL,1,NULL,1,1),(682,'G860014FG',NULL,306,'2022-01-18 12:44:27.920062','2022-03-16 07:50:33.465953',NULL,8,0,NULL,1,NULL,1,1),(683,'G861012FG',NULL,306,'2022-01-18 12:45:02.220357','2022-03-16 07:50:45.295414',NULL,8,0,NULL,1,NULL,1,1),(684,'G863012FG',NULL,306,'2022-01-18 12:47:53.907685','2022-03-16 07:50:55.691014',NULL,8,0,NULL,1,NULL,1,1),(685,'G863014FG',NULL,306,'2022-01-18 12:49:11.057119','2022-03-16 07:51:04.121250',NULL,8,0,NULL,1,NULL,1,1),(686,'G863016FG',NULL,306,'2022-01-18 12:51:07.841455','2022-03-16 07:51:16.256937',NULL,8,0,NULL,1,NULL,1,1),(687,'G883010FG',NULL,306,'2022-01-18 12:51:40.852453','2022-03-16 07:54:48.130043',NULL,8,0,NULL,1,NULL,1,1),(688,'G888012FG',NULL,306,'2022-01-18 12:52:18.232655','2022-03-16 07:55:36.414336',NULL,8,0,NULL,1,NULL,1,1),(689,'SG862012FG',NULL,306,'2022-01-18 12:52:54.983973','2022-03-14 12:38:49.226810',NULL,8,0,NULL,1,NULL,1,1),(690,'SG863012FG',NULL,306,'2022-01-18 12:54:03.689324','2022-03-16 13:35:59.649786',NULL,8,0,NULL,1,NULL,1,1),(691,'G889010FG',NULL,306,'2022-01-18 12:54:50.227879','2022-03-16 07:55:45.850109',NULL,8,0,NULL,1,NULL,1,1),(692,'864012FG',NULL,306,'2022-01-18 12:55:25.720562','2022-03-15 12:59:30.849265',NULL,8,0,NULL,1,NULL,1,1),(693,'G864014FG',NULL,306,'2022-01-18 12:56:07.201730','2022-03-16 07:51:28.485515',NULL,8,0,NULL,1,NULL,1,1),(694,'801007FG',NULL,306,'2022-01-18 12:57:01.736251','2022-03-15 12:44:37.027810',NULL,8,0,NULL,1,NULL,1,1),(695,'801008FG',NULL,306,'2022-01-18 12:57:41.537896','2022-03-15 12:44:45.538722',NULL,8,0,NULL,1,NULL,1,1),(696,'801009FG',NULL,306,'2022-01-18 12:58:19.765488','2022-03-15 12:44:58.970692',NULL,8,0,NULL,1,NULL,1,1),(697,'801010FG',NULL,306,'2022-01-18 13:09:18.804666','2022-03-14 08:51:10.711371',NULL,8,0,NULL,1,NULL,1,1),(698,'801012FG',NULL,306,'2022-01-18 13:10:15.583703','2022-03-15 12:45:11.939364',NULL,8,0,NULL,1,NULL,1,1),(699,'G801012FG',NULL,306,'2022-01-18 13:23:58.884730','2022-03-14 12:36:27.972777',NULL,8,0,NULL,1,NULL,1,1),(700,'G801014FG',NULL,306,'2022-01-18 13:25:37.585006','2022-03-16 07:14:29.416542',NULL,8,0,NULL,1,NULL,1,1),(701,'G801016FG',NULL,306,'2022-01-18 13:26:08.494121','2022-03-16 07:14:37.860059',NULL,8,0,NULL,1,NULL,1,1),(702,'G801018FG',NULL,306,'2022-01-18 13:27:01.162297','2022-03-16 07:14:48.632598',NULL,8,0,NULL,1,NULL,1,1),(703,'G801021FG',NULL,306,'2022-01-18 13:27:31.983165','2022-03-16 07:14:57.431226',NULL,8,0,NULL,1,NULL,1,1),(704,'SG801012FG',NULL,306,'2022-01-18 13:28:03.832408','2022-03-14 12:36:33.831701',NULL,8,0,NULL,1,NULL,1,1),(705,'SG801014FG',NULL,306,'2022-01-18 13:28:37.186882','2022-03-14 08:50:45.244863',NULL,8,0,NULL,1,NULL,1,1),(706,'SG801016FG',NULL,306,'2022-01-18 13:29:28.370982','2022-03-17 07:20:34.087899',NULL,8,0,NULL,1,NULL,1,1),(707,'SG801018FG',NULL,306,'2022-01-18 13:30:00.964999','2022-03-17 07:20:23.231669',NULL,8,0,NULL,1,NULL,1,1),(708,'SG801021FG',NULL,306,'2022-01-18 13:38:40.374118','2022-03-17 07:20:14.207057',NULL,8,0,NULL,1,NULL,1,1),(709,'801L016FG',NULL,306,'2022-01-18 13:39:22.409695','2022-03-15 12:46:18.195136',NULL,8,0,NULL,1,NULL,1,1),(710,'G801L014FG',NULL,306,'2022-01-18 13:40:23.747145','2022-03-14 12:35:59.781420',NULL,8,0,NULL,1,NULL,1,1),(711,'G801L016FG',NULL,306,'2022-01-18 13:41:03.671106','2022-03-16 07:15:07.788737',NULL,8,0,NULL,1,NULL,1,1),(712,'G801L023FG',NULL,306,'2022-01-18 13:42:14.064490','2022-03-16 07:15:20.117535',NULL,8,0,NULL,1,NULL,1,1),(713,'G801L029FG',NULL,306,'2022-01-18 13:42:47.407689','2022-03-16 07:15:30.178340',NULL,8,0,NULL,1,NULL,1,1),(714,'SG801L014FG',NULL,306,'2022-01-18 13:43:32.334089','2022-03-14 12:36:06.067855',NULL,8,0,NULL,1,NULL,1,1),(715,'SG801L016FG',NULL,306,'2022-01-19 06:57:18.859401','2022-03-14 08:50:32.421360',NULL,8,0,NULL,1,NULL,1,1),(716,'SG801L023FG',NULL,306,'2022-01-19 06:58:06.510883','2022-03-16 08:06:50.262744',NULL,8,0,NULL,1,NULL,1,1),(717,'SG801L029FG',NULL,306,'2022-01-19 06:58:40.650815','2022-03-16 08:06:59.932772',NULL,8,0,NULL,1,NULL,1,1),(718,'801010FGXL',NULL,306,'2022-01-19 06:59:15.728401','2022-03-14 08:51:17.710341',NULL,8,0,NULL,1,NULL,1,1),(719,'801012FGXL',NULL,306,'2022-01-19 06:59:50.325907','2022-03-15 12:45:20.784381',NULL,8,0,NULL,1,NULL,1,1),(720,'802008FG',NULL,306,'2022-01-19 07:00:26.995166','2022-03-15 12:46:26.655481',NULL,8,0,NULL,1,NULL,1,1),(721,'802009FG',NULL,306,'2022-01-19 07:01:00.611371','2022-03-15 12:46:34.931118',NULL,8,0,NULL,1,NULL,1,1),(722,'802016FG',NULL,306,'2022-01-19 07:01:37.890941','2022-03-15 12:46:44.998787',NULL,8,0,NULL,1,NULL,1,1),(723,'802L013FG',NULL,306,'2022-01-19 07:02:11.275788','2022-03-15 12:46:54.322361',NULL,8,0,NULL,1,NULL,1,1),(724,'802L016FG',NULL,306,'2022-01-19 07:03:02.614551','2022-03-15 12:47:02.479427',NULL,8,0,NULL,1,NULL,1,1),(725,'392016FG',NULL,306,'2022-01-19 07:03:39.565695','2022-03-14 08:40:53.289668',NULL,8,0,NULL,1,NULL,1,1),(726,'834016FG',NULL,306,'2022-01-19 07:04:19.569217','2022-03-14 10:16:58.709620',NULL,8,0,NULL,1,NULL,1,1),(727,'834021FG',NULL,306,'2022-01-19 07:05:17.144507','2022-03-14 10:17:04.745631',NULL,8,0,NULL,1,NULL,1,1),(728,'834A031FG',NULL,306,'2022-01-19 07:05:58.921284','2022-03-14 10:17:10.608899',NULL,8,0,NULL,1,NULL,1,1),(729,'868A021FG',NULL,306,'2022-01-19 07:06:37.033648','2022-03-15 13:00:11.869623',NULL,8,0,NULL,1,NULL,1,1),(730,'822008FG',NULL,306,'2022-01-19 07:07:11.924738','2022-03-15 12:52:45.387059',NULL,8,0,NULL,1,NULL,1,1),(731,'830008FG',NULL,306,'2022-01-19 07:07:50.635446','2022-03-15 12:52:53.741847',NULL,8,0,NULL,1,NULL,1,1),(732,'830009FG',NULL,306,'2022-01-19 07:08:45.408275','2022-03-15 12:53:01.551522',NULL,8,0,NULL,1,NULL,1,1),(733,'830012FG',NULL,306,'2022-01-19 07:09:23.092768','2022-03-15 12:53:10.075747',NULL,8,0,NULL,1,NULL,1,1),(734,'830014FG',NULL,306,'2022-01-19 07:10:09.953615','2022-03-15 12:53:20.068313',NULL,8,0,NULL,1,NULL,1,1),(735,'G822008FG',NULL,306,'2022-01-19 07:10:52.101758','2022-03-16 07:34:59.229743',NULL,8,0,NULL,1,NULL,1,1),(736,'G822010FG',NULL,306,'2022-01-19 07:11:39.964449','2022-03-16 07:37:19.082186',NULL,8,0,NULL,1,NULL,1,1),(737,'G822012FG',NULL,306,'2022-01-19 07:12:20.216984','2022-03-16 07:37:29.848372',NULL,8,0,NULL,1,NULL,1,1),(738,'SG822012FG',NULL,306,'2022-01-19 07:13:02.292153','2022-03-16 08:46:28.292667',NULL,8,0,NULL,1,NULL,1,1),(739,'G830L012FG',NULL,306,'2022-01-19 07:13:41.877297','2022-03-16 07:37:38.509000',NULL,8,0,NULL,1,NULL,1,1),(740,'G656018FG',NULL,306,'2022-01-19 07:14:26.252633','2022-03-16 07:14:19.754886',NULL,8,0,NULL,1,NULL,1,1),(741,'SG652018FG',NULL,306,'2022-01-19 07:15:03.420765','2022-03-17 07:20:44.134009',NULL,8,0,NULL,1,NULL,1,1),(742,'818035FG',NULL,306,'2022-01-19 07:15:57.520886','2022-03-15 12:52:34.813206',NULL,8,0,NULL,1,NULL,1,1),(743,'909027FG',NULL,306,'2022-01-19 07:16:33.680927','2022-03-15 13:00:47.800484',NULL,8,0,NULL,1,NULL,1,1),(744,'G817047FG',NULL,306,'2022-01-19 07:17:11.172198','2022-03-16 07:33:40.861180',NULL,8,0,NULL,1,NULL,1,1),(745,'G818040FG',NULL,306,'2022-01-19 07:17:52.862662','2022-03-16 07:34:32.236656',NULL,8,0,NULL,1,NULL,1,1),(746,'G818050FG',NULL,306,'2022-01-19 07:18:33.670093','2022-03-16 07:34:41.689795',NULL,8,0,NULL,1,NULL,1,1),(747,'G909040FG',NULL,306,'2022-01-19 07:19:07.533658','2022-03-14 10:15:52.310822',NULL,8,0,NULL,1,NULL,1,1),(748,'C368016FG',NULL,306,'2022-01-19 10:42:57.061209','2022-03-15 13:08:22.332918',NULL,8,0,NULL,1,NULL,1,1),(749,'C368018FG',NULL,306,'2022-01-19 10:43:30.220074','2022-03-15 13:08:31.384656',NULL,8,0,NULL,1,NULL,1,1),(750,'C379016FG',NULL,306,'2022-01-19 10:47:10.296902','2022-03-15 13:08:48.565865',NULL,8,0,NULL,1,NULL,1,1),(751,'F368016FG',NULL,306,'2022-01-19 10:48:14.432509','2022-03-14 11:58:45.668943',NULL,8,0,NULL,1,NULL,1,1),(752,'F368018FG',NULL,306,'2022-01-19 10:51:54.956352','2022-03-14 11:58:58.105253',NULL,8,0,NULL,1,NULL,1,1),(753,'F368023FG',NULL,306,'2022-01-19 10:53:16.893565','2022-03-14 11:59:10.788553',NULL,8,0,NULL,1,NULL,1,1),(754,'F369025FG',NULL,306,'2022-01-19 10:53:55.973319','2022-03-14 11:59:22.610552',NULL,8,0,NULL,1,NULL,1,1),(755,'F379014FG',NULL,306,'2022-01-19 10:54:32.691523','2022-03-14 11:59:35.069329',NULL,8,0,NULL,1,NULL,1,1),(756,'F379016FG',NULL,306,'2022-01-19 10:57:11.653195','2022-03-14 11:59:46.373461',NULL,8,0,NULL,1,NULL,1,1),(757,'F379018FG',NULL,306,'2022-01-19 10:59:56.541316','2022-03-14 11:59:59.200501',NULL,8,0,NULL,1,NULL,1,1),(758,'F379023FG',NULL,306,'2022-01-19 11:00:56.204916','2022-03-14 12:00:10.630861',NULL,8,0,NULL,1,NULL,1,1),(759,'F390016FG',NULL,306,'2022-01-19 11:01:55.605815','2022-03-14 12:00:23.054254',NULL,8,0,NULL,1,NULL,1,1),(760,'BA001007FG',NULL,306,'2022-01-19 11:07:09.357532','2022-03-15 13:04:39.399353',NULL,8,0,NULL,1,NULL,1,1),(761,'BA274007FG',NULL,306,'2022-01-19 11:07:44.651104','2022-03-15 13:05:28.337002',NULL,8,0,NULL,1,NULL,1,1),(762,'BA277009FG',NULL,306,'2022-01-19 11:08:30.550395','2022-03-15 13:05:38.649388',NULL,8,0,NULL,1,NULL,1,1),(763,'C878010FG',NULL,306,'2022-01-19 11:09:07.989809','2022-03-14 08:54:53.450566',NULL,8,0,NULL,1,NULL,1,1),(764,'C881012FG',NULL,306,'2022-01-19 11:10:00.028944','2022-03-15 13:10:47.528565',NULL,8,0,NULL,1,NULL,1,1),(765,'C882012FG',NULL,306,'2022-01-19 11:10:40.205743','2022-03-15 13:10:56.144369',NULL,8,0,NULL,1,NULL,1,1),(766,'Os orig porcin 2.4 cc/1.00g - 0.25 - 1.0 mm',NULL,121,'2022-01-19 12:09:46.896160','2022-01-19 12:09:46.896205',NULL,8,0,NULL,1,NULL,1,NULL),(767,'Os orig porcin 3.6 cc/1.00g - 1.0 - 2.0 mm',NULL,121,'2022-01-19 13:13:03.889904','2022-01-19 13:13:03.889952',NULL,8,0,NULL,1,NULL,1,NULL),(768,'Os orig porcin 4.8 cc/2.00g - 0.25 - 1.0 mm',NULL,121,'2022-01-19 13:13:52.342862','2022-01-19 13:13:52.342923',NULL,8,0,NULL,1,NULL,1,NULL),(769,'F836010FG',NULL,306,'2022-01-19 18:48:50.740527','2022-03-14 12:01:36.331422',NULL,8,0,NULL,1,NULL,1,1),(770,'F837KR010FG',NULL,306,'2022-01-19 18:51:23.875782','2022-03-14 12:01:49.636090',NULL,8,0,NULL,1,NULL,1,1),(771,'F837KR012FG',NULL,306,'2022-01-19 18:53:12.872716','2022-03-14 12:02:02.429597',NULL,8,0,NULL,1,NULL,1,1),(772,'F837KR014FG',NULL,306,'2022-01-19 18:54:01.685432','2022-03-14 12:02:13.488323',NULL,8,0,NULL,1,NULL,1,1),(773,'F878008FG',NULL,306,'2022-01-19 18:54:56.896665','2022-03-14 08:55:19.741476',NULL,8,0,NULL,1,NULL,1,1),(774,'F879016FG',NULL,306,'2022-01-19 18:55:42.712784','2022-03-15 13:26:31.236554',NULL,8,0,NULL,1,NULL,1,1),(775,'F880012FG',NULL,306,'2022-01-19 18:56:26.753088','2022-03-16 07:07:38.236548',NULL,8,0,NULL,1,NULL,1,1),(776,'F881010FG',NULL,306,'2022-01-19 18:57:10.286802','2022-03-16 07:07:47.404357',NULL,8,0,NULL,1,NULL,1,1),(777,'F881012FG',NULL,306,'2022-01-19 18:57:49.588402','2022-03-16 07:08:12.730289',NULL,8,0,NULL,1,NULL,1,1),(778,'F881014FG',NULL,306,'2022-01-19 19:02:19.861087','2022-03-16 07:08:22.699565',NULL,8,0,NULL,1,NULL,1,1),(779,'F882012FG',NULL,306,'2022-01-19 19:03:06.208246','2022-03-16 07:08:53.589914',NULL,8,0,NULL,1,NULL,1,1),(780,'F882014FG',NULL,306,'2022-01-19 19:03:56.956014','2022-03-16 07:09:03.571722',NULL,8,0,NULL,1,NULL,1,1),(781,'F886012FG',NULL,306,'2022-01-19 19:04:35.946516','2022-03-16 07:09:13.561265',NULL,8,0,NULL,1,NULL,1,1),(782,'F886014FG',NULL,306,'2022-01-19 19:05:20.217416','2022-03-16 07:09:23.341463',NULL,8,0,NULL,1,NULL,1,1),(783,'F886016FG',NULL,306,'2022-01-19 19:06:25.978191','2022-03-16 07:09:32.510705',NULL,8,0,NULL,1,NULL,1,1),(784,'C833021FG',NULL,306,'2022-01-19 19:07:21.194867','2022-03-15 13:09:15.299193',NULL,8,0,NULL,1,NULL,1,1),(785,'C848010FG',NULL,306,'2022-01-19 19:08:17.662886','2022-03-15 13:09:26.890013',NULL,8,0,NULL,1,NULL,1,1),(786,'C850010FG',NULL,306,'2022-01-19 19:08:57.512230','2022-03-15 13:09:36.386619',NULL,8,0,NULL,1,NULL,1,1),(787,'C850012FG',NULL,306,'2022-01-19 19:10:01.911901','2022-03-15 13:09:44.799657',NULL,8,0,NULL,1,NULL,1,1),(788,'C850018FG',NULL,306,'2022-01-19 19:11:02.069387','2022-03-15 13:09:54.354895',NULL,8,0,NULL,1,NULL,1,1),(789,'C856010FG',NULL,306,'2022-01-19 19:11:50.172283','2022-03-15 13:10:04.320320',NULL,8,0,NULL,1,NULL,1,1),(790,'C858010FG',NULL,306,'2022-01-19 19:12:33.621707','2022-03-14 10:19:18.910272',NULL,8,0,NULL,1,NULL,1,1),(791,'C858012FG',NULL,306,'2022-01-19 19:13:22.206402','2022-03-14 10:19:25.619778',NULL,8,0,NULL,1,NULL,1,1),(792,'C858016FG',NULL,306,'2022-01-19 19:14:03.928035','2022-03-14 10:19:31.821996',NULL,8,0,NULL,1,NULL,1,1),(793,'C859010FG',NULL,306,'2022-01-19 19:15:05.125131','2022-03-15 13:10:14.570905',NULL,8,0,NULL,1,NULL,1,1),(794,'C859012FG',NULL,306,'2022-01-19 19:15:57.949041','2022-03-15 13:10:22.625625',NULL,8,0,NULL,1,NULL,1,1),(795,'C859L010FG',NULL,306,'2022-01-19 19:16:47.310791','2022-03-14 09:15:53.529248',NULL,8,0,NULL,1,NULL,1,1),(796,'F833018FG',NULL,306,'2022-01-19 19:17:30.114834','2022-03-14 12:01:11.533641',NULL,8,0,NULL,1,NULL,1,1),(797,'F833021FG',NULL,306,'2022-01-19 19:18:32.941051','2022-03-14 12:01:24.213304',NULL,8,0,NULL,1,NULL,1,1),(798,'F847010FG',NULL,306,'2022-01-19 19:19:24.288540','2022-03-14 12:02:27.929095',NULL,8,0,NULL,1,NULL,1,1),(799,'F847012FG',NULL,306,'2022-01-19 19:20:16.600262','2022-03-14 12:02:39.175447',NULL,8,0,NULL,1,NULL,1,1),(800,'F848010FG',NULL,306,'2022-01-19 19:20:53.479631','2022-03-14 12:02:51.925772',NULL,8,0,NULL,1,NULL,1,1),(801,'F848012FG',NULL,306,'2022-01-19 19:21:38.858318','2022-03-14 12:03:02.671839',NULL,8,0,NULL,1,NULL,1,1),(802,'F850010FG',NULL,306,'2022-01-19 19:22:30.703755','2022-03-14 12:03:26.652335',NULL,8,0,NULL,1,NULL,1,1),(803,'F850012FG',NULL,306,'2022-01-19 19:23:17.577882','2022-03-14 12:03:38.602570',NULL,8,0,NULL,1,NULL,1,1),(804,'F850014FG',NULL,306,'2022-01-19 19:23:55.880629','2022-03-14 12:03:50.715528',NULL,8,0,NULL,1,NULL,1,1),(805,'F850L012FG',NULL,306,'2022-01-19 19:25:08.798400','2022-03-14 12:04:02.666570',NULL,8,0,NULL,1,NULL,1,1),(806,'F851010FG',NULL,306,'2022-01-19 19:25:48.826484','2022-03-14 12:04:23.913688',NULL,8,0,NULL,1,NULL,1,1),(807,'F851012FG',NULL,306,'2022-01-19 19:27:09.381413','2022-03-14 12:04:34.939266',NULL,8,0,NULL,1,NULL,1,1),(808,'F852012FG',NULL,306,'2022-01-19 19:28:20.024438','2022-03-14 10:17:49.285561',NULL,8,0,NULL,1,NULL,1,1),(809,'F856010FG',NULL,306,'2022-01-19 19:29:20.105691','2022-03-14 12:24:03.967526',NULL,8,0,NULL,1,NULL,1,1),(810,'F856012FG',NULL,306,'2022-01-19 19:30:47.354374','2022-03-14 12:23:50.694239',NULL,8,0,NULL,1,NULL,1,1),(811,'F856014FG',NULL,306,'2022-01-19 19:31:42.094815','2022-03-14 12:24:26.742920',NULL,8,0,NULL,1,NULL,1,1),(812,'F856L016FG',NULL,306,'2022-01-19 19:32:16.044062','2022-03-14 12:24:38.999126',NULL,8,0,NULL,1,NULL,1,1),(813,'F857014FG',NULL,306,'2022-01-19 19:36:53.690431','2022-03-14 12:24:50.096309',NULL,8,0,NULL,1,NULL,1,1),(814,'F858010FG',NULL,306,'2022-01-19 19:37:33.903922','2022-03-14 10:18:36.621727',NULL,8,0,NULL,1,NULL,1,1),(815,'F858012FG',NULL,306,'2022-01-21 13:05:49.299462','2022-03-14 10:18:42.668507',NULL,8,0,NULL,1,NULL,1,1),(816,'F858014FG',NULL,306,'2022-01-21 13:06:32.500706','2022-03-14 10:18:48.660662',NULL,8,0,NULL,1,NULL,1,1),(817,'F858016FG',NULL,306,'2022-01-21 13:07:29.637582','2022-03-14 10:18:55.087430',NULL,8,0,NULL,1,NULL,1,1),(818,'F859010FG',NULL,306,'2022-01-21 13:08:02.582106','2022-03-14 12:25:16.189938',NULL,8,0,NULL,1,NULL,1,1),(819,'F859012FG',NULL,306,'2022-01-21 13:09:00.802984','2022-03-15 13:25:29.379693',NULL,8,0,NULL,1,NULL,1,1),(820,'F859014FG',NULL,306,'2022-01-21 13:09:40.558534','2022-03-15 13:25:38.541221',NULL,8,0,NULL,1,NULL,1,1),(821,'F859016FG',NULL,306,'2022-01-21 13:23:32.386700','2022-03-15 13:25:48.110844',NULL,8,0,NULL,1,NULL,1,1),(822,'F859018FG',NULL,306,'2022-01-21 13:24:26.159445','2022-03-15 13:25:56.903578',NULL,8,0,NULL,1,NULL,1,1),(823,'F859L010FG',NULL,306,'2022-01-21 13:25:52.728007','2022-03-14 09:15:58.930658',NULL,8,0,NULL,1,NULL,1,1),(824,'F859L014FG',NULL,306,'2022-01-21 13:26:27.150758','2022-03-15 13:26:11.075898',NULL,8,0,NULL,1,NULL,1,1),(825,'F970023FG',NULL,306,'2022-01-21 13:27:45.588107','2022-03-16 07:10:08.640835',NULL,8,0,NULL,1,NULL,1,1),(826,'C862009FG',NULL,306,'2022-01-21 13:28:31.126659','2022-03-14 10:15:18.353339',NULL,8,0,NULL,1,NULL,1,1),(827,'F862012FG',NULL,306,'2022-01-21 13:29:10.439199','2022-03-14 12:38:43.323339',NULL,8,0,NULL,1,NULL,1,1),(828,'F863010FG',NULL,306,'2022-01-21 13:29:43.948104','2022-03-14 10:20:04.661254',NULL,8,0,NULL,1,NULL,1,1),(829,'F864012FG',NULL,306,'2022-01-21 13:30:21.949562','2022-03-15 13:26:21.578675',NULL,8,0,NULL,1,NULL,1,1),(830,'F889009FG',NULL,306,'2022-01-21 13:30:56.580680','2022-03-16 07:09:42.189305',NULL,8,0,NULL,1,NULL,1,1),(831,'F889010FG',NULL,306,'2022-01-21 13:31:34.131510','2022-03-16 07:09:59.075519',NULL,8,0,NULL,1,NULL,1,1),(832,'C801014FG',NULL,306,'2022-01-21 13:32:16.356141','2022-03-15 13:08:57.462558',NULL,8,0,NULL,1,NULL,1,1),(833,'F801007FG',NULL,306,'2022-01-21 13:32:58.296676','2022-03-14 11:30:27.558098',NULL,8,0,NULL,1,NULL,1,1),(834,'F801008FG',NULL,306,'2022-01-21 13:33:39.562942','2022-03-14 11:30:33.104545',NULL,8,0,NULL,1,NULL,1,1),(835,'F801009FG',NULL,306,'2022-01-21 13:34:47.287881','2022-03-14 11:30:19.377608',NULL,8,0,NULL,1,NULL,1,1),(836,'F801010FG',NULL,306,'2022-01-21 13:35:30.120679','2022-03-14 08:51:29.171721',NULL,8,0,NULL,1,NULL,1,1),(837,'F801012FG',NULL,306,'2022-01-21 13:38:36.229135','2022-03-14 11:30:40.226067',NULL,8,0,NULL,1,NULL,1,1),(838,'F801014FG',NULL,306,'2022-01-21 13:39:07.907093','2022-03-14 11:30:48.169643',NULL,8,0,NULL,1,NULL,1,1),(839,'F801016FG',NULL,306,'2022-01-21 13:39:39.790323','2022-03-14 08:49:00.049701',NULL,8,0,NULL,1,NULL,1,1),(840,'F801018FG',NULL,306,'2022-01-21 13:40:10.740312','2022-03-14 11:30:54.898349',NULL,8,0,NULL,1,NULL,1,1),(841,'F801021FG',NULL,306,'2022-01-21 13:40:43.874906','2022-03-14 11:31:00.314667',NULL,8,0,NULL,1,NULL,1,1),(842,'F392016FG',NULL,306,'2022-01-21 13:41:15.283467','2022-03-14 12:00:34.322312',NULL,8,0,NULL,1,NULL,1,1),(843,'C830012FG',NULL,306,'2022-01-21 13:41:49.788367','2022-03-15 13:09:06.093929',NULL,8,0,NULL,1,NULL,1,1),(844,'F830010FG',NULL,306,'2022-01-21 13:42:25.005107','2022-03-14 12:00:48.241607',NULL,8,0,NULL,1,NULL,1,1),(845,'F830L014FG',NULL,306,'2022-01-21 13:42:56.971243','2022-03-14 12:01:00.539358',NULL,8,0,NULL,1,NULL,1,1),(846,'805010RA',NULL,306,'2022-01-21 13:43:31.035392','2022-03-15 12:50:37.011816',NULL,8,0,NULL,1,NULL,1,1),(847,'805012RA',NULL,306,'2022-01-21 13:44:03.712161','2022-03-15 12:51:46.170930',NULL,8,0,NULL,1,NULL,1,1),(848,'805014RA',NULL,306,'2022-01-21 13:44:34.583345','2022-03-15 12:51:55.049282',NULL,8,0,NULL,1,NULL,1,1),(849,'801010RA',NULL,306,'2022-01-21 13:45:16.179848','2022-03-14 08:51:23.071556',NULL,8,0,NULL,1,NULL,1,1),(850,'801012RA',NULL,306,'2022-01-21 13:46:42.938297','2022-03-15 12:45:32.343755',NULL,8,0,NULL,1,NULL,1,1),(851,'801014RA',NULL,306,'2022-01-21 13:47:19.481834','2022-03-15 12:45:51.149497',NULL,8,0,NULL,1,NULL,1,1),(852,'801016RA',NULL,306,'2022-01-21 13:47:56.331628','2022-03-15 12:46:00.548625',NULL,8,0,NULL,1,NULL,1,1),(853,'FV850012FG',NULL,306,'2022-01-21 13:48:26.943678','2022-03-16 07:11:14.499664',NULL,8,0,NULL,1,NULL,1,1),(854,'V863012FG',NULL,306,'2022-01-21 13:49:00.456239','2022-03-17 07:17:34.294044',NULL,8,0,NULL,1,NULL,1,1),(855,'V863016FG',NULL,306,'2022-01-21 13:49:31.386928','2022-03-17 07:17:48.577738',NULL,8,0,NULL,1,NULL,1,1),(856,'CD69G012FG',NULL,306,'2022-01-22 19:11:25.259484','2022-03-15 13:11:55.445726',NULL,8,0,NULL,1,NULL,1,1),(857,'CD72012FG',NULL,306,'2022-01-22 19:12:37.667893','2022-03-15 13:12:09.119513',NULL,8,0,NULL,1,NULL,1,1),(858,'CD72014FG',NULL,306,'2022-01-22 19:34:22.412797','2022-03-15 13:12:23.438926',NULL,8,0,NULL,1,NULL,1,1),(859,'CD33014FG',NULL,306,'2022-01-22 19:56:48.760570','2022-03-15 13:11:05.577799',NULL,8,0,NULL,1,NULL,1,1),(860,'CD33F012FG',NULL,306,'2022-01-22 20:00:22.329538','2022-03-15 13:11:14.413967',NULL,8,0,NULL,1,NULL,1,1),(861,'CD33G012FG',NULL,306,'2022-01-22 20:18:12.480177','2022-03-15 13:11:25.587889',NULL,8,0,NULL,1,NULL,1,1),(862,'CD34012FG',NULL,306,'2022-01-22 20:18:46.035931','2022-03-15 13:11:33.872994',NULL,8,0,NULL,1,NULL,1,1),(863,'CD34014FG',NULL,306,'2022-01-22 20:19:27.783938','2022-03-15 13:11:45.352486',NULL,8,0,NULL,1,NULL,1,1),(864,'KC369025FG',NULL,306,'2022-01-22 20:21:29.465839','2022-03-16 08:04:50.634223',NULL,8,0,NULL,1,NULL,1,1),(865,'KF369025FG',NULL,306,'2022-01-22 20:22:01.521561','2022-03-16 08:05:00.309318',NULL,8,0,NULL,1,NULL,1,1),(866,'K879014FG',NULL,306,'2022-01-22 20:22:34.723155','2022-03-14 08:50:14.426084',NULL,8,0,NULL,1,NULL,1,1),(867,'K881016FG',NULL,306,'2022-01-24 07:54:32.561150','2022-03-14 08:50:08.782983',NULL,8,0,NULL,1,NULL,1,1),(868,'KF879014FG',NULL,306,'2022-01-24 07:56:17.333759','2022-03-16 08:05:19.680108',NULL,8,0,NULL,1,NULL,1,1),(869,'KF881016FG',NULL,306,'2022-01-24 07:57:11.123185','2022-03-16 08:05:39.212894',NULL,8,0,NULL,1,NULL,1,1),(870,'KF856016FG',NULL,306,'2022-01-24 07:58:06.858639','2022-03-16 08:05:09.799385',NULL,8,0,NULL,1,NULL,1,1),(871,'KF859L010FG',NULL,306,'2022-01-24 07:58:59.552151','2022-03-14 09:16:05.105858',NULL,8,0,NULL,1,NULL,1,1),(872,'KF801L014FG',NULL,306,'2022-01-24 07:59:50.116062','2022-03-14 11:31:06.086241',NULL,8,0,NULL,1,NULL,1,1),(873,'GV863012FG',NULL,306,'2022-01-24 08:01:07.942175','2022-03-16 08:02:09.182358',NULL,8,0,NULL,1,NULL,1,1),(874,'GV863016FG',NULL,306,'2022-01-24 08:02:52.178688','2022-03-16 08:02:18.800127',NULL,8,0,NULL,1,NULL,1,1),(875,'GV878K014FG',NULL,306,'2022-01-24 08:03:53.417280','2022-03-16 08:02:27.626023',NULL,8,0,NULL,1,NULL,1,1),(876,'GW379023FG',NULL,306,'2022-01-24 08:04:36.805616','2022-03-16 08:02:38.078491',NULL,8,0,NULL,1,NULL,1,1),(877,'GW881014FG',NULL,306,'2022-01-24 08:05:21.349201','2022-03-16 08:02:47.111354',NULL,8,0,NULL,1,NULL,1,1),(878,'GW881016FG',NULL,306,'2022-01-24 08:06:21.191951','2022-03-16 08:02:57.138283',NULL,8,0,NULL,1,NULL,1,1),(879,'801035HP',NULL,306,'2022-01-24 08:07:18.815453','2022-03-15 10:59:14.689399',NULL,8,0,NULL,1,NULL,1,1),(880,'G815016FG',NULL,306,'2022-01-24 08:09:33.113070','2022-03-14 10:20:40.090500',NULL,8,0,NULL,1,NULL,1,1),(881,'EC1S006FG',NULL,306,'2022-01-24 08:10:29.336114','2022-03-15 13:15:48.927817',NULL,8,0,NULL,1,NULL,1,1),(882,'EC1S008FG',NULL,306,'2022-01-24 08:12:01.944423','2022-03-15 13:15:56.927076',NULL,8,0,NULL,1,NULL,1,1),(883,'EC1S012FG',NULL,306,'2022-01-24 08:12:47.888191','2022-03-15 13:16:14.763922',NULL,8,0,NULL,1,NULL,1,1),(884,'EC1S014FG',NULL,306,'2022-01-24 08:13:32.499513','2022-03-15 13:16:32.439949',NULL,8,0,NULL,1,NULL,1,1),(885,'EC1S014FGXL',NULL,306,'2022-01-24 08:14:15.363055','2022-03-15 13:16:41.826968',NULL,8,0,NULL,1,NULL,1,1),(886,'EC1S016FG',NULL,306,'2022-01-24 08:14:57.307843','2022-03-15 13:17:16.228401',NULL,8,0,NULL,1,NULL,1,1),(887,'H1014FG',NULL,306,'2022-01-24 08:15:51.237562','2022-03-16 08:03:06.357152',NULL,8,0,NULL,1,NULL,1,1),(888,'H1016FG',NULL,306,'2022-01-24 08:16:47.036747','2022-03-16 08:03:17.000662',NULL,8,0,NULL,1,NULL,1,1),(889,'EC2012RA',NULL,306,'2022-01-24 08:17:45.455327','2022-03-14 12:34:12.126906',NULL,8,0,NULL,1,NULL,1,1),(890,'BC1SX008RA',NULL,306,'2022-01-24 08:19:02.055017','2022-03-15 13:06:21.666211',NULL,8,0,NULL,1,NULL,1,1),(891,'BC1SX010RA',NULL,306,'2022-01-24 08:21:32.316959','2022-03-15 13:06:29.804300',NULL,8,0,NULL,1,NULL,1,1),(892,'BC1SX012RA',NULL,306,'2022-01-24 08:22:30.171500','2022-03-15 13:06:39.993538',NULL,8,0,NULL,1,NULL,1,1),(893,'BC1SX014RA',NULL,306,'2022-01-24 08:23:28.791360','2022-03-15 13:06:48.955399',NULL,8,0,NULL,1,NULL,1,1),(894,'BC1SX014RAL',NULL,306,'2022-01-24 08:25:12.558879','2022-03-15 13:06:58.609238',NULL,8,0,NULL,1,NULL,1,1),(895,'BC1SX018RA',NULL,306,'2022-01-24 08:27:06.452629','2022-03-15 13:07:07.751110',NULL,8,0,NULL,1,NULL,1,1),(896,'BC1SX018RAL',NULL,306,'2022-01-24 08:28:03.874348','2022-03-15 13:07:16.295867',NULL,8,0,NULL,1,NULL,1,1),(897,'BC1SX023RAL',NULL,306,'2022-01-24 08:29:26.596628','2022-03-15 13:07:26.032995',NULL,8,0,NULL,1,NULL,1,1),(898,'BC1SXM010RA',NULL,306,'2022-01-24 08:30:28.574123','2022-03-15 13:07:34.312109',NULL,8,0,NULL,1,NULL,1,1),(899,'BC1SXM010RAL',NULL,306,'2022-01-24 08:31:14.409147','2022-03-15 13:07:43.017580',NULL,8,0,NULL,1,NULL,1,1),(900,'BC1SXM012RA',NULL,306,'2022-01-24 08:33:34.949274','2022-03-14 12:32:12.823770',NULL,8,0,NULL,1,NULL,1,1),(901,'BC1SXM014RA',NULL,306,'2022-01-24 08:34:31.802925','2022-03-14 11:29:39.555813',NULL,8,0,NULL,1,NULL,1,1),(902,'BC1SXM014RAL',NULL,306,'2022-01-24 08:35:32.591810','2022-03-14 11:29:46.974076',NULL,8,0,NULL,1,NULL,1,1),(903,'BC1SXM016RA',NULL,306,'2022-01-24 08:36:39.538665','2022-03-14 11:29:18.314677',NULL,8,0,NULL,1,NULL,1,1),(904,'BC1SXM018RA',NULL,306,'2022-01-24 08:37:24.256416','2022-03-14 12:33:53.420825',NULL,8,0,NULL,1,NULL,1,1),(905,'BC1SXM018RAL',NULL,306,'2022-01-24 08:38:30.647228','2022-03-14 12:33:46.151929',NULL,8,0,NULL,1,NULL,1,1),(906,'BC1SXM021RA',NULL,306,'2022-01-24 08:39:44.236627','2022-03-14 12:33:06.854389',NULL,8,0,NULL,1,NULL,1,1),(907,'BC1SXM023RA',NULL,306,'2022-01-24 08:40:55.243012','2022-03-14 11:29:59.337078',NULL,8,0,NULL,1,NULL,1,1),(908,'BC1SXM023RAL',NULL,306,'2022-01-24 08:41:54.654343','2022-03-14 11:30:06.841797',NULL,8,0,NULL,1,NULL,1,1),(909,'BC1SXM027RA',NULL,306,'2022-01-24 08:42:41.053622','2022-03-15 13:07:56.321863',NULL,8,0,NULL,1,NULL,1,1),(910,'BC1SXM027RAL',NULL,306,'2022-01-24 08:43:37.199265','2022-03-15 13:08:04.672598',NULL,8,0,NULL,1,NULL,1,1),(911,'EC1006RA',NULL,306,'2022-01-24 08:44:25.555647','2022-03-15 13:12:32.932292',NULL,8,0,NULL,1,NULL,1,1),(912,'EC1008RA',NULL,306,'2022-01-24 08:45:18.300953','2022-03-15 13:12:41.170620',NULL,8,0,NULL,1,NULL,1,1),(913,'EC1016RA',NULL,306,'2022-01-24 08:46:11.203992','2022-03-15 13:12:49.841421',NULL,8,0,NULL,1,NULL,1,1),(914,'EC1018RA',NULL,306,'2022-01-24 08:47:10.846310','2022-03-15 13:12:58.809709',NULL,8,0,NULL,1,NULL,1,1),(915,'EC1S010RA',NULL,306,'2022-01-24 08:48:01.174993','2022-03-15 13:16:06.092946',NULL,8,0,NULL,1,NULL,1,1),(916,'EC1S012RA',NULL,306,'2022-01-24 08:48:47.831302','2022-03-15 13:16:24.108966',NULL,8,0,NULL,1,NULL,1,1),(917,'EC1S014RA',NULL,306,'2022-01-24 08:49:38.131387','2022-03-15 13:16:49.700121',NULL,8,0,NULL,1,NULL,1,1),(918,'EC1S014RAL',NULL,306,'2022-01-24 08:50:22.808829','2022-03-15 13:16:58.713680',NULL,8,0,NULL,1,NULL,1,1),(919,'EC1S016RA',NULL,306,'2022-01-24 08:51:16.210517','2022-03-15 13:17:26.436375',NULL,8,0,NULL,1,NULL,1,1),(920,'EC1S016RAL',NULL,306,'2022-01-24 08:52:06.875025','2022-03-15 13:17:34.786429',NULL,8,0,NULL,1,NULL,1,1),(921,'EC1S018RA',NULL,306,'2022-01-24 08:52:56.311347','2022-03-15 13:17:44.443122',NULL,8,0,NULL,1,NULL,1,1),(922,'EC1SDR014RA',NULL,306,'2022-01-24 08:54:00.122095','2022-03-15 13:17:53.783217',NULL,8,0,NULL,1,NULL,1,1),(923,'EC1SX014RA',NULL,306,'2022-01-24 08:54:48.265214','2022-03-15 13:18:05.268211',NULL,8,0,NULL,1,NULL,1,1),(924,'EC1SX014RAL',NULL,306,'2022-01-24 08:55:33.273171','2022-03-15 13:18:16.060451',NULL,8,0,NULL,1,NULL,1,1),(925,'EC1SX016RAL',NULL,306,'2022-01-24 08:56:35.123244','2022-03-15 13:19:35.439688',NULL,8,0,NULL,1,NULL,1,1),(926,'EC1SX018RA',NULL,306,'2022-01-24 08:57:48.359037','2022-03-15 13:19:44.063580',NULL,8,0,NULL,1,NULL,1,1),(927,'EC1SX018RAL',NULL,306,'2022-01-24 08:58:47.810047','2022-03-15 13:19:55.036681',NULL,8,0,NULL,1,NULL,1,1),(928,'EC1SX021RA',NULL,306,'2022-01-24 08:59:31.309562','2022-03-15 13:20:03.397893',NULL,8,0,NULL,1,NULL,1,1),(929,'EC1SXN010RA',NULL,306,'2022-01-24 09:01:01.907328','2022-03-15 13:20:12.916132',NULL,8,0,NULL,1,NULL,1,1),(930,'EC1SXN012RA',NULL,306,'2022-01-24 09:04:05.179384','2022-03-15 13:20:21.188055',NULL,8,0,NULL,1,NULL,1,1),(931,'EC1SXN014RA',NULL,306,'2022-01-24 09:04:49.706079','2022-03-15 13:20:29.508227',NULL,8,0,NULL,1,NULL,1,1),(932,'EC1SXN014RAL',NULL,306,'2022-01-24 09:05:58.245694','2022-03-15 13:20:39.492244',NULL,8,0,NULL,1,NULL,1,1),(933,'EC1SXN016RA',NULL,306,'2022-01-24 09:06:37.756194','2022-03-15 13:20:47.702342',NULL,8,0,NULL,1,NULL,1,1),(934,'EC1SXN018RAL',NULL,306,'2022-01-24 09:08:03.612753','2022-03-15 13:22:10.068893',NULL,8,0,NULL,1,NULL,1,1),(935,'BC1SXM012RAL',NULL,306,'2022-01-24 09:14:49.271437','2022-03-14 12:32:18.888080',NULL,8,0,NULL,1,NULL,1,1),(936,'BC1SXM016RAL',NULL,306,'2022-01-24 09:15:36.464313','2022-03-14 11:29:24.373608',NULL,8,0,NULL,1,NULL,1,1),(937,'H31R012FG',NULL,306,'2022-01-24 09:23:52.679131','2022-03-16 08:04:32.157504',NULL,8,0,NULL,1,NULL,1,1),(938,'H31RPC012FG',NULL,306,'2022-01-24 09:24:31.519328','2022-03-16 08:04:41.127254',NULL,8,0,NULL,1,NULL,1,1),(939,'T21XR012FG',NULL,306,'2022-01-24 09:25:19.725158','2022-03-17 07:18:09.293250',NULL,8,0,NULL,1,NULL,1,1),(940,'EC34L010FGL',NULL,306,'2022-01-24 09:26:30.492769','2022-03-15 13:24:43.400425',NULL,8,0,NULL,1,NULL,1,1),(941,'EC34L012FGL',NULL,306,'2022-01-24 09:27:05.326037','2022-03-15 13:25:01.586394',NULL,8,0,NULL,1,NULL,1,1),(942,'TC379014FG',NULL,306,'2022-01-24 09:28:18.507331','2022-03-14 08:58:26.588173',NULL,8,0,NULL,1,NULL,1,1),(943,'TC379S023FG',NULL,306,'2022-01-24 09:28:48.286597','2022-03-14 08:58:32.054018',NULL,8,0,NULL,1,NULL,1,1),(944,'TC379UF014FG',NULL,306,'2022-01-24 09:29:22.886951','2022-03-14 08:58:37.784887',NULL,8,0,NULL,1,NULL,1,1),(945,'TC284014RA',NULL,306,'2022-01-24 09:29:53.973360','2022-03-14 09:07:11.191087',NULL,8,0,NULL,1,NULL,1,1),(946,'TC297012FG',NULL,306,'2022-01-24 09:30:26.619326','2022-03-14 09:05:41.014912',NULL,8,0,NULL,1,NULL,1,1),(947,'TC49010FG',NULL,306,'2022-01-24 09:30:56.429355','2022-03-14 09:07:55.406562',NULL,8,0,NULL,1,NULL,1,1),(948,'TC247010FG',NULL,306,'2022-01-24 17:15:46.936769','2022-03-14 09:06:50.634564',NULL,8,0,NULL,1,NULL,1,1),(949,'TC281K012FG',NULL,306,'2022-01-24 17:18:03.743134','2022-03-14 09:06:57.816570',NULL,8,0,NULL,1,NULL,1,1),(950,'TC283K016RA',NULL,306,'2022-01-24 17:19:39.148361','2022-03-14 09:07:03.830747',NULL,8,0,NULL,1,NULL,1,1),(951,'TC375R014FG',NULL,306,'2022-01-24 17:20:32.434953','2022-03-14 08:58:20.757192',NULL,8,0,NULL,1,NULL,1,1),(952,'TC135014FG',NULL,306,'2022-01-24 17:21:27.927132','2022-03-14 09:06:30.112586',NULL,8,0,NULL,1,NULL,1,1),(953,'TC135F014FG',NULL,306,'2022-01-24 17:22:21.171887','2022-03-14 09:06:36.393923',NULL,8,0,NULL,1,NULL,1,1),(954,'TC246L012FG',NULL,306,'2022-01-24 17:23:03.336989','2022-03-14 09:06:44.123895',NULL,8,0,NULL,1,NULL,1,1),(955,'TC390018FG',NULL,306,'2022-01-24 17:24:12.065598','2022-03-14 09:07:21.434067',NULL,8,0,NULL,1,NULL,1,1),(956,'TC46014FG',NULL,306,'2022-01-24 17:24:59.840230','2022-03-14 09:07:28.774164',NULL,8,0,NULL,1,NULL,1,1),(957,'TC46018FG',NULL,306,'2022-01-24 17:26:10.889447','2022-03-14 09:07:36.329658',NULL,8,0,NULL,1,NULL,1,1),(959,'5220.060HP',NULL,306,'2022-01-24 17:27:48.474884','2022-03-14 08:41:09.342856',NULL,8,0,NULL,1,NULL,1,1),(960,'5320.060HP',NULL,306,'2022-01-24 17:28:46.787132','2022-03-14 08:41:46.715448',NULL,8,0,NULL,1,NULL,1,1),(961,'5410.060HP',NULL,306,'2022-01-24 17:29:39.632175','2022-03-14 08:46:55.973329',NULL,8,0,NULL,1,NULL,1,1),(962,'5420.060HP',NULL,306,'2022-01-24 17:30:13.012208','2022-03-15 12:40:30.012429',NULL,8,0,NULL,1,NULL,1,1),(963,'5453.060HP',NULL,306,'2022-01-24 17:30:44.089248','2022-03-15 12:40:38.561032',NULL,8,0,NULL,1,NULL,1,1),(964,'5610.045HP',NULL,306,'2022-01-24 17:31:13.698525','2022-03-15 12:40:47.051365',NULL,8,0,NULL,1,NULL,1,1),(965,'5620.045HP',NULL,306,'2022-01-24 17:31:44.443635','2022-03-15 12:40:59.220054',NULL,8,0,NULL,1,NULL,1,1),(966,'5760.045HP',NULL,306,'2022-01-24 17:32:14.447886','2022-03-15 12:41:07.506337',NULL,8,0,NULL,1,NULL,1,1),(967,'7020.060HP',NULL,306,'2022-01-24 17:32:42.327335','2022-03-15 12:41:15.429579',NULL,8,0,NULL,1,NULL,1,1),(968,'7210.060HP',NULL,306,'2022-01-24 17:33:13.108514','2022-03-15 12:41:25.198803',NULL,8,0,NULL,1,NULL,1,1),(969,'7220.060HP',NULL,306,'2022-01-24 17:33:46.552128','2022-03-15 12:41:35.599462',NULL,8,0,NULL,1,NULL,1,1),(970,'7720.023HP',NULL,306,'2022-01-24 17:34:28.571469','2022-03-15 12:44:21.708285',NULL,8,0,NULL,1,NULL,1,1),(971,'C22AGK016FG',NULL,306,'2022-01-24 17:35:10.995943','2022-03-15 13:08:13.435064',NULL,8,0,NULL,1,NULL,1,1),(972,'T21XR012RA',NULL,306,'2022-01-24 17:35:48.767986','2022-03-17 07:18:00.508344',NULL,8,0,NULL,1,NULL,1,1),(973,'0132RA',NULL,307,'2022-01-24 17:36:41.828269','2022-03-14 08:11:36.767250',NULL,8,0,NULL,1,NULL,1,1),(974,'0133RA',NULL,307,'2022-01-24 17:37:49.218090','2022-03-14 08:11:47.353569',NULL,8,0,NULL,1,NULL,1,1),(975,'3032RA',NULL,307,'2022-01-24 17:41:22.740203','2022-03-14 08:23:59.458982',NULL,8,0,NULL,1,NULL,1,1),(976,'30032RA',NULL,307,'2022-01-24 17:42:03.332439','2022-03-14 08:23:48.453400',NULL,8,0,NULL,1,NULL,1,1),(977,'332RA',NULL,307,'2022-01-24 17:42:36.444942','2022-03-14 08:24:11.083241',NULL,8,0,NULL,1,NULL,1,1),(978,'0372RA',NULL,307,'2022-01-24 17:43:05.653295','2022-03-14 08:14:11.651274',NULL,8,0,NULL,1,NULL,1,1),(979,'19032RA',NULL,307,'2022-01-24 17:43:35.992627','2022-03-14 08:18:35.314979',NULL,8,0,NULL,1,NULL,1,1),(980,'19035RA',NULL,307,'2022-01-24 17:44:11.490743','2022-03-14 08:18:45.582214',NULL,8,0,NULL,1,NULL,1,1),(981,'19038RA',NULL,307,'2022-01-24 17:44:49.652447','2022-03-14 08:18:56.657001',NULL,8,0,NULL,1,NULL,1,1),(982,'1932RA',NULL,307,'2022-01-24 17:45:44.180927','2022-03-14 08:19:08.254878',NULL,8,0,NULL,1,NULL,1,1),(983,'1934RA',NULL,307,'2022-01-24 17:46:19.592117','2022-03-14 08:19:18.234503',NULL,8,0,NULL,1,NULL,1,1),(984,'1935RA',NULL,307,'2022-01-24 17:46:53.423557','2022-03-14 08:19:29.217439',NULL,8,0,NULL,1,NULL,1,1),(985,'0352RA',NULL,307,'2022-01-24 17:47:26.410319','2022-03-14 08:13:34.283672',NULL,8,0,NULL,1,NULL,1,1),(986,'0355RA',NULL,307,'2022-01-24 17:49:55.327149','2022-03-14 08:13:47.767145',NULL,8,0,NULL,1,NULL,1,1),(987,'0362RA',NULL,307,'2022-01-24 17:51:18.240331','2022-03-14 08:13:59.084443',NULL,8,0,NULL,1,NULL,1,1),(988,'0830RA',NULL,307,'2022-01-24 17:52:19.156076','2022-03-14 08:16:18.006438',NULL,8,0,NULL,1,NULL,1,1),(989,'0832RA',NULL,307,'2022-01-24 17:52:48.081697','2022-03-14 08:16:28.498360',NULL,8,0,NULL,1,NULL,1,1),(990,'0532RA',NULL,307,'2022-01-24 17:53:40.871602','2022-03-14 08:14:23.042987',NULL,8,0,NULL,1,NULL,1,1),(991,'0533RA',NULL,307,'2022-01-24 17:54:15.368487','2022-03-14 08:14:34.478065',NULL,8,0,NULL,1,NULL,1,1),(992,'0535RA',NULL,307,'2022-01-24 17:55:23.306354','2022-03-14 08:14:46.661763',NULL,8,0,NULL,1,NULL,1,1),(993,'0730RA',NULL,307,'2022-01-24 17:55:56.701873','2022-03-14 08:14:57.614501',NULL,8,0,NULL,1,NULL,1,1),(994,'0732RA',NULL,307,'2022-01-24 17:56:31.806673','2022-03-14 08:15:09.972259',NULL,8,0,NULL,1,NULL,1,1),(995,'0733RA',NULL,307,'2022-01-24 17:57:41.124623','2022-03-14 08:15:20.265095',NULL,8,0,NULL,1,NULL,1,1),(996,'0735RA',NULL,307,'2022-01-25 07:13:26.272913','2022-03-14 08:15:31.629228',NULL,8,0,NULL,1,NULL,1,1),(997,'0736RA',NULL,307,'2022-01-25 07:14:41.577588','2022-03-14 08:15:42.987830',NULL,8,0,NULL,1,NULL,1,1),(998,'0738RA',NULL,307,'2022-01-25 07:15:13.830537','2022-03-14 08:15:54.332059',NULL,8,0,NULL,1,NULL,1,1),(999,'0739RA',NULL,307,'2022-01-25 07:16:06.120365','2022-03-14 08:16:07.082995',NULL,8,0,NULL,1,NULL,1,1),(1000,'R2540RA',NULL,307,'2022-01-25 07:17:41.171246','2022-03-14 08:48:39.000621',NULL,8,0,NULL,1,NULL,1,1),(1001,'20032RA',NULL,307,'2022-01-25 07:18:10.942512','2022-03-14 08:19:53.329265',NULL,8,0,NULL,1,NULL,1,1),(1002,'20033RA',NULL,307,'2022-01-25 07:18:42.661246','2022-03-14 08:20:04.111493',NULL,8,0,NULL,1,NULL,1,1),(1003,'20035RA',NULL,307,'2022-01-25 07:22:24.426590','2022-03-14 08:21:10.722462',NULL,8,0,NULL,1,NULL,1,1),(1004,'20038RA',NULL,307,'2022-01-25 07:22:59.990362','2022-03-14 08:22:51.205612',NULL,8,0,NULL,1,NULL,1,1),(1005,'1255RA',NULL,307,'2022-01-25 07:26:27.226172','2022-03-14 08:16:50.083202',NULL,8,0,NULL,1,NULL,1,1),(1006,'1256RA',NULL,307,'2022-01-25 07:26:58.387096','2022-03-14 08:17:00.614250',NULL,8,0,NULL,1,NULL,1,1),(1008,'1259RA',NULL,307,'2022-01-25 07:27:54.775197','2022-03-14 08:17:23.139209',NULL,8,0,NULL,1,NULL,1,1),(1009,'1478RA',NULL,307,'2022-01-25 07:28:32.030350','2022-03-14 08:17:58.582953',NULL,8,0,NULL,1,NULL,1,1),(1010,'1471RA',NULL,307,'2022-01-25 07:29:01.903047','2022-03-14 08:17:35.729621',NULL,8,0,NULL,1,NULL,1,1),(1011,'1472RA',NULL,307,'2022-01-25 07:29:51.407455','2022-03-14 08:17:47.268660',NULL,8,0,NULL,1,NULL,1,1),(1012,'1501RA-5',NULL,307,'2022-01-25 07:30:23.041912','2022-03-14 08:18:09.742822',NULL,8,0,NULL,1,NULL,1,1),(1013,'1502RA',NULL,307,'2022-01-25 07:30:49.043995','2022-03-14 08:18:24.015903',NULL,8,0,NULL,1,NULL,1,1),(1015,'BLX Ø3.5 RB, SLActive® 8mm, RXD - 061.3308',NULL,302,'2022-01-25 08:46:19.959271','2022-01-25 08:46:19.959314',NULL,8,0,NULL,1,NULL,1,NULL),(1016,'BLX Ø3.5 RB, SLActive® 10mm, RXD - 061.3310',NULL,302,'2022-01-25 08:49:10.838310','2022-01-25 08:49:10.838357',NULL,8,0,NULL,1,NULL,1,NULL),(1017,'BLX Ø3.5 RB, SLActive® 12mm, RXD - 061.3312',NULL,302,'2022-01-25 08:53:09.431629','2022-01-25 08:53:09.431671',NULL,8,0,NULL,1,NULL,1,NULL),(1019,'BLX Ø3.5 RB, SLActive® 14mm, RXD - 061.3314',NULL,302,'2022-01-25 09:07:54.045295','2022-01-25 09:07:54.045334',NULL,8,0,NULL,1,NULL,1,NULL),(1020,'BLX Ø3.5 RB, SLActive® 16mm, RXD - 061.3316',NULL,302,'2022-01-25 09:08:38.065440','2022-01-25 09:08:38.065486',NULL,8,0,NULL,1,NULL,1,NULL),(1021,'BLX Ø3.5 RB, SLActive® 18mm, RXD - 061.3318',NULL,302,'2022-01-25 09:09:36.522727','2022-01-25 09:09:36.522782',NULL,8,0,NULL,1,NULL,1,NULL),(1022,'BLX Ø3.75 RB, SLActive® 6mm, RXD - 061.4306',NULL,302,'2022-01-25 09:10:18.430706','2022-01-25 09:10:18.430742',NULL,8,0,NULL,1,NULL,1,NULL),(1023,'Camera intraorala fara fir',NULL,304,'2022-02-14 09:46:56.012026','2022-02-14 09:47:50.442693',NULL,8,0,NULL,0,NULL,1,NULL),(1024,'Raypex 6',NULL,286,'2022-02-14 09:48:46.632692','2022-02-14 09:48:46.632762',NULL,8,0,NULL,1,NULL,1,NULL),(1025,'EQ-V Full Kit Refill Gutaperca',NULL,286,'2022-02-14 09:50:08.960599','2022-02-14 09:50:08.960637',NULL,8,0,NULL,1,NULL,1,NULL),(1026,'Pungi Autosigilante 300 X 370mm',NULL,104,'2022-02-14 09:51:31.244239','2022-02-14 09:51:31.244277',NULL,34,0,NULL,1,NULL,1,NULL),(1027,'Forfecuta Dreapta Wagner 12cm',NULL,130,'2022-02-14 09:53:16.360844','2022-02-14 09:53:16.360906',NULL,8,0,NULL,1,NULL,1,NULL),(1028,'Spray ungere piesa de mana',NULL,203,'2022-02-14 09:54:23.196344','2022-02-14 09:55:31.277794',NULL,8,0,NULL,1,NULL,1,NULL),(1029,'Banda Indicator Autoclav',NULL,104,'2022-02-14 09:56:26.471259','2022-02-14 09:56:26.471296',NULL,41,0,NULL,1,NULL,1,NULL),(1030,'Pulverizator pentru Isorapid 1 Litru',NULL,104,'2022-02-14 09:57:37.481034','2022-02-14 09:57:37.481071',NULL,8,0,NULL,1,NULL,1,NULL),(1031,'Comprese Sterile Netesut 5x5',NULL,88,'2022-02-14 10:03:57.689697','2022-02-14 10:04:26.060185',NULL,37,0,NULL,1,NULL,1,NULL),(1032,'Rulouri Absorbante',NULL,285,'2022-02-14 10:05:44.690934','2022-02-14 10:07:26.308050',NULL,37,0,NULL,1,NULL,1,NULL),(1033,'Detergent Sisteme Aspiratie Oro Clean',NULL,104,'2022-02-14 10:10:13.174028','2022-02-14 10:10:33.663570',NULL,8,0,NULL,1,NULL,1,NULL),(1034,'Detergent Sisteme Aspiratie Oro Clean',NULL,104,'2022-02-14 10:12:23.153697','2022-02-14 10:13:07.867799',NULL,8,0,NULL,1,NULL,1,NULL),(1035,'Endo-Mate TC2 cu conectare la apex',NULL,286,'2022-02-14 10:24:55.227552','2022-03-15 12:37:51.365226',NULL,8,0,NULL,1,NULL,1,1),(1036,'Lampa UV bactericida mobila 60W',NULL,203,'2022-02-14 10:39:48.027557','2022-02-14 10:40:34.221958',NULL,8,0,NULL,1,NULL,1,NULL),(1037,'Trusa Consultatie 5 Instrumente',NULL,130,'2022-02-14 10:47:46.100004','2022-03-15 12:38:35.021509',NULL,38,0,NULL,1,NULL,1,1),(1038,'Pungi Autosigilante 90 X 260mm',NULL,104,'2022-02-14 10:50:43.675341','2022-02-14 10:50:43.675380',NULL,34,0,NULL,1,NULL,1,NULL),(1039,'Tempofit Duomix A2',NULL,210,'2022-02-14 10:52:42.387297','2022-02-14 10:57:20.551691',NULL,19,0,NULL,1,NULL,1,NULL),(1040,'Tempofit Duomix A3',NULL,210,'2022-02-14 10:57:59.730177','2022-02-14 10:57:59.730216',NULL,19,0,NULL,1,NULL,1,NULL),(1041,'Piston Tempofit',NULL,120,'2022-02-14 11:00:38.659410','2022-02-14 11:00:38.659449',NULL,8,0,NULL,1,NULL,1,NULL),(1042,'801014FG',NULL,306,'2022-03-10 13:40:02.965733','2022-03-15 12:45:41.388580',NULL,8,0,NULL,1,NULL,1,1),(1043,'801018FG',NULL,306,'2022-03-10 13:41:05.300384','2022-03-15 12:46:07.979218',NULL,8,0,NULL,1,NULL,1,1),(1044,'EC1SXN018RA',NULL,306,'2022-03-10 13:43:12.144145','2022-03-15 13:22:00.398819',NULL,8,0,NULL,1,NULL,1,1),(1045,'EC31R012RA',NULL,306,'2022-03-10 13:53:01.928713','2022-03-15 13:24:33.206913',NULL,8,0,NULL,1,NULL,1,1),(1046,'F848014FG',NULL,306,'2022-03-11 07:49:41.068940','2022-03-14 12:03:14.718092',NULL,8,0,NULL,1,NULL,1,1),(1047,'857014FG',NULL,306,'2022-03-11 07:51:03.092324','2022-03-15 12:57:54.506474',NULL,8,0,NULL,1,NULL,1,1),(1048,'H1520009FG',NULL,306,'2022-03-11 08:03:58.925359','2022-03-16 08:03:26.309486',NULL,8,0,NULL,1,NULL,1,1),(1049,'1232RA',NULL,307,'2022-03-11 08:06:32.540049','2022-03-14 08:16:38.921582',NULL,8,0,NULL,1,NULL,1,1),(1050,'F852010FG',NULL,306,'2022-03-11 08:27:43.868788','2022-03-14 10:17:43.082690',NULL,8,0,NULL,1,NULL,1,1),(1051,'G805016FG',NULL,306,'2022-03-11 08:31:37.481361','2022-03-16 07:16:40.581943',NULL,8,0,NULL,1,NULL,1,1),(1052,'H1SNL006RAXL',NULL,306,'2022-03-11 08:33:55.916460','2022-03-16 08:03:36.124777',NULL,8,0,NULL,1,NULL,1,1),(1053,'C379014FG',NULL,306,'2022-03-11 08:36:23.269435','2022-03-15 13:08:41.040778',NULL,8,0,NULL,1,NULL,1,1),(1054,'C859016FG',NULL,306,'2022-03-11 08:37:46.411851','2022-03-15 13:10:36.046007',NULL,8,0,NULL,1,NULL,1,1),(1055,'Piatra Arkansas AS02.025FG',NULL,283,'2022-03-14 07:33:48.333783','2022-03-14 07:33:48.333826',NULL,8,0,NULL,1,NULL,1,1),(1056,'Piatra Arkansas AS01.025FG',NULL,283,'2022-03-14 07:47:51.600544','2022-03-14 07:47:51.600583',NULL,8,0,NULL,1,NULL,1,1),(1057,'Piatra Arkansas AS03.025FG',NULL,283,'2022-03-14 07:48:18.572079','2022-03-14 07:48:18.572116',NULL,8,0,NULL,1,NULL,1,1),(1058,'Piatra Arkansas AS04.025FG',NULL,283,'2022-03-14 07:49:20.920507','2022-03-14 07:49:20.920551',NULL,8,0,NULL,1,NULL,1,1),(1059,'Piatra Arkansas AS05.030FG',NULL,283,'2022-03-14 07:50:13.376743','2022-03-14 07:50:13.376783',NULL,8,0,NULL,1,NULL,1,1),(1060,'Piatra Arkansas AS06.030FG',NULL,283,'2022-03-14 07:50:35.099309','2022-03-14 07:50:35.099350',NULL,8,0,NULL,1,NULL,1,1),(1061,'Piatra Arkansas AS11.025RA',NULL,283,'2022-03-14 07:51:23.673699','2022-03-14 07:51:23.673742',NULL,8,0,NULL,1,NULL,1,1),(1062,'Piatra Arkansas AS12.025RA',NULL,283,'2022-03-14 07:51:47.395462','2022-03-14 07:51:47.395502',NULL,8,0,NULL,1,NULL,1,1),(1063,'Piatra Arkansas AS13.025RA',NULL,283,'2022-03-14 07:52:10.418662','2022-03-14 07:52:10.418705',NULL,8,0,NULL,1,NULL,1,1),(1064,'Piatra Arkansas AS14.025RA',NULL,283,'2022-03-14 07:52:42.021333','2022-03-14 07:52:42.021385',NULL,8,0,NULL,1,NULL,1,1),(1065,'Piatra Arkansas AS15.030RA',NULL,283,'2022-03-14 07:53:13.653191','2022-03-14 07:53:13.653232',NULL,8,0,NULL,1,NULL,1,1),(1066,'Piatra Arkansas AS16.030RA',NULL,283,'2022-03-14 07:53:48.337882','2022-03-14 07:53:48.337930',NULL,8,0,NULL,1,NULL,1,1),(1067,'Perie profilaxie 1477RA',NULL,136,'2022-03-14 07:58:54.931365','2022-03-14 07:58:54.931405',NULL,8,0,NULL,1,NULL,1,1),(1068,'Perie profilaxie 1257RA',NULL,136,'2022-03-14 07:59:55.972202','2022-03-14 07:59:55.972247',NULL,8,0,NULL,1,NULL,1,1),(1069,'Perie profilaxie 1255RA',NULL,136,'2022-03-14 08:00:57.630246','2022-03-14 08:00:57.630287',NULL,8,0,NULL,1,NULL,1,1),(1070,'Perie profilaxie 1256RA',NULL,136,'2022-03-14 08:01:29.774385','2022-03-14 08:01:29.774421',NULL,8,0,NULL,1,NULL,1,1),(1071,'Perie profilaxie 1470RA',NULL,136,'2022-03-14 08:01:59.867448','2022-03-14 08:01:59.867494',NULL,8,0,NULL,1,NULL,1,1),(1072,'Perie profilaxie 1471RA',NULL,136,'2022-03-14 08:02:26.189822','2022-03-14 08:02:26.189864',NULL,8,0,NULL,1,NULL,1,1),(1073,'Perie profilaxie 1472RA',NULL,136,'2022-03-14 08:02:51.308397','2022-03-14 08:02:51.308438',NULL,8,0,NULL,1,NULL,1,1),(1074,'Perie profilaxie 1475RA',NULL,136,'2022-03-14 08:03:55.017129','2022-03-14 08:03:55.017173',NULL,8,0,NULL,1,NULL,1,1),(1075,'Perie profilaxie 1476RA',NULL,136,'2022-03-14 08:04:22.400193','2022-03-14 08:04:22.400238',NULL,8,0,NULL,1,NULL,1,1),(1076,'1938RA',NULL,307,'2022-03-14 08:06:11.475883','2022-03-14 08:19:41.471925',NULL,8,0,NULL,1,NULL,1,1),(1077,'R2520RA',NULL,307,'2022-03-14 08:08:38.607850','2022-03-14 08:48:32.456021',NULL,8,0,NULL,1,NULL,1,1),(1078,'R2530RA',NULL,307,'2022-03-14 08:48:14.742703','2022-03-14 08:48:26.411095',NULL,8,0,NULL,1,NULL,1,1),(1079,'K856016FG',NULL,306,'2022-03-14 08:49:51.749967','2022-03-14 08:49:51.750004',NULL,8,0,NULL,1,NULL,1,1),(1080,'SG830L014FG',NULL,306,'2022-03-14 08:53:45.461258','2022-03-14 08:53:45.461302',NULL,8,0,NULL,1,NULL,1,1),(1081,'TC375R012FG',NULL,306,'2022-03-14 09:00:51.227927','2022-03-14 09:08:10.818592',NULL,8,0,NULL,1,NULL,1,1),(1083,'TC379023FG',NULL,306,'2022-03-14 09:10:56.680231','2022-03-14 09:10:56.680276',NULL,8,0,NULL,1,NULL,1,1),(1084,'0375HP',NULL,307,'2022-03-14 09:15:18.385498','2022-03-14 09:15:18.385535',NULL,8,0,NULL,1,NULL,1,1),(1085,'862009FG',NULL,306,'2022-03-14 10:15:12.005344','2022-03-14 10:15:12.005404',NULL,8,0,NULL,1,NULL,1,1),(1086,'G909037FG',NULL,306,'2022-03-14 10:16:42.208162','2022-03-14 10:16:42.208201',NULL,8,0,NULL,1,NULL,1,1),(1087,'G830L014FG',NULL,306,'2022-03-14 12:35:29.330419','2022-03-14 12:35:29.330457',NULL,8,0,NULL,1,NULL,1,1),(1088,'C862014FG',NULL,306,'2022-03-14 12:38:31.468894','2022-03-14 12:38:31.468932',NULL,8,0,NULL,1,NULL,1,1),(1089,'C862010FG',NULL,306,'2022-03-14 12:40:42.816708','2022-03-14 12:40:42.816745',NULL,8,0,NULL,1,NULL,1,1),(1090,'7275.060HP',NULL,306,'2022-03-14 12:54:39.388151','2022-03-14 12:54:39.388188',NULL,8,0,NULL,1,NULL,1,1),(1091,'5570.060HP',NULL,306,'2022-03-14 13:00:04.217263','2022-03-14 13:00:04.217302',NULL,8,0,NULL,1,NULL,1,1),(1092,'1610.014HP',NULL,306,'2022-03-14 13:00:53.365497','2022-03-14 13:00:53.365535',NULL,8,0,NULL,1,NULL,1,1),(1093,'0674HP',NULL,307,'2022-03-15 10:15:13.818457','2022-03-15 10:15:13.818495',NULL,8,0,NULL,1,NULL,1,1),(1094,'0666HP',NULL,307,'2022-03-15 10:16:28.652876','2022-03-15 10:16:28.652925',NULL,8,0,NULL,1,NULL,1,1),(1095,'0656HP',NULL,307,'2022-03-15 10:17:02.631522','2022-03-15 10:17:02.631572',NULL,8,0,NULL,1,NULL,1,1),(1096,'F368014FG',NULL,306,'2022-03-15 10:54:30.976547','2022-03-15 10:54:30.976584',NULL,8,0,NULL,1,NULL,1,1),(1097,'0674HP',NULL,307,'2022-03-15 10:57:30.593492','2022-03-15 10:57:30.593531',NULL,8,0,NULL,1,NULL,1,1),(1098,'0666HP',NULL,307,'2022-03-15 10:58:03.475140','2022-03-15 10:58:03.475177',NULL,8,0,NULL,1,NULL,1,1),(1099,'0656HP',NULL,307,'2022-03-15 10:58:48.264403','2022-03-15 10:58:48.264446',NULL,8,0,NULL,1,NULL,1,1),(1100,'EC254A012FGXXL',NULL,306,'2022-03-15 11:00:33.878280','2022-03-15 11:00:33.878322',NULL,8,0,NULL,1,NULL,1,1),(1101,'EC162016FGXL',NULL,306,'2022-03-15 11:03:10.333690','2022-03-15 11:03:10.333726',NULL,8,0,NULL,1,NULL,1,1),(1102,'EC269016FGXL',NULL,306,'2022-03-15 11:04:06.694065','2022-03-15 11:04:06.694109',NULL,8,0,NULL,1,NULL,1,1),(1103,'EC141025HP',NULL,306,'2022-03-15 11:04:55.752740','2022-03-15 11:05:23.647622',NULL,8,0,NULL,1,NULL,1,1),(1104,'Ace K-File 015',NULL,282,'2022-03-15 11:11:23.172977','2022-03-15 11:11:36.913736',NULL,34,0,NULL,1,NULL,1,1),(1105,'Ace K-File 020',NULL,282,'2022-03-15 11:12:12.294086','2022-03-15 11:12:12.294122',NULL,34,0,NULL,1,NULL,1,1),(1106,'Ace K-File 025',NULL,282,'2022-03-15 11:13:14.074341','2022-03-15 11:13:14.074386',NULL,34,0,NULL,1,NULL,1,1),(1107,'Ace Lentulo 025',NULL,282,'2022-03-15 11:14:57.039350','2022-03-15 11:14:57.039393',NULL,34,0,NULL,1,NULL,1,1),(1108,'Chiureta parodontala Gracey 5/6, galben',NULL,130,'2022-03-15 11:21:16.710903','2022-03-18 13:03:29.456345',NULL,8,0,NULL,1,NULL,1,1),(1109,'Chiureta parodontala Gracey 7/8, verde',NULL,130,'2022-03-15 11:22:24.162510','2022-03-18 13:03:40.528252',NULL,8,0,NULL,1,NULL,1,1),(1110,'Chiureta parodontala Gracey 11/12, orange',NULL,130,'2022-03-15 11:29:29.890454','2022-03-18 13:03:08.991072',NULL,8,0,NULL,1,NULL,1,1),(1111,'Chiureta parodontala Gracey 13/14, albastru',NULL,130,'2022-03-15 11:30:52.763285','2022-03-18 13:03:19.472327',NULL,8,0,NULL,1,NULL,1,1),(1112,'Instrument Sinuslift Kramer-Nevins LG/SM, maner nr. 6, angulat',NULL,130,'2022-03-15 11:32:05.260041','2022-03-15 11:32:05.260078',NULL,8,0,NULL,1,NULL,1,1),(1113,'Folii gutiera diam. 120 mm rotunde, clear',NULL,202,'2022-03-15 11:37:57.871535','2022-03-15 12:00:04.799565',NULL,34,0,NULL,1,NULL,1,1),(1114,'Fiziodispenser SurGic Pro + Led + Variosurg 3 + Cart Duo',NULL,106,'2022-03-15 12:34:42.778086','2022-03-15 12:34:42.778130',NULL,38,0,NULL,1,NULL,1,1),(1115,'BLX Ø3.75 RB, SLActive® 8mm, RXD - 061.4308',NULL,302,'2022-03-17 07:26:17.521378','2022-03-17 07:26:17.521414',NULL,8,0,NULL,1,NULL,1,1),(1116,'BLX Ø3.75 RB, SLActive® 10mm, RXD - 061.4310',NULL,302,'2022-03-17 07:27:35.465464','2022-03-17 07:27:35.465509',NULL,8,0,NULL,1,NULL,1,1),(1117,'BLX Ø3.75 RB, SLActive® 12mm, RXD - 061.4312',NULL,302,'2022-03-17 07:28:36.995500','2022-03-17 07:28:36.995551',NULL,8,0,NULL,1,NULL,1,1),(1118,'BLX Ø3.75 RB, SLActive® 14mm, RXD - 061.4314',NULL,302,'2022-03-17 07:32:22.035769','2022-03-17 07:32:22.035808',NULL,8,0,NULL,1,NULL,1,1),(1119,'BLX Ø3.75 RB, SLActive® 16mm, RXD - 061.4316',NULL,302,'2022-03-17 07:33:19.799872','2022-03-17 07:33:19.799910',NULL,8,0,NULL,1,NULL,1,1),(1120,'BLX Ø3.75 RB, SLActive® 18mm, RXD - 061.4318',NULL,302,'2022-03-17 07:34:09.411829','2022-03-17 07:34:09.411878',NULL,8,0,NULL,1,NULL,1,1),(1121,'BLX Ø4.0 RB, SLActive® 6mm, RXD - 061.5306',NULL,302,'2022-03-17 07:34:53.381264','2022-03-17 07:34:53.381304',NULL,8,0,NULL,1,NULL,1,1),(1122,'BLX Ø4.0 RB, SLActive® 8mm, RXD - 061.5308',NULL,302,'2022-03-17 07:35:41.948656','2022-03-17 07:35:41.948694',NULL,8,0,NULL,1,NULL,1,1),(1123,'BLX Ø4.0 RB, SLActive® 10mm, RXD - 061.5310',NULL,302,'2022-03-17 07:36:55.807807','2022-03-17 07:36:55.807845',NULL,8,0,NULL,1,NULL,1,1),(1124,'BLX Ø4.0 RB, SLActive® 12mm, RXD - 061.5312',NULL,302,'2022-03-17 07:37:38.738883','2022-03-17 07:37:38.738921',NULL,8,0,NULL,1,NULL,1,1),(1125,'BLX Ø4.0 RB, SLActive® 14mm, RXD - 061.5314',NULL,302,'2022-03-17 07:38:23.728361','2022-03-17 07:38:23.728406',NULL,8,0,NULL,1,NULL,1,1),(1126,'BLX Ø4.0 RB, SLActive® 16mm, RXD - 061.5316',NULL,302,'2022-03-17 07:39:08.653431','2022-03-17 07:39:08.653475',NULL,8,0,NULL,1,NULL,1,1),(1127,'BLX Ø4.0 RB, SLActive® 18mm, RXD - 061.5318',NULL,302,'2022-03-17 07:40:22.039569','2022-03-17 07:40:22.039608',NULL,8,0,NULL,1,NULL,1,1),(1128,'BLX Ø4.5 RB, SLActive® 6mm, RXD - 061.6306',NULL,302,'2022-03-17 07:41:06.760267','2022-03-17 07:41:06.760312',NULL,8,0,NULL,1,NULL,1,1),(1129,'BLX Ø4.5 RB, SLActive® 8mm, RXD - 061.6308',NULL,302,'2022-03-17 07:41:57.395673','2022-03-17 07:41:57.395710',NULL,8,0,NULL,1,NULL,1,1),(1130,'BLX Ø4.5 RB, SLActive® 10mm, RXD - 061.6310',NULL,302,'2022-03-17 07:42:41.864000','2022-03-17 07:42:41.864038',NULL,8,0,NULL,1,NULL,1,1),(1131,'BLX Ø4.5 RB, SLActive® 12mm, RXD - 061.6312',NULL,302,'2022-03-17 07:43:21.020755','2022-03-17 07:43:21.020804',NULL,8,0,NULL,1,NULL,1,1),(1132,'BLX Ø4.5 RB, SLActive® 14mm, RXD - 061.6314',NULL,302,'2022-03-17 07:44:20.512358','2022-03-17 07:44:20.512405',NULL,8,0,NULL,1,NULL,1,1),(1133,'BLX Ø4.5 RB, SLActive® 16mm, RXD - 061.6316',NULL,302,'2022-03-17 07:45:04.202763','2022-03-17 07:45:04.202823',NULL,8,0,NULL,1,NULL,1,1),(1134,'BLX Ø4.5 RB, SLActive® 18mm, RXD - 061.6318',NULL,302,'2022-03-17 07:45:45.800922','2022-03-17 07:45:45.800968',NULL,8,0,NULL,1,NULL,1,1),(1135,'BLX Ø5.0 WB, SLActive® 6mm, RXD - 061.7306',NULL,302,'2022-03-17 07:46:25.835684','2022-03-17 07:46:25.835730',NULL,8,0,NULL,1,NULL,1,1),(1136,'BLX Ø5.0 WB, SLActive® 8mm, RXD - 061.7308',NULL,302,'2022-03-17 07:47:12.601430','2022-03-17 07:47:12.601482',NULL,8,0,NULL,1,NULL,1,1),(1137,'BLX Ø5.0 WB, SLActive® 10mm, RXD - 061.7310',NULL,302,'2022-03-17 07:47:57.699252','2022-03-17 07:47:57.699297',NULL,8,0,NULL,1,NULL,1,1),(1138,'BLX Ø5.0 WB, SLActive® 12mm, RXD - 061.7312',NULL,302,'2022-03-17 07:48:33.752604','2022-03-17 07:48:33.752643',NULL,8,0,NULL,1,NULL,1,1),(1139,'BLX Ø5.0 WB, SLActive® 14mm, RXD - 061.7314',NULL,302,'2022-03-17 07:49:22.410021','2022-03-17 07:49:22.410065',NULL,8,0,NULL,1,NULL,1,1),(1140,'BLX Ø5.0 WB, SLActive® 16mm, RXD - 061.7316',NULL,302,'2022-03-17 07:50:03.371082','2022-03-17 07:50:03.371140',NULL,8,0,NULL,1,NULL,1,1),(1141,'BLX Ø5.0 WB, SLActive® 18mm, RXD - 061.7318',NULL,302,'2022-03-17 07:50:43.245847','2022-03-17 07:50:43.245890',NULL,8,0,NULL,1,NULL,1,1),(1142,'BLX Ø5.5 WB, SLActive® 6mm, RXD - 061.8306',NULL,302,'2022-03-17 07:51:21.660301','2022-03-17 07:51:21.660343',NULL,8,0,NULL,1,NULL,1,1),(1143,'BLX Ø5.5 WB, SLActive® 8mm, RXD - 061.8308',NULL,302,'2022-03-17 07:52:06.043929','2022-03-17 07:52:06.043974',NULL,8,0,NULL,1,NULL,1,1),(1144,'BLX Ø5.5 WB, SLActive® 10mm, RXD - 061.8310',NULL,302,'2022-03-17 07:52:50.098729','2022-03-17 07:52:50.098791',NULL,8,0,NULL,1,NULL,1,1),(1145,'BLX Ø5.5 WB, SLActive® 12mm, RXD - 061.8312',NULL,302,'2022-03-17 07:53:28.285223','2022-03-17 07:53:28.285269',NULL,8,0,NULL,1,NULL,1,1),(1146,'BLX Ø6.5 WB, SLActive® 6mm, RXD - 061.9306',NULL,302,'2022-03-17 07:54:07.129687','2022-03-17 07:54:07.129730',NULL,8,0,NULL,1,NULL,1,1),(1147,'BLX Ø6.5 WB, SLActive® 8mm, RXD - 061.9308',NULL,302,'2022-03-17 07:54:47.920284','2022-03-17 07:54:47.920328',NULL,8,0,NULL,1,NULL,1,1),(1148,'BLX Ø6.5 WB, SLActive® 10mm, RXD - 061.9310',NULL,302,'2022-03-17 07:55:33.609679','2022-03-17 07:55:33.609721',NULL,8,0,NULL,1,NULL,1,1),(1149,'BLX Ø6.5 WB, SLActive® 12mm, RXD - 061.9312',NULL,302,'2022-03-17 07:56:14.310443','2022-03-17 07:56:14.310486',NULL,8,0,NULL,1,NULL,1,1),(1151,'GM Helix Implant,Ti,3.5X8 mm - 109.943',NULL,303,'2022-03-17 08:45:15.531429','2022-03-17 08:45:15.531479',NULL,8,0,NULL,1,NULL,1,1),(1152,'GM Helix Implant,Ti,3.5x10 mm - 109.944',NULL,303,'2022-03-17 08:46:07.921323','2022-03-17 12:57:41.658482',NULL,8,0,NULL,1,NULL,1,1),(1153,'GM Helix Implant,Ti,3.5x11.5 mm - 109.945',NULL,303,'2022-03-17 08:47:57.742124','2022-03-17 12:57:51.629913',NULL,8,0,NULL,1,NULL,1,1),(1154,'GM Helix Implant,Ti,3.5x13 mm - 109.946',NULL,303,'2022-03-17 08:48:47.297126','2022-03-17 12:58:01.160495',NULL,8,0,NULL,1,NULL,1,1),(1155,'GM Helix Implant,Ti,3.5x16 mm -109.947',NULL,303,'2022-03-17 08:51:17.334900','2022-03-17 12:58:09.796350',NULL,8,0,NULL,1,NULL,1,1),(1156,'GM Helix Implant,Ti,3.5x18 mm - 109.988',NULL,303,'2022-03-17 08:52:01.479267','2022-03-17 12:58:19.480704',NULL,8,0,NULL,1,NULL,1,1),(1157,'GM Helix Implant,Ti,3.75x8 mm - 109.976',NULL,303,'2022-03-17 08:52:55.084867','2022-03-17 12:59:29.918985',NULL,8,0,NULL,1,NULL,1,1),(1158,'GM Helix Implant,Ti,3.75x10 mm - 109.977',NULL,303,'2022-03-17 08:53:49.213174','2022-03-17 12:58:30.740185',NULL,8,0,NULL,1,NULL,1,1),(1159,'GM Helix Implant,Ti,3.75x11.5 mm - 109.978',NULL,303,'2022-03-17 08:55:25.110342','2022-03-17 12:58:49.911500',NULL,8,0,NULL,1,NULL,1,1),(1160,'GM Helix Implant,Ti,3.75x13 mm - 109.979',NULL,303,'2022-03-17 08:56:41.507478','2022-03-17 12:59:02.440134',NULL,8,0,NULL,1,NULL,1,1),(1161,'GM Helix Implant,Ti,3.75x16 mm - 109.980',NULL,303,'2022-03-17 08:57:38.468287','2022-03-17 12:59:11.591397',NULL,8,0,NULL,1,NULL,1,1),(1162,'GM Helix Implant,Ti,3.75x18 mm - 109.981',NULL,303,'2022-03-17 08:59:08.510531','2022-03-17 12:59:21.537304',NULL,8,0,NULL,1,NULL,1,1),(1163,'GM Helix Implant,Ti,4.0x8 mm - 109.982',NULL,303,'2022-03-17 08:59:53.718942','2022-03-17 13:00:57.935245',NULL,8,0,NULL,1,NULL,1,1),(1164,'GM Helix Implant,Ti,4.0x10 mm - 109.983',NULL,303,'2022-03-17 09:00:48.892562','2022-03-17 12:59:42.560181',NULL,8,0,NULL,1,NULL,1,1),(1165,'GM Helix Implant,Ti,4.0x11.5 mm - 109.984',NULL,303,'2022-03-17 09:02:09.900230','2022-03-17 12:59:55.206556',NULL,8,0,NULL,1,NULL,1,1),(1166,'GM Helix Implant,Ti,4.0x13 mm - 109.985',NULL,303,'2022-03-17 09:02:56.064227','2022-03-17 13:00:20.730475',NULL,8,0,NULL,1,NULL,1,1),(1167,'GM Helix Implant,Ti,4.0x16 mm - 109.986',NULL,303,'2022-03-17 09:03:39.073107','2022-03-17 13:00:34.826432',NULL,8,0,NULL,1,NULL,1,1),(1168,'GM Helix Implant,Ti,4.0x18 mm - 109.987',NULL,303,'2022-03-17 09:08:53.360618','2022-03-17 13:00:44.479136',NULL,8,0,NULL,1,NULL,1,1),(1169,'GM Helix Implant,Ti,4.3x8 mm - 109.948',NULL,303,'2022-03-17 09:09:51.268777','2022-03-17 13:01:54.814468',NULL,8,0,NULL,1,NULL,1,1),(1170,'GM Helix Implant,Ti,4.3x10 mm - 109.949',NULL,303,'2022-03-17 09:10:35.865800','2022-03-17 13:01:09.281877',NULL,8,0,NULL,1,NULL,1,1),(1171,'GM Helix Implant,Ti,4.3x11.5 mm - 109.950',NULL,303,'2022-03-17 09:11:47.843889','2022-03-17 13:01:18.868818',NULL,8,0,NULL,1,NULL,1,1),(1172,'GM Helix Implant,Ti,4.3x13 mm - 109.951',NULL,303,'2022-03-17 09:12:31.200557','2022-03-17 13:01:27.270529',NULL,8,0,NULL,1,NULL,1,1),(1173,'GM Helix Implant,Ti,4.3x16 mm - 109.952',NULL,303,'2022-03-17 09:13:48.745881','2022-03-17 13:01:36.476272',NULL,8,0,NULL,1,NULL,1,1),(1174,'GM Helix Implant,Ti,4.3x18 mm - 109.989',NULL,303,'2022-03-17 09:14:25.655113','2022-03-17 13:01:46.330078',NULL,8,0,NULL,1,NULL,1,1),(1175,'GM Helix Implant,Ti,5.0x8 mm - 109.953',NULL,303,'2022-03-17 09:15:02.918453','2022-03-17 13:02:51.862930',NULL,8,0,NULL,1,NULL,1,1),(1176,'GM Helix Implant,Ti,5.0x10 mm - 109.954',NULL,303,'2022-03-17 09:15:42.581542','2022-03-17 13:02:04.317192',NULL,8,0,NULL,1,NULL,1,1),(1177,'GM Helix Implant,Ti,5.0x11.5 mm - 109.955',NULL,303,'2022-03-17 09:19:33.825093','2022-03-17 13:02:13.954929',NULL,8,0,NULL,1,NULL,1,1),(1178,'GM Helix Implant,Ti,5.0x13 mm - 109.956',NULL,303,'2022-03-17 09:20:12.206929','2022-03-17 13:02:22.497953',NULL,8,0,NULL,1,NULL,1,1),(1179,'GM Helix Implant,Ti,5.0x16 mm - 109.957',NULL,303,'2022-03-17 09:20:50.934867','2022-03-17 13:02:32.580045',NULL,8,0,NULL,1,NULL,1,1),(1180,'GM Helix Implant,Ti,5.0x18 mm - 109.990',NULL,303,'2022-03-17 09:21:29.647206','2022-03-17 13:02:42.256188',NULL,8,0,NULL,1,NULL,1,1),(1181,'GM Helix Implant,Ti,6.0x8 mm - 109.1009',NULL,303,'2022-03-17 09:22:08.608202','2022-03-17 13:03:36.786294',NULL,8,0,NULL,1,NULL,1,1),(1182,'GM Helix Implant,Ti,6.0x10 mm - 109.1010',NULL,303,'2022-03-17 09:22:47.432705','2022-03-17 13:03:10.414019',NULL,8,0,NULL,1,NULL,1,1),(1183,'GM Helix Implant,Ti,6.0x11.5 mm - 109.1011',NULL,303,'2022-03-17 09:23:26.862662','2022-03-17 13:03:18.661450',NULL,8,0,NULL,1,NULL,1,1),(1184,'GM Helix Implant,Ti,6.0x13 mm - 109.1012',NULL,303,'2022-03-17 09:24:02.975427','2022-03-17 13:03:28.028857',NULL,8,0,NULL,1,NULL,1,1),(1185,'GM Healing Abutm,Ti,3.3x0.8 - 106.207',NULL,311,'2022-03-17 09:26:06.300687','2022-03-17 12:55:46.681149',NULL,8,0,NULL,1,NULL,1,1),(1186,'GM Healing Abutm,Ti,3.3x1.5 - 106.208',NULL,311,'2022-03-17 09:31:31.611793','2022-03-17 12:56:01.184677',NULL,8,0,NULL,1,NULL,1,1),(1187,'GM Healing Abutm,Ti,3.3x2.5 - 106.209',NULL,311,'2022-03-17 09:51:11.948218','2022-03-17 12:56:10.903529',NULL,8,0,NULL,1,NULL,1,1),(1188,'GM Healing Abutm,Ti,3.3x3.5 - 106.210',NULL,311,'2022-03-17 09:52:49.056774','2022-03-17 12:56:20.106117',NULL,8,0,NULL,1,NULL,1,1),(1189,'GM Healing Abutm,Ti,3.3x4.5 - 106.211',NULL,311,'2022-03-17 09:53:41.065205','2022-03-17 12:56:30.623941',NULL,8,0,NULL,1,NULL,1,1),(1190,'GM Healing Abutm,Ti,3.3x5.5 - 106.212',NULL,311,'2022-03-17 09:54:24.130367','2022-03-17 12:56:38.833717',NULL,8,0,NULL,1,NULL,1,1),(1191,'GM Healing Abutm,Ti,4.5x0.8 - 106.213',NULL,311,'2022-03-17 09:55:09.098253','2022-03-17 12:56:48.516777',NULL,8,0,NULL,1,NULL,1,1),(1192,'GM Healing Abutm,Ti,4.5x1.5 - 106.214',NULL,311,'2022-03-17 09:55:55.410568','2022-03-17 12:56:56.877576',NULL,8,0,NULL,1,NULL,1,1),(1193,'GM Healing Abutm,Ti,4.5x2.5 - 106.215',NULL,311,'2022-03-17 09:56:36.999249','2022-03-17 12:57:07.483756',NULL,8,0,NULL,1,NULL,1,1),(1194,'GM Healing Abutm,Ti,4.5x3.5 - 106.216',NULL,311,'2022-03-17 09:57:16.622365','2022-03-17 12:57:16.032396',NULL,8,0,NULL,1,NULL,1,1),(1195,'GM Healing Abutm,Ti,4.5x4.5 - 106.217',NULL,311,'2022-03-17 09:57:58.047352','2022-03-17 12:57:23.758069',NULL,8,0,NULL,1,NULL,1,1),(1196,'GM Healing Abutm,Ti,4.5x5.5 - 106.218',NULL,311,'2022-03-17 09:58:36.320221','2022-03-17 12:57:32.913255',NULL,8,0,NULL,1,NULL,1,1),(1197,'GM Mini Conical Abutm,Ti,0.8 - 115.243',NULL,315,'2022-03-17 10:49:11.404679','2022-03-17 10:49:11.404716',NULL,8,0,NULL,1,NULL,1,1),(1198,'GM Mini Conical Abutm,Ti,1.5 - 115.244',NULL,315,'2022-03-17 10:50:23.870272','2022-03-17 10:50:23.870310',NULL,8,0,NULL,1,NULL,1,1),(1199,'GM Mini Conical Abutm,Ti,3.5 - 115.246',NULL,315,'2022-03-17 10:51:20.065902','2022-03-17 10:51:20.065941',NULL,8,0,NULL,1,NULL,1,1),(1200,'GM Mini Conical Abutm,Ti,4.5 - 115.247',NULL,315,'2022-03-17 10:51:58.970490','2022-03-17 10:51:58.970531',NULL,8,0,NULL,1,NULL,1,1),(1201,'GM Mini Conical Abutm,Ti,5.5 - 115.248',NULL,315,'2022-03-17 10:52:43.146131','2022-03-17 10:52:43.146169',NULL,8,0,NULL,1,NULL,1,1),(1202,'17° GM Mini Conical Abutm,Ti,1.5 - 115.249',NULL,315,'2022-03-17 10:54:34.878792','2022-03-17 10:54:34.878837',NULL,8,0,NULL,1,NULL,1,1),(1203,'17° GM Mini Conical Abutm,Ti,2.5 - 115.250',NULL,315,'2022-03-17 10:55:20.033725','2022-03-17 10:55:20.033766',NULL,8,0,NULL,1,NULL,1,1),(1204,'17° GM Mini Conical Abutm,Ti,3.5 - 115.251',NULL,315,'2022-03-17 10:56:10.547950','2022-03-17 10:56:10.547990',NULL,8,0,NULL,1,NULL,1,1),(1205,'30° GM Mini Conical Abutm,Ti,1.5 - 115.252',NULL,315,'2022-03-17 10:57:05.611436','2022-03-17 10:57:05.611472',NULL,8,0,NULL,1,NULL,1,1),(1206,'30° GM Mini Conical Abutm,Ti,2.5 - 115.253',NULL,315,'2022-03-17 10:57:56.117032','2022-03-17 10:57:56.117076',NULL,8,0,NULL,1,NULL,1,1),(1207,'30° GM Mini Conical Abutm,Ti,3.5 - 115.254',NULL,315,'2022-03-17 10:58:44.752114','2022-03-17 10:58:44.752150',NULL,8,0,NULL,1,NULL,1,1),(1208,'GM TI BASE 3.5x4x0.8  - 135.260',NULL,315,'2022-03-17 13:05:06.420800','2022-03-17 13:05:06.420844',NULL,8,0,NULL,1,NULL,1,1),(1209,'GM TI BASE 3.5x4x1.5  - 135.261',NULL,315,'2022-03-17 13:16:03.692189','2022-03-17 13:16:16.068809',NULL,8,0,NULL,1,NULL,1,1),(1210,'GM TI BASE 3.5x4x2.5  - 135.262',NULL,315,'2022-03-17 13:17:09.219735','2022-03-17 13:17:09.219772',NULL,8,0,NULL,1,NULL,1,1),(1211,'GM TI BASE 3.5x4x3.5  - 135.263',NULL,315,'2022-03-17 13:18:01.851196','2022-03-17 13:18:01.851233',NULL,8,0,NULL,1,NULL,1,1),(1212,'GM TI BASE 3.5x4x4.5  - 135.264',NULL,315,'2022-03-17 13:19:02.948908','2022-03-17 13:19:02.948950',NULL,8,0,NULL,1,NULL,1,1),(1213,'GM TI BASE 3.5x6x0.8  - 135.266',NULL,315,'2022-03-17 13:19:57.404917','2022-03-17 13:19:57.404954',NULL,8,0,NULL,1,NULL,1,1),(1214,'GM TI BASE 3.5x6x1.5  - 135.267',NULL,315,'2022-03-17 13:20:42.549448','2022-03-17 13:20:42.549497',NULL,8,0,NULL,1,NULL,1,1),(1215,'GM TI BASE 3.5x6x2.5  - 135.268',NULL,315,'2022-03-17 13:21:46.235939','2022-03-17 13:21:46.235985',NULL,8,0,NULL,1,NULL,1,1),(1216,'GM TI BASE 3.5x6x3.5  - 135.269',NULL,315,'2022-03-17 13:23:02.576111','2022-03-17 13:23:02.576155',NULL,8,0,NULL,1,NULL,1,1),(1217,'GM TI BASE 3.5x6x4.5  - 135.270',NULL,315,'2022-03-17 13:24:24.632090','2022-03-17 13:24:24.632128',NULL,8,0,NULL,1,NULL,1,1),(1218,'GM TI BASE 4.5x4x0.8  - 135.272',NULL,315,'2022-03-17 13:25:20.098006','2022-03-17 13:25:20.098043',NULL,8,0,NULL,1,NULL,1,1),(1219,'GM TI BASE 4.5x4x1.5 - 135.273',NULL,315,'2022-03-17 13:26:16.742365','2022-03-17 13:26:16.742401',NULL,8,0,NULL,1,NULL,1,1),(1220,'GM TI BASE 4.5x4x2.5  - 135.274',NULL,315,'2022-03-17 13:27:03.574229','2022-03-17 13:27:03.574274',NULL,8,0,NULL,1,NULL,1,1),(1221,'GM TI BASE 4.5x4x3.5  - 135.275',NULL,315,'2022-03-17 13:28:20.567277','2022-03-17 13:28:20.567313',NULL,8,0,NULL,1,NULL,1,1),(1222,'GM TI BASE 4.5x4x4.5  - 135.276',NULL,315,'2022-03-17 13:33:22.047224','2022-03-17 13:33:22.047261',NULL,8,0,NULL,1,NULL,1,1),(1223,'GM TI BASE 4.5x6x0.8  - 135.278',NULL,315,'2022-03-17 13:34:17.454353','2022-03-17 13:34:17.454390',NULL,8,0,NULL,1,NULL,1,1),(1224,'GM TI BASE 4.5x6x1.5  - 135.279',NULL,315,'2022-03-17 13:35:32.267244','2022-03-17 13:35:32.267281',NULL,8,0,NULL,1,NULL,1,1),(1225,'GM TI BASE 4.5x6x2.5  - 135.280',NULL,315,'2022-03-17 13:36:24.740257','2022-03-17 13:36:24.740298',NULL,8,0,NULL,1,NULL,1,1),(1226,'GM TI BASE 4.5x6x3.5  - 135.281',NULL,315,'2022-03-17 13:38:33.482232','2022-03-17 13:38:33.482269',NULL,8,0,NULL,1,NULL,1,1),(1227,'GM TI BASE 4.5x6x4.5  - 135.282',NULL,315,'2022-03-17 13:39:48.303314','2022-03-17 13:39:48.303350',NULL,8,0,NULL,1,NULL,1,1),(1228,'GM TI BASE 5.5x4x0.8  - 135.284',NULL,315,'2022-03-17 13:40:40.815288','2022-03-17 13:40:40.815333',NULL,8,0,NULL,1,NULL,1,1),(1229,'GM TI BASE 5.5x4x1.5  - 135.285',NULL,315,'2022-03-17 13:41:41.213513','2022-03-17 13:41:41.213550',NULL,8,0,NULL,1,NULL,1,1),(1230,'GM TI BASE 5.5x4x2.5  - 135.286',NULL,315,'2022-03-17 13:42:37.006437','2022-03-17 13:42:37.006481',NULL,8,0,NULL,1,NULL,1,1),(1231,'GM TI BASE 5.5x4x3.5  - 135.287',NULL,315,'2022-03-17 13:43:25.769442','2022-03-17 13:43:25.769508',NULL,8,0,NULL,1,NULL,1,1),(1232,'GM TI BASE 5.5x4x4.5  - 135.288',NULL,315,'2022-03-17 13:44:41.138992','2022-03-17 13:44:41.139044',NULL,8,0,NULL,1,NULL,1,1),(1233,'GM TI BASE 5.5x6x0.8  - 135.290',NULL,315,'2022-03-17 13:47:49.865804','2022-03-17 13:47:49.865849',NULL,8,0,NULL,1,NULL,1,1),(1234,'GM TI BASE 5.5x6x1.5  - 135.291',NULL,315,'2022-03-17 13:49:36.755349','2022-03-17 13:49:36.755394',NULL,8,0,NULL,1,NULL,1,1),(1235,'GM TI BASE 5.5x6x2.5 - 135.292',NULL,315,'2022-03-17 13:50:43.579087','2022-03-17 13:50:43.579124',NULL,8,0,NULL,1,NULL,1,1),(1236,'GM TI BASE 5.5x6x3.5 - 135.293',NULL,315,'2022-03-17 13:52:24.235710','2022-03-17 13:52:24.235755',NULL,8,0,NULL,1,NULL,1,1),(1237,'GM TI BASE 5.5x6x4.5  - 135.294',NULL,315,'2022-03-17 13:53:26.803187','2022-03-17 13:53:26.803231',NULL,8,0,NULL,1,NULL,1,1),(1238,'GM TI BASE 6.5x4x1.5  - 135.319',NULL,315,'2022-03-17 13:54:27.082174','2022-03-17 13:54:27.082229',NULL,8,0,NULL,1,NULL,1,1),(1239,'GM TI BASE 6.5x4x2.5  - 135.320',NULL,315,'2022-03-17 13:55:16.142356','2022-03-17 13:55:16.142401',NULL,8,0,NULL,1,NULL,1,1),(1240,'GM TI BASE 6.5X4X3.5 - 135.321',NULL,315,'2022-03-17 13:55:59.897890','2022-03-17 13:55:59.897928',NULL,8,0,NULL,1,NULL,1,1),(1241,'GM TI BASE 6.5x4x4.5  - 135.322',NULL,315,'2022-03-17 13:56:42.888246','2022-03-17 13:56:42.888283',NULL,8,0,NULL,1,NULL,1,1),(1242,'GM TI BASE 6.5x6x1.5 - 135.323',NULL,315,'2022-03-17 13:58:19.886899','2022-03-17 13:58:19.886941',NULL,8,0,NULL,1,NULL,1,1),(1243,'GM TI BASE 6.5x6x3.5  - 135.325',NULL,315,'2022-03-17 13:59:34.058827','2022-03-17 13:59:34.058902',NULL,8,0,NULL,1,NULL,1,1),(1244,'GM TI BASE 6.5x6x4.5  - 135.326',NULL,315,'2022-03-17 14:00:19.152126','2022-03-17 14:00:19.152163',NULL,8,0,NULL,1,NULL,1,1),(1245,'GM TI BASE FOR BRIDGE 3.5X0.8 - 135.304',NULL,315,'2022-03-18 09:23:49.770616','2022-03-18 09:23:49.770656',NULL,8,0,NULL,1,NULL,1,1),(1246,'GM TI BASE FOR BRIDGE 3.5X1.5 - 135.305',NULL,315,'2022-03-18 09:24:40.089067','2022-03-18 09:24:40.089104',NULL,8,0,NULL,1,NULL,1,1),(1247,'GM TI BASE FOR BRIDGE 3.5X2.5 - 135.306',NULL,315,'2022-03-18 09:25:19.827457','2022-03-18 09:25:19.827497',NULL,8,0,NULL,1,NULL,1,1),(1248,'GM TI BASE FOR BRIDGE 3.5X3.5 - 135.307',NULL,315,'2022-03-18 09:26:02.796466','2022-03-18 09:26:02.796521',NULL,8,0,NULL,1,NULL,1,1),(1249,'GM TI BASE FOR BRIDGE 3.5X4.5 - 135.308',NULL,315,'2022-03-18 09:28:42.533608','2022-03-18 09:28:42.533652',NULL,8,0,NULL,1,NULL,1,1),(1250,'GM TI BASE FOR BRIDGE4.5X0.8 - 135.309',NULL,315,'2022-03-18 09:30:08.985780','2022-03-18 09:30:08.985826',NULL,8,0,NULL,1,NULL,1,1),(1251,'GM TI BASE FOR BRIDGE 4.5X1.5 - 135.310',NULL,315,'2022-03-18 09:31:02.632110','2022-03-18 09:31:02.632148',NULL,8,0,NULL,1,NULL,1,1),(1252,'GM TI BASE FOR BRIDGE 4.5X2.5 - 135.311',NULL,315,'2022-03-18 09:35:57.677720','2022-03-18 09:35:57.677769',NULL,8,0,NULL,1,NULL,1,1),(1253,'GM TI BASE FOR BRIDGE 4.5X3.5 - 135.312',NULL,315,'2022-03-18 09:36:57.725327','2022-03-18 09:36:57.725376',NULL,8,0,NULL,1,NULL,1,1),(1254,'GM TI BASE FOR BRIDGE 4.5X4.5 - 135.313',NULL,315,'2022-03-18 09:40:12.166189','2022-03-18 09:40:12.166233',NULL,8,0,NULL,1,NULL,1,1),(1255,'GM TI BASE FOR BRIDGE 5.5X0.8 - 135.314',NULL,315,'2022-03-18 09:40:58.080819','2022-03-18 09:40:58.080856',NULL,8,0,NULL,1,NULL,1,1),(1256,'GM TI BASE FOR BRIDGE 5.5X1.5 - 135.315',NULL,315,'2022-03-18 09:42:10.621769','2022-03-18 09:42:10.621813',NULL,8,0,NULL,1,NULL,1,1),(1257,'GM TI BASE FOR BRIDGE 5.5X2.5 - 135.316',NULL,315,'2022-03-18 09:42:50.319321','2022-03-18 09:42:50.319360',NULL,8,0,NULL,1,NULL,1,1),(1258,'GM TI BASE FOR BRIDGE 5.5X3.5 - 135.317',NULL,315,'2022-03-18 09:50:20.365462','2022-03-18 09:50:20.365506',NULL,8,0,NULL,1,NULL,1,1),(1259,'GM TI BASE FOR BRIDGE 5.5X4.5 - 135.318',NULL,315,'2022-03-18 09:52:27.865753','2022-03-18 09:52:27.865796',NULL,8,0,NULL,1,NULL,1,1),(1260,'GM Cover Screw,Ti - 117.021',NULL,315,'2022-03-18 09:53:49.529900','2022-03-18 09:53:49.529943',NULL,8,0,NULL,1,NULL,1,1),(1261,'GM Cover Screw,Ti, 2mm - 117.022',NULL,315,'2022-03-18 09:54:34.134890','2022-03-18 09:54:34.134930',NULL,8,0,NULL,1,NULL,1,1),(1262,'Analog Digital, Ti, 3.5/3.75 - 101.103',NULL,315,'2022-03-18 09:55:24.625035','2022-03-18 09:55:24.625078',NULL,8,0,NULL,1,NULL,1,1),(1263,'Analog Digital, Ti, 4.0/4.3 - 101.089',NULL,315,'2022-03-18 09:56:13.341892','2022-03-18 09:56:13.341944',NULL,8,0,NULL,1,NULL,1,1),(1264,'Analog Digital, Ti, 5.0/6.0 - 101.090',NULL,315,'2022-03-18 09:57:09.999483','2022-03-18 09:57:09.999520',NULL,8,0,NULL,1,NULL,1,1),(1265,'Scanbody for implant - 108.183',NULL,315,'2022-03-18 10:02:13.014040','2022-03-18 10:02:13.014079',NULL,8,0,NULL,1,NULL,1,1),(1266,'Scanbody for Mini Conical Abutment - 108.137',NULL,315,'2022-03-18 10:03:04.495402','2022-03-18 10:03:04.495448',NULL,8,0,NULL,1,NULL,1,1),(1267,'Analog for Mini Conical Abutment - 101.092',NULL,315,'2022-03-18 10:03:42.552007','2022-03-18 10:03:42.552044',NULL,8,0,NULL,1,NULL,1,1),(1268,'Temporary coping for Mini Conical Abutment - 118.302',NULL,315,'2022-03-18 10:04:19.886636','2022-03-18 10:04:19.886673',NULL,8,0,NULL,1,NULL,1,1),(1269,'Digital coping for Mini Conical Abutment - 118.330',NULL,315,'2022-03-18 10:05:02.943062','2022-03-18 10:05:02.943101',NULL,8,0,NULL,1,NULL,1,1),(1270,'Protection Cylinder for Mini Conical Abutment - 106.220',NULL,315,'2022-03-18 10:05:55.894042','2022-03-18 10:05:55.894094',NULL,8,0,NULL,1,NULL,1,1),(1271,'Pre-milled Abt, Medentika Holder,Ø11.5,TAN - 135.252',NULL,315,'2022-03-18 10:06:35.788855','2022-03-18 10:07:02.176229',NULL,8,0,NULL,1,NULL,1,1),(1272,'Pre-milled Abt, Medentika Holder,Ø15.8,TAN - 135.253',NULL,315,'2022-03-18 10:07:33.260497','2022-03-18 10:07:33.260538',NULL,8,0,NULL,1,NULL,1,1),(1273,'Instrument de scos lucrari manual 3 piese',NULL,130,'2022-03-18 10:09:15.243252','2022-03-18 10:09:15.243291',NULL,8,0,NULL,1,NULL,1,1),(1274,'Lingura amprenta superior M',NULL,291,'2022-03-18 10:25:06.360422','2022-03-18 10:26:35.093406',NULL,8,0,NULL,1,NULL,1,1),(1275,'Lingura amprenta superior S',NULL,291,'2022-03-18 10:26:25.857677','2022-03-18 10:26:25.857714',NULL,8,0,NULL,1,NULL,1,1),(1276,'Lingura amprenta superior L',NULL,291,'2022-03-18 10:27:06.444450','2022-03-18 10:27:06.444491',NULL,8,0,NULL,1,NULL,1,1),(1277,'Lingura amprenta inferior M',NULL,291,'2022-03-18 10:28:16.129294','2022-03-18 10:28:16.129339',NULL,8,0,NULL,1,NULL,1,1),(1278,'Lingura amprenta inferior S',NULL,291,'2022-03-18 10:28:53.998486','2022-03-18 10:28:53.998523',NULL,8,0,NULL,1,NULL,1,1),(1279,'Lingura amprenta inferior L',NULL,291,'2022-03-18 10:29:28.421328','2022-03-18 10:29:28.421373',NULL,8,0,NULL,1,NULL,1,1),(1280,'Viziera Comfort cu 5 Folii',NULL,88,'2022-03-18 10:30:35.936267','2022-03-18 10:33:06.743076',NULL,8,0,NULL,1,NULL,1,1),(1281,'Folii Viziera Comfort Refill',NULL,88,'2022-03-18 10:31:40.481601','2022-03-18 10:32:34.116012',NULL,38,0,NULL,1,NULL,1,1),(1282,'Cleste extractie incisivi inferiori copii',NULL,130,'2022-03-18 10:34:06.201161','2022-03-18 12:54:10.082180',NULL,8,0,NULL,1,NULL,1,1),(1283,'Plugger Machtou 3-4',NULL,282,'2022-03-18 11:10:05.041254','2022-03-18 11:10:25.581011',NULL,8,0,NULL,1,NULL,1,1),(1284,'Plugger Machtou 1-2',NULL,282,'2022-03-18 11:11:02.754775','2022-03-18 11:11:02.754831',NULL,8,0,NULL,1,NULL,1,1),(1285,'Plugger Machtou 0',NULL,282,'2022-03-18 11:14:12.550010','2022-03-18 11:14:12.550051',NULL,8,0,NULL,1,NULL,1,1),(1286,'Spatula Arte Modella LM - 442-443XSI',NULL,130,'2022-03-18 11:28:39.295489','2022-03-18 11:40:05.386462',NULL,8,0,NULL,1,NULL,1,1),(1287,'Cleste Cleme Diga Hygenic',NULL,282,'2022-03-18 11:32:37.253479','2022-03-18 11:32:37.253517',NULL,8,0,NULL,1,NULL,1,1),(1288,'Instrument Aplicare Fir Universal',NULL,120,'2022-03-18 11:36:16.736657','2022-03-18 11:36:16.736696',NULL,8,0,NULL,1,NULL,1,1),(1289,'Spatula modelat compozit Arte LM - 46-49XSI',NULL,130,'2022-03-18 11:40:41.215347','2022-03-18 12:51:25.229072',NULL,8,0,NULL,1,NULL,1,1),(1290,'Placuta sticla pentru mixare ciment',NULL,291,'2022-03-18 12:30:36.206039','2022-03-18 12:31:35.939349',NULL,8,0,NULL,1,NULL,1,1),(1291,'Rama metalica forma U pentru camp de diga',NULL,284,'2022-03-18 12:33:28.971395','2022-03-18 12:33:28.971442',NULL,8,0,NULL,1,NULL,1,1),(1292,'Luxator L2S 2mm drept',NULL,130,'2022-03-18 12:35:05.328451','2022-03-18 12:35:38.371947',NULL,8,0,NULL,1,NULL,1,1),(1293,'Luxator L3S 3mm Drept',NULL,130,'2022-03-18 12:37:29.766072','2022-03-18 12:37:29.766120',NULL,8,0,NULL,1,NULL,1,1),(1294,'Luxator L3C 3mm Curb',NULL,130,'2022-03-18 12:38:41.271896','2022-03-18 12:38:41.271933',NULL,8,0,NULL,1,NULL,1,1),(1295,'Luxator L3CA contraunghi 3mm',NULL,130,'2022-03-18 12:40:57.004950','2022-03-18 12:40:57.004986',NULL,8,0,NULL,1,NULL,1,1),(1296,'Luxator L3IC 3mm curb inversat',NULL,130,'2022-03-18 12:41:56.456612','2022-03-18 12:41:56.456655',NULL,8,0,NULL,1,NULL,1,1),(1297,'Kit Diga Complete Hygienic',NULL,284,'2022-03-18 12:48:17.679445','2022-03-18 12:48:17.679505',NULL,35,0,NULL,1,NULL,1,1),(1298,'Ochelari protectie',NULL,88,'2022-03-18 12:49:35.224100','2022-03-18 12:49:35.224136',NULL,8,0,NULL,1,NULL,1,1),(1299,'Spatula modelat compozit Arte LM Aplica Twist - 464-494XSI',NULL,130,'2022-03-18 12:51:07.380338','2022-03-18 12:52:42.523299',NULL,8,0,NULL,1,NULL,1,1),(1300,'Cleste extractie incisivi superiori copii',NULL,130,'2022-03-18 12:54:01.228579','2022-03-18 12:54:01.228624',NULL,8,0,NULL,1,NULL,1,1),(1301,'Forfecuta curba Wagner 12cm',NULL,130,'2022-03-18 12:55:08.970473','2022-03-18 12:55:08.970532',NULL,8,0,NULL,1,NULL,1,1),(1302,'Chiureta Gracey mini five 7/8 10 mm',NULL,130,'2022-03-18 13:00:49.493476','2022-03-18 13:00:49.493514',NULL,8,0,NULL,1,NULL,1,1),(1303,'Chiureta Gracey mini five 11/12 10 mm',NULL,130,'2022-03-18 13:01:41.316808','2022-03-18 13:01:41.316846',NULL,8,0,NULL,1,NULL,1,1),(1304,'Chiureta Gracey mini five 13/14 10 mm',NULL,130,'2022-03-18 13:02:36.214009','2022-03-18 13:02:36.214046',NULL,8,0,NULL,1,NULL,1,1),(1305,'Sistem complet centrifugare PRF',NULL,305,'2022-03-18 13:05:30.238960','2022-03-18 13:07:39.917483',NULL,8,0,NULL,1,NULL,1,1),(1306,'Sonda periodontala cod 548/4',NULL,130,'2022-03-21 07:32:00.843944','2022-03-21 07:32:00.843984',NULL,8,0,NULL,1,NULL,1,1),(1307,'Chiureta alveolara Cod 661/86/8HL',NULL,130,'2022-03-21 07:47:41.123185','2022-03-21 07:47:41.123222',NULL,8,0,NULL,1,NULL,1,1);

--
-- Table structure for table `produse_produs_filtre`
--

CREATE TABLE `produse_produs_filtre` (
  `id` int(11) NOT NULL AUTO_INCREMENT,
  `produs_id` int(11) NOT NULL,
  `valoarefiltru_id` int(11) NOT NULL,
  PRIMARY KEY (`id`),
  UNIQUE KEY `produse_produs_filtre_produs_id_valoarefiltru_id_2d1574d3_uniq` (`produs_id`,`valoarefiltru_id`),
  KEY `produse_produs_filtr_valoarefiltru_id_c60f25e2_fk_produse_v` (`valoarefiltru_id`),
  CONSTRAINT `produse_produs_filtr_valoarefiltru_id_c60f25e2_fk_produse_v` FOREIGN KEY (`valoarefiltru_id`) REFERENCES `produse_valoarefiltru` (`id`),
  CONSTRAINT `produse_produs_filtre_produs_id_dd308735_fk_produse_produs_id` FOREIGN KEY (`produs_id`) REFERENCES `produse_produs` (`id`)
) ENGINE=InnoDB AUTO_INCREMENT=3923 DEFAULT CHARSET=utf8mb4 COLLATE=utf8mb4_unicode_ci;

--
-- Dumping data for table `produse_produs_filtre`
--

INSERT INTO `produse_produs_filtre` VALUES (51,20,28),(53,20,31),(983,20,246),(1188,20,252),(1240,20,280),(56,21,11),(54,21,40),(1310,21,241),(1210,21,252),(112,22,33),(140,22,40),(1308,22,241),(1206,22,252),(60,23,41),(1221,23,229),(62,24,28),(64,24,31),(984,24,246),(1174,24,258),(1241,24,280),(68,25,28),(66,25,32),(985,25,246),(1189,25,252),(1242,25,280),(72,26,28),(70,26,32),(986,26,246),(1175,26,258),(1243,26,280),(74,27,18),(76,27,28),(987,27,246),(1190,27,252),(1244,27,280),(78,28,18),(80,28,28),(988,28,246),(1176,28,258),(1245,28,280),(83,29,28),(85,29,46),(989,29,246),(1191,29,252),(1246,29,280),(87,30,28),(89,30,46),(990,30,246),(1177,30,258),(1247,30,280),(92,31,28),(90,31,33),(991,31,246),(1192,31,252),(1248,31,280),(96,32,28),(94,32,33),(992,32,246),(1178,32,258),(1249,32,280),(98,33,10),(100,33,28),(993,33,246),(1193,33,252),(1250,33,280),(102,34,10),(104,34,28),(994,34,246),(1179,34,258),(1251,34,280),(107,35,33),(106,35,40),(1013,35,246),(1199,35,252),(110,36,33),(238,36,40),(1027,36,246),(1181,36,258),(114,37,10),(113,37,40),(1026,37,246),(1200,37,252),(117,38,10),(116,38,40),(1025,38,246),(1182,38,258),(120,39,34),(119,39,40),(1024,39,246),(1201,39,252),(123,40,34),(122,40,40),(1023,40,246),(1183,40,258),(127,41,11),(125,41,40),(1022,41,246),(1202,41,252),(129,42,11),(128,42,40),(1021,42,246),(1184,42,258),(143,43,18),(142,43,40),(1020,43,246),(1203,43,252),(147,44,18),(146,44,40),(1019,44,246),(1185,44,258),(159,45,40),(152,45,46),(1018,45,246),(1186,45,258),(154,46,40),(156,46,46),(1017,46,246),(1204,46,252),(162,47,33),(161,47,40),(1016,47,246),(1172,47,256),(165,48,48),(1214,48,119),(1211,48,229),(166,49,48),(1215,49,119),(1212,49,229),(167,50,48),(1216,50,119),(1213,50,229),(172,51,54),(1063,51,228),(1170,51,253),(1171,51,255),(174,52,54),(1064,52,228),(1164,52,252),(1165,52,254),(170,53,51),(1040,53,244),(173,54,54),(976,54,228),(1168,54,251),(1169,54,254),(1547,57,14),(178,57,24),(1365,57,228),(182,58,23),(181,58,52),(1081,58,228),(183,59,24),(184,59,52),(1082,59,228),(185,60,25),(186,60,52),(1083,60,228),(190,61,14),(189,61,23),(1084,61,228),(193,62,14),(191,62,25),(1085,62,228),(194,63,56),(1163,63,226),(1359,63,229),(195,64,58),(1153,64,223),(196,65,59),(1141,65,221),(1542,65,229),(197,66,59),(1136,66,218),(1540,66,229),(199,67,59),(1140,67,221),(1541,67,229),(202,68,59),(1137,68,218),(1543,68,229),(731,69,107),(1338,69,229),(205,70,63),(379,70,109),(1326,70,231),(206,71,63),(380,71,109),(1327,71,231),(207,72,63),(381,72,109),(1328,72,231),(208,73,63),(382,73,109),(1329,73,231),(209,74,56),(1360,74,229),(1162,74,250),(225,75,41),(1154,75,222),(228,76,41),(1121,76,217),(1380,76,229),(1235,76,273),(230,78,41),(1144,78,215),(1143,78,231),(231,79,73),(1377,79,241),(1376,79,287),(1375,79,288),(233,81,14),(234,82,56),(235,82,74),(1384,82,229),(236,83,56),(1382,83,226),(1381,83,229),(1050,84,244),(814,85,94),(1052,85,244),(244,86,51),(1041,86,244),(442,87,94),(1056,87,244),(443,88,94),(1057,88,244),(250,89,63),(1160,89,184),(1299,89,229),(252,90,63),(1157,90,208),(1267,90,229),(253,91,63),(1305,91,91),(1279,91,229),(1306,91,285),(254,92,63),(1303,92,214),(1278,92,229),(1304,92,284),(255,93,59),(955,93,185),(971,93,229),(257,94,59),(957,94,185),(973,94,229),(259,95,59),(1133,95,214),(1269,95,229),(261,96,59),(1263,96,229),(262,97,78),(1262,97,229),(263,98,59),(953,98,185),(965,98,229),(265,99,59),(1159,99,215),(1260,99,229),(267,100,80),(268,100,81),(269,101,80),(270,101,81),(272,102,45),(271,102,82),(274,103,14),(1042,103,245),(276,104,14),(1075,104,228),(277,105,52),(278,105,84),(279,106,84),(280,106,85),(755,107,14),(281,107,84),(284,108,14),(1089,108,228),(288,109,14),(1090,109,228),(291,110,14),(1091,110,228),(292,111,41),(293,111,90),(1224,111,229),(294,112,40),(295,112,91),(1222,112,229),(296,113,59),(1135,113,218),(1223,113,229),(299,115,97),(1566,115,199),(1424,115,229),(327,116,41),(1431,116,217),(1433,116,222),(1432,116,225),(1236,116,273),(331,118,100),(1161,118,184),(1410,118,229),(333,119,45),(1155,119,222),(1411,119,229),(335,120,45),(1122,120,217),(1412,120,229),(336,121,45),(1152,121,225),(1413,121,229),(340,122,45),(1123,122,217),(1124,122,222),(1125,122,249),(1526,122,290),(343,123,102),(1139,123,218),(1414,123,229),(345,124,102),(1053,124,245),(347,125,102),(1054,125,245),(349,126,94),(1944,126,229),(1400,126,291),(351,127,94),(1945,127,229),(1401,127,291),(1396,128,81),(352,128,94),(1397,128,289),(1399,128,290),(353,129,73),(1419,129,91),(1418,129,152),(354,130,103),(355,130,105),(1415,130,229),(356,131,104),(357,131,105),(1416,131,229),(1095,132,228),(359,133,63),(360,133,103),(1517,133,229),(362,134,63),(361,134,108),(1315,134,229),(364,135,63),(363,135,108),(1316,135,229),(366,136,63),(365,136,108),(1317,136,229),(368,137,63),(367,137,108),(1318,137,229),(370,138,63),(369,138,108),(1319,138,229),(372,139,63),(371,139,108),(1320,139,229),(374,140,63),(373,140,108),(1321,140,229),(376,141,63),(375,141,108),(1322,141,229),(378,142,63),(377,142,108),(1323,142,229),(384,143,63),(383,143,108),(1280,143,229),(386,144,63),(385,144,108),(1281,144,229),(388,145,63),(387,145,108),(1282,145,229),(390,146,63),(389,146,108),(1283,146,229),(392,147,63),(391,147,108),(1284,147,229),(394,148,63),(393,148,108),(1285,148,229),(396,149,63),(395,149,108),(1286,149,229),(398,150,63),(397,150,108),(1287,150,229),(400,151,63),(399,151,108),(1288,151,229),(402,152,63),(401,152,108),(1289,152,229),(404,153,63),(403,153,108),(1290,153,229),(406,154,63),(405,154,108),(1291,154,229),(408,155,63),(407,155,108),(1292,155,229),(410,156,63),(409,156,108),(1297,156,229),(411,157,59),(956,157,185),(972,157,229),(413,158,110),(414,158,111),(1277,158,229),(415,159,94),(416,159,112),(1272,159,229),(418,160,94),(417,160,112),(1275,160,229),(420,161,94),(419,161,112),(1947,161,229),(422,162,94),(421,162,112),(1273,162,229),(424,163,94),(423,163,112),(1271,163,229),(426,164,94),(425,164,112),(1948,164,229),(428,165,94),(427,165,112),(1276,165,229),(430,166,94),(429,166,112),(1274,166,229),(432,167,94),(431,167,112),(1946,167,229),(842,168,45),(434,168,113),(1518,168,229),(437,169,45),(436,169,113),(1519,169,229),(439,170,45),(438,170,113),(1520,170,229),(440,171,63),(1129,171,227),(447,172,14),(445,172,46),(1108,172,239),(450,173,14),(448,173,33),(1109,173,239),(451,174,10),(453,174,14),(1110,174,239),(456,175,14),(454,175,34),(1111,175,239),(458,176,11),(459,176,14),(1112,176,239),(462,177,14),(460,177,46),(1114,177,239),(465,178,14),(463,178,33),(1116,178,239),(466,179,10),(468,179,14),(1118,179,239),(471,180,14),(469,180,34),(1119,180,239),(473,181,11),(474,181,14),(1120,181,239),(477,182,14),(475,182,46),(1032,182,239),(480,183,14),(478,183,33),(1034,183,239),(481,184,10),(483,184,14),(1035,184,239),(486,185,14),(484,185,34),(1036,185,239),(488,186,11),(489,186,14),(1037,186,239),(492,187,14),(490,187,46),(1031,187,239),(495,188,14),(493,188,33),(1096,188,239),(496,189,10),(498,189,14),(1097,189,239),(501,190,14),(499,190,34),(1098,190,239),(503,191,11),(504,191,14),(1099,191,239),(507,192,14),(505,192,46),(1101,192,239),(510,193,14),(508,193,33),(1103,193,239),(511,194,10),(513,194,14),(1105,194,239),(516,195,14),(514,195,34),(1106,195,239),(518,196,11),(519,196,14),(1107,196,239),(522,197,14),(520,197,46),(999,197,239),(525,198,14),(523,198,33),(1000,198,239),(526,199,10),(528,199,14),(1001,199,239),(531,200,14),(529,200,34),(1002,200,239),(533,201,11),(534,201,14),(1003,201,239),(1078,202,228),(538,203,109),(537,203,116),(539,204,81),(540,204,116),(541,205,59),(542,205,111),(543,206,59),(544,206,111),(545,207,59),(546,207,111),(547,208,14),(1004,208,242),(550,209,59),(549,209,81),(551,210,109),(552,210,118),(1356,210,229),(553,211,118),(554,211,119),(1362,211,229),(555,212,118),(556,212,119),(1363,212,229),(557,213,100),(1402,213,229),(1092,216,228),(562,217,59),(1066,217,228),(564,218,45),(1539,218,229),(566,219,137),(1048,219,244),(567,220,136),(1049,220,244),(570,221,135),(1028,221,244),(572,222,63),(571,222,108),(1324,222,229),(574,223,63),(573,223,108),(1325,223,229),(576,224,94),(575,224,112),(1270,224,229),(577,225,63),(1301,225,91),(1300,225,229),(1302,225,283),(578,226,63),(579,226,138),(1293,226,229),(581,227,63),(580,227,138),(1294,227,229),(583,228,63),(582,228,138),(1295,228,229),(585,229,63),(584,229,138),(1296,229,229),(588,230,63),(1158,230,208),(1268,230,229),(589,231,63),(1148,231,220),(1423,231,229),(591,232,48),(949,232,188),(966,232,229),(594,233,28),(593,233,33),(1062,233,235),(1254,233,282),(597,234,28),(596,234,46),(1068,234,235),(1255,234,282),(600,235,28),(599,235,34),(1067,235,235),(1256,235,282),(602,236,11),(603,236,28),(1069,236,235),(1257,236,282),(605,237,10),(606,237,28),(1070,237,235),(1258,237,282),(608,238,12),(609,238,28),(1071,238,235),(1259,238,280),(612,239,41),(611,239,65),(1425,239,229),(613,240,41),(614,240,143),(1426,240,229),(615,241,41),(982,241,237),(617,242,41),(1149,242,224),(1427,242,229),(620,243,41),(1428,243,229),(622,244,41),(621,244,65),(1429,244,229),(623,245,41),(1151,245,225),(1430,245,229),(1055,246,244),(1150,248,226),(1229,248,229),(629,249,73),(630,249,149),(1366,249,229),(631,250,56),(632,250,65),(1383,250,229),(633,251,14),(1406,251,229),(634,252,14),(1403,252,229),(635,253,14),(1405,253,229),(636,254,14),(1404,254,229),(637,255,100),(1093,255,235),(641,256,34),(640,256,150),(642,256,151),(1533,256,229),(643,257,18),(644,257,150),(645,257,151),(1534,257,229),(646,258,31),(647,258,150),(648,258,151),(1535,258,229),(649,259,12),(650,259,150),(651,259,151),(1536,259,229),(652,260,10),(653,260,150),(654,260,151),(1537,260,229),(655,261,33),(656,261,150),(657,261,151),(1538,261,229),(658,262,97),(950,262,199),(967,262,229),(961,263,186),(962,263,228),(959,264,185),(960,264,228),(963,265,184),(964,265,228),(664,266,94),(1044,266,244),(1928,266,315),(666,267,94),(1046,267,244),(1930,267,315),(668,268,94),(1045,268,244),(1929,268,315),(670,269,94),(1047,269,244),(1931,269,315),(674,271,59),(673,271,152),(1385,271,229),(675,272,14),(1387,272,228),(676,273,14),(1388,273,228),(677,274,14),(1389,274,228),(678,275,14),(1390,275,228),(679,276,14),(1386,276,228),(682,277,59),(998,277,243),(684,278,59),(997,278,243),(685,279,100),(1417,279,229),(686,280,100),(1043,280,244),(690,281,102),(1038,281,238),(692,282,146),(1039,282,240),(695,283,59),(1264,283,229),(696,284,59),(1134,284,218),(1217,284,229),(698,285,59),(1156,285,221),(1218,285,229),(700,286,92),(701,286,156),(1391,286,229),(702,287,59),(1131,287,207),(1314,287,229),(704,288,59),(1138,288,218),(1395,288,229),(1266,290,92),(1265,290,216),(1367,290,229),(711,291,59),(1130,291,207),(1532,291,229),(713,292,97),(952,292,199),(969,292,229),(715,293,46),(716,293,159),(1337,293,229),(717,294,46),(718,294,159),(1330,294,229),(719,295,34),(720,295,159),(1336,295,229),(721,296,34),(722,296,159),(1331,296,229),(723,297,31),(724,297,159),(1335,297,229),(725,298,31),(726,298,159),(1332,298,229),(727,299,12),(728,299,159),(1334,299,229),(729,300,12),(730,300,159),(1333,300,229),(732,301,107),(1339,301,229),(733,302,107),(1349,302,229),(734,303,107),(1345,303,229),(735,304,107),(1348,304,229),(736,305,107),(1350,305,229),(737,306,107),(1340,306,229),(738,307,107),(1346,307,229),(739,308,107),(1347,308,229),(740,309,107),(1342,309,229),(741,310,107),(1343,310,229),(742,311,107),(1344,311,229),(743,312,107),(1351,312,229),(744,313,107),(1352,313,229),(745,314,107),(1353,314,229),(746,315,52),(1072,315,228),(750,316,52),(1073,316,228),(753,317,52),(1074,317,228),(756,318,84),(757,318,86),(764,319,33),(758,319,40),(1009,319,247),(762,320,10),(763,320,40),(1011,320,247),(766,321,34),(767,321,40),(1012,321,247),(769,322,40),(1010,322,247),(770,323,14),(1422,323,229),(777,324,10),(773,324,40),(1309,324,241),(1208,324,252),(782,325,34),(778,325,40),(1307,325,241),(1209,325,252),(783,326,40),(1394,326,246),(1207,326,252),(786,327,14),(1029,327,248),(1076,328,228),(1077,329,228),(791,330,14),(793,331,14),(795,332,14),(1033,332,239),(796,333,102),(979,333,236),(799,334,102),(1079,334,235),(801,335,164),(977,335,236),(803,336,164),(978,336,236),(804,337,105),(805,337,165),(1550,337,229),(806,338,105),(807,338,165),(1551,338,229),(809,339,56),(981,339,237),(812,341,51),(1051,341,244),(815,342,81),(1565,342,229),(817,343,100),(1008,343,241),(818,344,100),(1094,344,235),(821,345,14),(822,346,40),(1015,346,246),(1205,346,252),(826,347,40),(1014,347,246),(1187,347,258),(830,348,25),(831,348,52),(1086,348,228),(835,349,23),(833,349,52),(1087,349,228),(836,350,24),(837,350,52),(1088,350,228),(840,351,167),(1370,351,229),(1197,351,252),(1198,351,259),(841,352,167),(1371,352,229),(844,353,169),(1358,353,229),(845,354,40),(1005,354,241),(1194,354,252),(848,355,40),(1006,355,241),(1173,355,257),(853,356,40),(1007,356,241),(1180,356,258),(858,357,94),(1145,357,219),(1146,357,222),(1949,357,290),(868,358,171),(1408,358,229),(861,359,107),(862,360,107),(863,361,107),(864,362,107),(1341,362,229),(871,363,171),(869,364,171),(1409,364,229),(870,365,171),(1407,365,229),(872,366,172),(954,366,185),(1261,366,229),(1030,367,239),(875,368,107),(876,369,107),(877,370,14),(1393,370,229),(879,371,28),(880,371,46),(1100,371,239),(883,372,28),(881,372,33),(1102,372,239),(884,373,10),(886,373,28),(1104,373,239),(888,374,28),(889,374,46),(1113,374,239),(892,375,28),(890,375,33),(1115,375,239),(893,376,10),(895,376,28),(1117,376,239),(897,377,173),(1228,377,229),(898,378,173),(1225,378,229),(899,379,173),(1226,379,229),(900,380,173),(1227,380,229),(1488,381,46),(903,381,174),(996,381,246),(1196,381,252),(1487,382,18),(907,382,174),(995,382,246),(1195,382,252),(910,383,175),(980,383,236),(912,384,176),(913,385,176),(914,386,176),(915,387,176),(916,388,177),(1368,388,229),(917,389,105),(1128,389,208),(919,390,105),(921,391,110),(922,391,178),(1392,391,229),(924,392,91),(923,392,105),(1127,392,213),(1361,392,229),(926,393,171),(927,394,52),(1065,394,228),(1166,394,252),(1167,394,254),(930,395,105),(1132,395,215),(1420,395,229),(931,396,105),(1147,396,215),(1421,396,229),(935,397,180),(1369,397,229),(936,398,97),(951,398,199),(968,398,229),(1061,399,12),(938,399,146),(1059,399,244),(1060,400,34),(940,400,146),(1058,400,244),(942,401,59),(1142,401,221),(1544,401,229),(945,402,181),(1379,402,229),(946,403,181),(1378,403,229),(948,405,63),(1312,405,108),(1311,405,208),(1525,405,290),(1219,406,41),(1220,406,229),(1355,407,118),(1354,407,229),(1357,407,286),(1372,408,97),(1374,408,199),(1373,408,231),(1436,410,63),(1435,410,187),(1437,410,229),(1440,411,63),(1438,411,187),(1439,411,229),(1443,412,63),(1441,412,187),(1442,412,229),(1446,413,63),(1444,413,187),(1445,413,229),(1449,414,63),(1447,414,187),(1448,414,229),(1452,415,63),(1450,415,187),(1451,415,229),(1455,416,63),(1453,416,187),(1454,416,229),(1458,417,63),(1456,417,187),(1457,417,229),(1459,418,63),(1461,418,207),(1460,418,229),(1462,419,63),(1464,419,207),(1463,419,229),(1465,420,63),(1467,420,207),(1466,420,229),(1468,421,63),(1470,421,207),(1469,421,229),(1471,422,63),(1473,422,207),(1472,422,229),(1474,423,63),(1476,423,207),(1475,423,229),(1477,424,63),(1479,424,207),(1478,424,229),(1481,425,63),(1480,425,229),(1482,425,294),(1483,426,33),(1485,426,174),(1486,426,246),(1484,426,252),(1489,427,10),(1491,427,174),(1492,427,246),(1490,427,252),(1496,428,34),(1494,428,174),(1495,428,246),(1493,428,252),(1498,429,174),(1499,429,246),(1497,429,252),(1501,430,174),(1502,430,246),(1500,430,258),(1504,431,174),(1505,431,246),(1503,431,256),(1506,432,40),(1507,432,246),(1508,432,295),(1510,433,40),(1511,433,246),(1509,433,296),(1512,434,40),(1514,434,246),(1513,434,297),(1516,435,40),(1515,435,246),(1531,436,94),(1524,436,290),(1522,436,298),(1523,436,299),(1529,437,91),(1530,437,94),(1527,437,185),(1528,437,290),(1545,438,82),(1546,438,229),(1548,439,231),(1549,439,300),(1552,440,73),(1553,440,231),(1555,440,290),(1554,440,301),(1556,441,63),(1557,441,109),(1558,441,231),(1559,442,63),(1560,442,109),(1561,442,231),(1562,443,73),(1563,443,178),(1564,443,229),(1567,444,229),(1569,444,303),(1571,444,309),(1573,445,229),(1574,445,303),(1572,445,313),(1582,448,229),(1583,448,303),(1581,448,313),(1585,449,229),(1586,449,303),(1584,449,313),(1588,450,229),(1589,450,303),(1587,450,313),(1594,452,229),(1593,452,313),(1596,453,229),(1597,453,303),(1595,453,313),(1598,454,229),(1600,454,303),(1599,454,310),(1601,455,229),(1603,455,303),(1602,455,310),(1604,456,229),(1606,456,303),(1605,456,310),(1607,457,229),(1609,457,303),(1608,457,310),(1610,458,229),(1611,458,303),(1614,458,310),(1612,459,229),(1613,459,303),(1615,459,310),(1616,460,229),(1618,460,303),(1617,460,310),(1619,461,229),(1621,461,303),(1620,461,310),(1622,462,229),(1624,462,303),(1623,462,310),(1625,463,229),(1627,463,303),(1626,463,310),(1628,464,229),(1630,464,303),(1629,464,310),(1631,465,229),(1632,465,303),(1633,465,310),(1634,466,229),(1636,466,303),(1635,466,310),(1637,467,229),(1639,467,303),(1638,467,310),(1640,468,229),(1642,468,303),(1641,468,310),(1643,469,229),(1645,469,303),(1644,469,310),(1646,470,229),(1648,470,303),(1647,470,310),(1649,471,229),(1651,471,303),(1650,471,310),(1652,472,229),(1654,472,303),(1653,472,310),(1655,473,229),(1657,473,303),(1656,473,310),(1658,474,229),(1660,474,303),(1659,474,310),(1661,475,229),(1663,475,303),(1662,475,310),(1664,476,229),(1666,476,303),(1665,476,310),(1667,477,229),(1668,477,303),(1675,477,310),(1669,478,229),(1671,478,303),(1670,478,310),(1672,479,229),(1674,479,303),(1673,479,310),(1676,480,229),(1678,480,303),(1677,480,310),(1679,481,229),(1681,481,303),(1680,481,310),(1682,482,229),(1684,482,303),(1683,482,310),(1685,483,229),(1687,483,303),(1686,483,310),(1688,484,229),(1690,484,303),(1689,484,310),(1692,485,229),(2808,485,303),(1691,485,309),(1695,486,229),(1696,486,303),(1694,486,309),(1698,487,229),(1699,487,303),(1697,487,309),(1701,488,229),(1702,488,303),(1700,488,309),(1704,489,229),(1705,489,303),(1703,489,309),(1707,490,229),(1708,490,303),(1706,490,309),(1710,491,229),(1711,491,303),(1709,491,309),(1713,492,229),(1714,492,303),(1712,492,309),(1716,493,229),(1717,493,303),(1715,493,309),(1719,494,229),(1720,494,303),(1718,494,309),(1722,495,229),(1723,495,303),(1721,495,309),(1725,496,229),(1726,496,303),(1724,496,309),(1728,497,229),(1729,497,303),(1727,497,309),(1731,498,229),(1732,498,303),(1730,498,309),(1734,499,229),(1735,499,303),(1733,499,309),(1737,500,229),(1738,500,303),(1736,500,309),(1740,501,229),(1741,501,303),(1739,501,309),(1743,502,229),(1744,502,303),(1742,502,309),(1746,503,229),(1747,503,303),(1745,503,309),(1749,504,229),(1750,504,303),(1748,504,309),(1752,505,229),(1753,505,303),(1751,505,309),(1755,506,229),(1756,506,303),(1754,506,309),(1758,507,229),(1759,507,303),(1757,507,309),(1761,508,229),(1762,508,303),(1760,508,309),(1764,509,229),(1765,509,303),(1763,509,309),(1767,510,229),(1768,510,303),(1766,510,309),(1770,511,229),(1771,511,303),(1769,511,309),(1773,512,229),(1774,512,303),(1772,512,309),(1776,513,229),(1777,513,303),(1775,513,309),(1779,514,229),(1780,514,303),(1778,514,309),(1782,515,229),(1783,515,303),(1781,515,309),(1785,516,229),(1786,516,303),(1784,516,309),(1788,517,229),(1789,517,303),(1787,517,309),(1791,518,229),(1792,518,303),(1790,518,309),(1794,519,229),(1795,519,303),(1793,519,309),(1797,520,229),(1798,520,303),(1796,520,309),(1800,521,229),(1801,521,303),(1799,521,309),(1803,522,229),(1804,522,303),(1802,522,309),(1806,523,229),(1807,523,303),(1805,523,309),(1809,524,229),(1810,524,303),(1808,524,309),(1812,525,229),(1813,525,303),(1811,525,309),(1815,526,229),(1816,526,303),(1814,526,309),(1818,527,229),(1819,527,303),(1817,527,309),(1821,528,229),(1822,528,303),(1820,528,309),(1824,529,229),(1825,529,303),(1823,529,309),(1827,530,229),(1828,530,303),(1826,530,309),(1830,531,229),(1831,531,303),(1829,531,309),(1833,532,229),(1834,532,303),(1832,532,309),(1836,533,229),(1837,533,303),(1835,533,309),(1839,534,229),(1840,534,303),(1838,534,309),(1842,535,229),(1843,535,303),(1841,535,309),(1845,536,229),(1846,536,303),(1844,536,309),(1848,537,229),(1849,537,303),(1847,537,309),(1851,538,229),(1852,538,303),(1850,538,309),(1854,539,229),(1855,539,303),(1853,539,309),(1857,540,229),(1858,540,303),(1856,540,309),(1860,541,229),(1861,541,303),(1859,541,309),(1863,542,229),(1864,542,303),(1862,542,309),(1866,543,229),(1867,543,303),(1865,543,309),(1869,544,229),(1870,544,303),(1868,544,309),(1872,545,229),(1873,545,303),(1871,545,309),(1875,546,229),(1876,546,303),(1874,546,309),(1878,547,229),(1879,547,303),(1877,547,309),(1881,548,229),(1882,548,303),(1880,548,309),(1884,549,229),(1885,549,303),(1883,549,309),(1887,550,229),(1888,550,303),(1886,550,309),(1890,551,229),(1891,551,303),(1889,551,309),(1893,552,229),(1894,552,303),(1892,552,309),(1896,553,229),(1897,553,303),(1895,553,309),(1899,554,229),(1900,554,303),(1898,554,309),(1902,555,229),(1903,555,303),(1901,555,309),(1905,556,229),(1906,556,303),(1904,556,309),(1908,557,229),(1909,557,303),(1907,557,309),(1911,558,229),(1912,558,303),(1910,558,309),(1914,559,229),(1915,559,303),(1913,559,309),(1917,560,229),(1918,560,303),(1916,560,309),(1920,561,229),(1921,561,303),(1919,561,309),(1923,562,229),(1924,562,303),(1922,562,309),(1926,563,229),(1927,563,303),(1925,563,309),(1932,564,94),(1933,564,244),(1934,564,316),(1935,565,94),(1936,565,244),(1937,565,316),(1938,566,94),(1939,566,244),(1940,566,316),(1941,567,94),(1942,567,244),(1943,567,316),(1951,568,229),(1952,568,303),(1950,568,309),(1954,569,229),(1955,569,303),(1953,569,309),(1957,570,229),(1958,570,303),(1956,570,309),(1960,571,229),(1961,571,303),(1959,571,309),(1963,572,229),(1964,572,303),(1962,572,309),(1966,573,229),(1967,573,303),(1965,573,309),(1969,574,229),(1970,574,303),(1968,574,309),(1972,575,229),(1973,575,303),(1971,575,309),(1975,576,229),(1976,576,303),(1974,576,309),(1978,577,229),(1979,577,303),(1977,577,309),(1981,578,229),(1982,578,303),(1980,578,309),(1984,579,229),(1985,579,303),(1983,579,309),(1987,580,229),(1988,580,303),(1986,580,309),(1990,581,229),(1991,581,303),(1989,581,309),(1993,582,229),(1994,582,303),(1992,582,309),(1996,583,229),(1997,583,303),(1995,583,309),(1999,584,229),(2000,584,303),(1998,584,309),(2002,585,229),(2003,585,303),(2001,585,309),(2005,586,229),(2006,586,303),(2004,586,309),(2007,587,56),(2008,587,229),(2009,588,56),(2010,588,65),(2011,588,229),(2012,589,56),(2013,589,226),(2014,589,229),(2016,590,229),(2017,590,303),(2015,590,309),(2019,591,229),(2020,591,303),(2018,591,309),(2022,592,229),(2023,592,303),(2021,592,309),(2025,593,229),(2026,593,303),(2024,593,309),(2028,594,229),(2029,594,303),(2027,594,309),(2031,595,229),(2032,595,303),(2030,595,309),(2034,596,229),(2035,596,303),(2033,596,309),(2037,597,229),(2038,597,303),(2036,597,309),(2040,598,229),(2041,598,303),(2039,598,309),(2043,599,229),(2044,599,303),(2042,599,309),(2046,600,229),(2047,600,303),(2045,600,309),(2049,601,229),(2050,601,303),(2048,601,309),(2052,602,229),(2053,602,303),(2051,602,309),(2055,603,229),(2056,603,303),(2054,603,309),(2058,604,229),(2059,604,303),(2057,604,309),(2061,605,229),(2062,605,303),(2060,605,309),(2064,606,229),(2065,606,303),(2063,606,309),(2067,607,229),(2068,607,303),(2066,607,309),(2070,608,229),(2071,608,303),(2069,608,309),(2073,609,229),(2074,609,303),(2072,609,309),(2076,610,229),(2077,610,303),(2075,610,309),(2079,611,229),(2080,611,303),(2078,611,309),(2082,612,229),(2083,612,303),(2081,612,309),(2085,613,229),(2086,613,303),(2084,613,309),(2088,614,229),(2089,614,303),(2087,614,309),(2091,615,229),(2092,615,303),(2090,615,309),(2094,616,229),(2095,616,303),(2093,616,309),(2097,617,229),(2098,617,303),(2096,617,309),(2100,618,229),(2101,618,303),(2099,618,309),(2103,619,229),(2104,619,303),(2102,619,309),(2106,620,229),(2107,620,303),(2105,620,309),(2109,621,229),(2110,621,303),(2108,621,309),(2112,622,229),(2113,622,303),(2111,622,309),(2115,623,229),(2116,623,303),(2114,623,309),(2117,624,229),(2118,624,303),(2120,625,229),(2121,625,303),(2119,625,309),(2123,626,229),(2124,626,303),(2122,626,309),(2126,627,229),(2127,627,303),(2125,627,309),(2129,628,229),(2130,628,303),(2128,628,309),(2132,629,229),(2133,629,303),(2131,629,309),(2135,630,229),(2136,630,303),(2134,630,309),(2138,631,229),(2139,631,303),(2137,631,309),(2141,632,229),(2142,632,303),(2140,632,309),(2144,633,229),(2145,633,303),(2143,633,309),(2147,634,229),(2148,634,303),(2146,634,309),(2150,635,229),(2151,635,303),(2149,635,309),(2153,636,229),(2154,636,303),(2152,636,309),(2156,637,229),(2157,637,303),(2155,637,309),(2159,638,229),(2160,638,303),(2158,638,309),(2162,639,229),(2163,639,303),(2161,639,309),(2165,640,229),(2166,640,303),(2164,640,309),(2168,641,229),(2169,641,303),(2167,641,309),(2171,642,229),(2172,642,303),(2170,642,309),(2174,643,229),(2175,643,303),(2173,643,309),(2177,644,229),(2178,644,303),(2176,644,309),(2180,645,229),(2181,645,303),(2179,645,309),(2183,646,229),(2184,646,303),(2182,646,309),(2186,647,229),(2187,647,303),(2185,647,309),(2189,648,229),(2190,648,303),(2188,648,309),(2192,649,229),(2193,649,303),(2191,649,309),(2195,650,229),(2196,650,303),(2194,650,309),(2198,651,229),(2199,651,303),(2197,651,309),(2201,652,229),(2202,652,303),(2200,652,309),(2204,653,229),(2205,653,303),(2203,653,309),(2207,654,229),(2208,654,303),(2206,654,309),(2210,655,229),(2211,655,303),(2209,655,309),(2213,656,229),(2214,656,303),(2212,656,309),(2216,657,229),(2217,657,303),(2215,657,309),(2219,658,229),(2220,658,303),(2218,658,309),(2222,659,229),(2223,659,303),(2221,659,309),(2225,660,229),(2226,660,303),(2224,660,309),(2228,661,229),(2229,661,303),(2227,661,309),(2231,662,229),(2232,662,303),(2230,662,309),(2234,663,229),(2235,663,303),(2233,663,309),(2237,664,229),(2238,664,303),(2236,664,309),(2240,665,229),(2241,665,303),(2239,665,309),(2243,666,229),(2244,666,303),(2242,666,309),(2246,667,229),(2247,667,303),(2245,667,309),(2249,668,229),(2250,668,303),(2248,668,309),(2252,669,229),(2253,669,303),(2251,669,309),(2255,670,229),(2256,670,303),(2254,670,309),(2258,671,229),(2259,671,303),(2257,671,309),(2261,672,229),(2262,672,303),(2260,672,309),(2264,673,229),(2265,673,303),(2263,673,309),(2267,674,229),(2268,674,303),(2266,674,309),(2270,675,229),(2271,675,303),(2269,675,309),(2273,676,229),(2274,676,303),(2272,676,309),(2276,677,229),(2277,677,303),(2275,677,309),(2279,678,229),(2280,678,303),(2278,678,309),(2282,679,229),(2283,679,303),(2281,679,309),(2285,680,229),(2286,680,303),(2284,680,309),(2288,681,229),(2289,681,303),(2287,681,309),(2291,682,229),(2292,682,303),(2290,682,309),(2294,683,229),(2295,683,303),(2293,683,309),(2297,684,229),(2298,684,303),(2296,684,309),(2300,685,229),(2301,685,303),(2299,685,309),(2303,686,229),(2304,686,303),(2302,686,309),(2306,687,229),(2307,687,303),(2305,687,309),(2309,688,229),(2310,688,303),(2308,688,309),(2312,689,229),(2313,689,303),(2311,689,309),(2315,690,229),(2316,690,303),(2314,690,309),(2318,691,229),(2319,691,303),(2317,691,309),(2321,692,229),(2322,692,303),(2320,692,309),(2324,693,229),(2325,693,303),(2323,693,309),(2327,694,229),(2328,694,303),(2326,694,309),(2330,695,229),(2331,695,303),(2329,695,309),(2333,696,229),(2334,696,303),(2332,696,309),(2336,697,229),(2337,697,303),(2335,697,309),(2339,698,229),(2340,698,303),(2338,698,309),(2342,699,229),(2343,699,303),(2341,699,309),(2345,700,229),(2346,700,303),(2344,700,309),(2348,701,229),(2349,701,303),(2347,701,309),(2351,702,229),(2352,702,303),(2350,702,309),(2354,703,229),(2355,703,303),(2353,703,309),(2357,704,229),(2358,704,303),(2356,704,309),(2360,705,229),(2361,705,303),(2359,705,309),(2363,706,229),(2364,706,303),(2362,706,309),(2366,707,229),(2367,707,303),(2365,707,309),(2369,708,229),(2370,708,303),(2368,708,309),(2372,709,229),(2373,709,303),(2371,709,309),(2375,710,229),(2376,710,303),(2374,710,309),(2378,711,229),(2379,711,303),(2377,711,309),(2381,712,229),(2382,712,303),(2380,712,309),(2384,713,229),(2385,713,303),(2383,713,309),(2387,714,229),(2388,714,303),(2386,714,309),(2390,715,229),(2391,715,303),(2389,715,309),(2393,716,229),(2394,716,303),(2392,716,309),(2396,717,229),(2397,717,303),(2395,717,309),(2399,718,229),(2400,718,303),(2398,718,309),(2402,719,229),(2403,719,303),(2401,719,309),(2405,720,229),(2406,720,303),(2404,720,309),(2408,721,229),(2409,721,303),(2407,721,309),(2411,722,229),(2412,722,303),(2410,722,309),(2414,723,229),(2415,723,303),(2413,723,309),(2417,724,229),(2418,724,303),(2416,724,309),(2420,725,229),(2421,725,303),(2419,725,309),(2423,726,229),(2424,726,303),(2422,726,309),(2426,727,229),(2427,727,303),(2425,727,309),(2429,728,229),(2430,728,303),(2428,728,309),(2432,729,229),(2433,729,303),(2431,729,309),(2435,730,229),(2436,730,303),(2434,730,309),(2438,731,229),(2439,731,303),(2437,731,309),(2441,732,229),(2442,732,303),(2440,732,309),(2444,733,229),(2445,733,303),(2443,733,309),(2447,734,229),(2448,734,303),(2446,734,309),(2450,735,229),(2451,735,303),(2449,735,309),(2453,736,229),(2454,736,303),(2452,736,309),(2456,737,229),(2457,737,303),(2455,737,309),(2459,738,229),(2460,738,303),(2458,738,309),(2462,739,229),(2463,739,303),(2461,739,309),(2465,740,229),(2466,740,303),(2464,740,309),(2468,741,229),(2469,741,303),(2467,741,309),(2471,742,229),(2472,742,303),(2470,742,309),(2474,743,229),(2475,743,303),(2473,743,309),(2477,744,229),(2478,744,303),(2476,744,309),(2480,745,229),(2481,745,303),(2479,745,309),(2483,746,229),(2484,746,303),(2482,746,309),(2486,747,229),(2487,747,303),(2485,747,309),(2489,748,229),(2490,748,303),(2488,748,309),(2492,749,229),(2493,749,303),(2491,749,309),(2495,750,229),(2496,750,303),(2494,750,309),(2498,751,229),(2499,751,303),(2497,751,309),(2501,752,229),(2502,752,303),(2500,752,309),(2504,753,229),(2505,753,303),(2503,753,309),(2507,754,229),(2508,754,303),(2506,754,309),(2510,755,229),(2511,755,303),(2509,755,309),(2513,756,229),(2514,756,303),(2512,756,309),(2516,757,229),(2517,757,303),(2515,757,309),(2519,758,229),(2520,758,303),(2518,758,309),(2522,759,229),(2523,759,303),(2521,759,309),(2525,760,229),(2526,760,303),(2524,760,309),(2528,761,229),(2529,761,303),(2527,761,309),(2531,762,229),(2532,762,303),(2530,762,309),(2534,763,229),(2535,763,303),(2533,763,309),(2537,764,229),(2538,764,303),(2536,764,309),(2540,765,229),(2541,765,303),(2539,765,309),(2543,766,167),(2542,766,229),(2545,767,167),(2544,767,229),(2547,768,167),(2546,768,229),(2549,769,229),(2550,769,303),(2548,769,309),(2552,770,229),(2553,770,303),(2551,770,309),(2555,771,229),(2556,771,303),(2554,771,309),(2558,772,229),(2559,772,303),(2557,772,309),(2561,773,229),(2562,773,303),(2560,773,309),(2564,774,229),(2565,774,303),(2563,774,309),(2567,775,229),(2568,775,303),(2566,775,309),(2570,776,229),(2571,776,303),(2569,776,309),(2573,777,229),(2574,777,303),(2572,777,309),(2576,778,229),(2577,778,303),(2575,778,309),(2579,779,229),(2580,779,303),(2578,779,309),(2582,780,229),(2583,780,303),(2581,780,309),(2585,781,229),(2586,781,303),(2584,781,309),(2588,782,229),(2589,782,303),(2587,782,309),(2591,783,229),(2592,783,303),(2590,783,309),(2594,784,229),(2595,784,303),(2593,784,309),(2597,785,229),(2598,785,303),(2596,785,309),(2600,786,229),(2601,786,303),(2599,786,309),(2603,787,229),(2604,787,303),(2602,787,309),(2606,788,229),(2607,788,303),(2605,788,309),(2609,789,229),(2610,789,303),(2608,789,309),(2612,790,229),(2613,790,303),(2611,790,309),(2615,791,229),(2616,791,303),(2614,791,309),(2618,792,229),(2619,792,303),(2617,792,309),(2621,793,229),(2622,793,303),(2620,793,309),(2624,794,229),(2625,794,303),(2623,794,309),(2627,795,229),(2628,795,303),(2626,795,309),(2630,796,229),(2631,796,303),(2629,796,309),(2633,797,229),(2634,797,303),(2632,797,309),(2636,798,229),(2637,798,303),(2635,798,309),(2639,799,229),(2640,799,303),(2638,799,309),(2642,800,229),(2643,800,303),(2641,800,309),(2645,801,229),(2646,801,303),(2644,801,309),(2648,802,229),(2649,802,303),(2647,802,309),(2651,803,229),(2652,803,303),(2650,803,309),(2654,804,229),(2655,804,303),(2653,804,309),(2657,805,229),(2658,805,303),(2656,805,309),(2660,806,229),(2661,806,303),(2659,806,309),(2663,807,229),(2664,807,303),(2662,807,309),(2666,808,229),(2667,808,303),(2665,808,309),(2669,809,229),(2670,809,303),(2668,809,309),(2672,810,229),(2673,810,303),(2671,810,309),(2675,811,229),(2676,811,303),(2674,811,309),(2678,812,229),(2679,812,303),(2677,812,309),(2681,813,229),(2682,813,303),(2680,813,309),(2684,814,229),(2685,814,303),(2683,814,309),(2687,815,229),(2688,815,303),(2686,815,309),(2690,816,303),(2689,816,309),(2692,817,229),(2693,817,303),(2691,817,309),(2695,818,229),(2696,818,303),(2694,818,309),(2698,819,229),(2699,819,303),(2697,819,309),(2701,820,229),(2702,820,303),(2700,820,309),(2704,821,229),(2705,821,303),(2703,821,309),(2707,822,229),(2708,822,303),(2706,822,309),(2710,823,229),(2711,823,303),(2709,823,309),(2713,824,229),(2714,824,303),(2712,824,309),(2716,825,229),(2717,825,303),(2715,825,309),(2719,826,229),(2720,826,303),(2718,826,309),(2722,827,229),(2723,827,303),(2721,827,309),(2725,828,229),(2726,828,303),(2724,828,309),(2728,829,229),(2729,829,303),(2727,829,309),(2731,830,229),(2732,830,303),(2730,830,309),(2734,831,229),(2735,831,303),(2733,831,309),(2737,832,229),(2738,832,303),(2736,832,309),(2740,833,229),(2741,833,303),(2739,833,309),(2743,834,229),(2744,834,303),(2742,834,309),(2746,835,229),(2747,835,303),(2745,835,309),(2749,836,229),(2750,836,303),(2748,836,309),(2752,837,229),(2753,837,303),(2751,837,309),(2755,838,229),(2756,838,303),(2754,838,309),(2758,839,229),(2759,839,303),(2757,839,309),(2761,840,229),(2762,840,303),(2760,840,309),(2764,841,229),(2765,841,303),(2763,841,309),(2767,842,229),(2768,842,303),(2766,842,309),(2770,843,229),(2771,843,303),(2769,843,309),(2773,844,229),(2774,844,303),(2772,844,309),(2776,845,229),(2777,845,303),(2775,845,309),(2779,846,229),(2780,846,303),(2778,846,309),(2782,847,229),(2783,847,303),(2781,847,309),(2785,848,229),(2786,848,303),(2784,848,309),(2788,849,229),(2789,849,303),(2787,849,309),(2791,850,229),(2792,850,303),(2790,850,309),(2794,851,229),(2795,851,303),(2793,851,309),(2797,852,229),(2798,852,303),(2796,852,309),(2800,853,229),(2801,853,303),(2799,853,309),(2803,854,229),(2804,854,303),(2802,854,309),(2806,855,229),(2807,855,303),(2805,855,309),(2810,856,229),(2811,856,303),(2809,856,309),(2813,857,229),(2814,857,303),(2812,857,309),(2816,858,229),(2817,858,303),(2815,858,309),(2819,859,229),(2820,859,303),(2818,859,309),(2822,860,229),(2823,860,303),(2821,860,309),(2825,861,229),(2826,861,303),(2824,861,309),(2828,862,229),(2829,862,303),(2827,862,309),(2831,863,229),(2832,863,303),(2830,863,309),(2834,864,229),(2835,864,303),(2833,864,309),(2837,865,229),(2838,865,303),(2836,865,309),(2840,866,229),(2841,866,303),(2839,866,309),(2843,867,229),(2844,867,303),(2842,867,309),(2846,868,229),(2847,868,303),(2845,868,309),(2849,869,229),(2850,869,303),(2848,869,309),(2852,870,229),(2853,870,303),(2851,870,309),(2855,871,229),(2856,871,303),(2854,871,309),(2858,872,229),(2859,872,303),(2857,872,309),(2861,873,229),(2862,873,303),(2860,873,309),(2864,874,229),(2865,874,303),(2863,874,309),(2867,875,229),(2868,875,303),(2866,875,309),(2870,876,229),(2871,876,303),(2869,876,309),(2873,877,229),(2874,877,303),(2872,877,309),(2876,878,229),(2877,878,303),(2875,878,309),(2879,879,229),(2880,879,303),(2878,879,309),(2882,880,229),(2883,880,303),(2881,880,309),(2885,881,229),(2886,881,303),(2884,881,314),(2888,882,229),(2889,882,303),(2887,882,309),(2891,883,229),(2892,883,303),(2890,883,314),(2894,884,229),(2895,884,303),(2893,884,314),(2897,885,229),(2898,885,303),(2896,885,314),(2900,886,229),(2901,886,303),(2899,886,314),(2903,887,229),(2904,887,303),(2902,887,314),(2906,888,229),(2907,888,303),(2905,888,314),(2909,889,229),(2910,889,303),(2908,889,314),(2912,890,229),(2913,890,303),(2911,890,314),(2915,891,229),(2916,891,303),(2914,891,314),(2918,892,229),(2919,892,303),(2917,892,314),(2922,893,229),(2923,893,303),(2920,893,314),(2925,894,229),(2926,894,303),(2924,894,314),(2928,895,229),(2929,895,303),(2927,895,314),(2931,896,229),(2932,896,303),(2930,896,314),(2934,897,229),(2935,897,303),(2933,897,314),(2937,898,229),(2938,898,303),(2936,898,314),(2940,899,229),(2941,899,303),(2939,899,314),(2943,900,229),(2944,900,303),(2942,900,314),(2946,901,229),(2947,901,303),(2945,901,314),(2949,902,229),(2950,902,303),(2948,902,314),(2952,903,229),(2953,903,303),(2951,903,314),(2955,904,229),(2956,904,303),(2954,904,314),(2958,905,229),(2959,905,303),(2957,905,314),(2961,906,229),(2962,906,303),(2960,906,314),(2964,907,229),(2965,907,303),(2963,907,314),(2967,908,229),(2968,908,303),(2966,908,314),(2970,909,229),(2971,909,303),(2969,909,314),(2973,910,229),(2974,910,303),(2972,910,314),(2976,911,229),(2977,911,303),(2975,911,314),(2979,912,229),(2980,912,303),(2978,912,314),(2982,913,229),(2983,913,303),(2981,913,314),(2985,914,229),(2986,914,303),(2984,914,314),(2988,915,229),(2989,915,303),(2987,915,314),(2991,916,229),(2992,916,303),(2990,916,314),(2994,917,229),(2995,917,303),(2993,917,314),(2997,918,229),(2998,918,303),(2996,918,314),(3000,919,229),(3001,919,303),(2999,919,314),(3003,920,229),(3004,920,303),(3002,920,314),(3006,921,229),(3007,921,303),(3005,921,314),(3009,922,229),(3010,922,303),(3008,922,314),(3012,923,229),(3013,923,303),(3011,923,314),(3015,924,229),(3016,924,303),(3014,924,314),(3018,925,229),(3019,925,303),(3017,925,314),(3021,926,229),(3022,926,303),(3020,926,314),(3024,927,229),(3025,927,303),(3023,927,314),(3027,928,229),(3028,928,303),(3026,928,314),(3030,929,229),(3031,929,303),(3029,929,314),(3033,930,229),(3034,930,303),(3032,930,314),(3036,931,229),(3037,931,303),(3035,931,314),(3039,932,229),(3040,932,303),(3038,932,314),(3042,933,229),(3043,933,303),(3041,933,314),(3045,934,229),(3046,934,303),(3044,934,314),(3048,935,229),(3049,935,303),(3047,935,314),(3051,936,229),(3052,936,303),(3050,936,314),(3054,937,229),(3055,937,303),(3053,937,314),(3057,938,229),(3058,938,303),(3056,938,314),(3060,939,229),(3061,939,303),(3059,939,314),(3063,940,229),(3064,940,303),(3062,940,314),(3066,941,229),(3067,941,303),(3065,941,314),(3069,942,229),(3070,942,303),(3068,942,314),(3072,943,229),(3073,943,303),(3071,943,314),(3075,944,229),(3076,944,303),(3074,944,314),(3078,945,229),(3079,945,303),(3077,945,314),(3081,946,229),(3082,946,303),(3080,946,314),(3084,947,229),(3085,947,303),(3083,947,314),(3088,948,229),(3087,948,303),(3086,948,314),(3090,949,229),(3091,949,303),(3089,949,314),(3093,950,229),(3094,950,303),(3092,950,314),(3096,951,229),(3097,951,303),(3095,951,314),(3099,952,229),(3100,952,303),(3098,952,314),(3102,953,229),(3103,953,303),(3101,953,314),(3105,954,229),(3106,954,303),(3104,954,314),(3108,955,229),(3109,955,303),(3107,955,314),(3111,956,229),(3112,956,303),(3110,956,314),(3114,957,229),(3115,957,303),(3113,957,314),(3120,959,229),(3121,959,303),(3119,959,314),(3123,960,229),(3124,960,303),(3122,960,314),(3126,961,229),(3127,961,303),(3125,961,314),(3129,962,229),(3130,962,303),(3128,962,314),(3132,963,229),(3133,963,303),(3131,963,314),(3135,964,229),(3136,964,303),(3134,964,314),(3138,965,229),(3139,965,303),(3137,965,314),(3141,966,229),(3142,966,303),(3140,966,314),(3144,967,229),(3145,967,303),(3143,967,314),(3147,968,229),(3148,968,303),(3146,968,314),(3150,969,229),(3151,969,303),(3149,969,314),(3153,970,229),(3154,970,303),(3152,970,314),(3156,971,229),(3157,971,303),(3155,971,311),(3159,972,229),(3160,972,303),(3158,972,311),(3162,973,229),(3163,973,303),(3161,973,312),(3166,974,229),(3165,974,303),(3164,974,312),(3168,975,229),(3169,975,303),(3167,975,312),(3171,976,229),(3172,976,303),(3170,976,312),(3174,977,229),(3175,977,303),(3173,977,312),(3177,978,229),(3178,978,303),(3176,978,312),(3180,979,229),(3181,979,303),(3179,979,312),(3183,980,229),(3184,980,303),(3182,980,312),(3186,981,229),(3187,981,303),(3185,981,312),(3189,982,229),(3190,982,303),(3188,982,312),(3192,983,229),(3193,983,303),(3191,983,312),(3195,984,229),(3196,984,303),(3194,984,312),(3198,985,229),(3199,985,303),(3197,985,312),(3201,986,229),(3202,986,303),(3200,986,312),(3204,987,229),(3205,987,303),(3203,987,312),(3207,988,229),(3208,988,303),(3206,988,312),(3210,989,229),(3211,989,303),(3209,989,312),(3213,990,229),(3214,990,303),(3212,990,312),(3216,991,229),(3217,991,303),(3215,991,312),(3219,992,229),(3220,992,303),(3218,992,312),(3222,993,229),(3223,993,303),(3221,993,312),(3225,994,229),(3226,994,303),(3224,994,312),(3228,995,229),(3229,995,303),(3227,995,312),(3231,996,229),(3232,996,303),(3230,996,312),(3234,997,229),(3235,997,303),(3233,997,312),(3237,998,229),(3238,998,303),(3236,998,312),(3240,999,229),(3241,999,303),(3239,999,312),(3243,1000,229),(3244,1000,303),(3242,1000,312),(3246,1001,229),(3247,1001,303),(3245,1001,312),(3249,1002,229),(3250,1002,303),(3248,1002,312),(3252,1003,229),(3253,1003,303),(3251,1003,312),(3255,1004,229),(3256,1004,303),(3254,1004,312),(3258,1005,229),(3259,1005,303),(3257,1005,312),(3261,1006,229),(3262,1006,303),(3260,1006,312),(3267,1008,229),(3268,1008,303),(3266,1008,312),(3270,1009,229),(3271,1009,303),(3269,1009,312),(3273,1010,229),(3274,1010,303),(3272,1010,312),(3276,1011,229),(3277,1011,303),(3275,1011,312),(3279,1012,229),(3280,1012,303),(3278,1012,312),(3282,1013,229),(3283,1013,303),(3281,1013,312),(3288,1015,229),(3287,1015,292),(3290,1016,229),(3289,1016,292),(3292,1017,229),(3291,1017,292),(3297,1019,229),(3296,1019,292),(3299,1020,229),(3298,1020,292),(3301,1021,229),(3300,1021,292),(3303,1022,229),(3302,1022,292),(3304,1023,229),(3305,1023,318),(3306,1024,28),(3307,1024,229),(3308,1025,92),(3309,1025,229),(3310,1026,14),(3311,1026,239),(3312,1027,229),(3313,1027,319),(3314,1028,14),(3315,1028,229),(3316,1028,320),(3317,1029,229),(3318,1030,56),(3319,1030,229),(3320,1031,228),(3321,1032,14),(3322,1032,321),(3323,1033,56),(3325,1033,226),(3324,1033,229),(3326,1034,56),(3328,1034,229),(3327,1034,322),(3330,1035,86),(3329,1035,229),(3331,1036,229),(3332,1037,14),(3537,1037,229),(3333,1038,14),(3334,1038,239),(3335,1039,229),(3336,1039,323),(3337,1039,324),(3340,1040,229),(3338,1040,323),(3339,1040,324),(3342,1041,229),(3341,1041,323),(3344,1042,229),(3345,1042,303),(3343,1042,309),(3347,1043,229),(3348,1043,303),(3346,1043,309),(3350,1044,229),(3351,1044,303),(3349,1044,314),(3353,1045,229),(3354,1045,303),(3352,1045,314),(3356,1046,229),(3357,1046,303),(3355,1046,309),(3359,1047,229),(3360,1047,303),(3358,1047,309),(3362,1048,229),(3363,1048,303),(3361,1048,313),(3365,1049,229),(3366,1049,303),(3364,1049,312),(3368,1050,229),(3369,1050,303),(3367,1050,309),(3371,1051,229),(3372,1051,303),(3370,1051,309),(3374,1052,229),(3375,1052,303),(3373,1052,313),(3377,1053,229),(3378,1053,303),(3376,1053,309),(3380,1054,229),(3381,1054,303),(3379,1054,309),(3382,1055,229),(3383,1055,303),(3384,1056,229),(3385,1056,303),(3386,1057,229),(3387,1057,303),(3388,1058,229),(3389,1058,303),(3390,1059,229),(3391,1059,303),(3392,1060,229),(3393,1060,303),(3394,1061,229),(3395,1061,303),(3396,1062,229),(3397,1062,303),(3398,1063,229),(3399,1063,303),(3400,1064,229),(3401,1064,303),(3402,1065,229),(3403,1065,303),(3404,1066,229),(3405,1066,303),(3406,1067,229),(3407,1067,303),(3408,1068,229),(3409,1068,303),(3410,1069,229),(3411,1069,303),(3412,1070,229),(3413,1070,303),(3414,1071,229),(3415,1071,303),(3416,1072,229),(3417,1072,303),(3418,1073,229),(3419,1073,303),(3420,1074,229),(3421,1074,303),(3422,1075,229),(3423,1075,303),(3425,1076,229),(3426,1076,303),(3424,1076,312),(3428,1077,229),(3429,1077,303),(3427,1077,312),(3431,1078,229),(3432,1078,303),(3430,1078,312),(3434,1079,229),(3435,1079,303),(3433,1079,309),(3437,1080,229),(3438,1080,303),(3436,1080,309),(3440,1081,229),(3441,1081,303),(3446,1081,314),(3448,1083,229),(3449,1083,303),(3447,1083,314),(3451,1084,229),(3452,1084,303),(3450,1084,312),(3454,1085,229),(3455,1085,303),(3453,1085,309),(3457,1086,229),(3458,1086,303),(3456,1086,309),(3460,1087,229),(3461,1087,303),(3459,1087,309),(3463,1088,229),(3464,1088,303),(3462,1088,309),(3466,1089,229),(3467,1089,303),(3465,1089,309),(3469,1090,229),(3470,1090,303),(3468,1090,314),(3472,1091,229),(3473,1091,303),(3471,1091,314),(3475,1092,229),(3476,1092,303),(3474,1092,314),(3478,1093,229),(3479,1093,303),(3477,1093,312),(3481,1094,229),(3482,1094,303),(3480,1094,312),(3484,1095,229),(3485,1095,303),(3483,1095,312),(3487,1096,229),(3488,1096,303),(3486,1096,309),(3490,1097,229),(3491,1097,303),(3489,1097,312),(3493,1098,229),(3494,1098,303),(3492,1098,312),(3496,1099,229),(3497,1099,303),(3495,1099,312),(3498,1100,229),(3500,1100,303),(3499,1100,310),(3501,1101,229),(3503,1101,303),(3502,1101,310),(3504,1102,229),(3506,1102,303),(3505,1102,310),(3508,1103,229),(3509,1103,303),(3510,1103,310),(3512,1104,246),(3511,1104,252),(3513,1104,303),(3515,1105,246),(3514,1105,252),(3516,1105,303),(3518,1106,246),(3517,1106,252),(3519,1106,303),(3521,1107,246),(3520,1107,257),(3522,1107,303),(3524,1108,229),(3523,1108,325),(3526,1109,229),(3525,1109,325),(3528,1110,229),(3527,1110,325),(3530,1111,229),(3529,1111,325),(3532,1112,229),(3531,1112,325),(3534,1113,228),(3533,1113,326),(3536,1114,86),(3535,1114,229),(3539,1115,229),(3538,1115,292),(3541,1116,229),(3540,1116,292),(3543,1117,229),(3542,1117,292),(3545,1118,229),(3544,1118,292),(3547,1119,229),(3546,1119,292),(3549,1120,229),(3548,1120,292),(3551,1121,229),(3550,1121,292),(3553,1122,229),(3552,1122,292),(3555,1123,229),(3554,1123,292),(3557,1124,229),(3556,1124,292),(3559,1125,229),(3558,1125,292),(3561,1126,229),(3560,1126,292),(3563,1127,229),(3562,1127,292),(3565,1128,229),(3564,1128,292),(3567,1129,229),(3566,1129,292),(3569,1130,229),(3568,1130,292),(3571,1131,229),(3570,1131,292),(3573,1132,229),(3572,1132,292),(3575,1133,229),(3574,1133,292),(3577,1134,229),(3576,1134,292),(3579,1135,229),(3578,1135,292),(3581,1136,229),(3580,1136,292),(3583,1137,229),(3582,1137,292),(3585,1138,229),(3584,1138,292),(3587,1139,229),(3586,1139,292),(3589,1140,229),(3588,1140,292),(3591,1141,229),(3590,1141,292),(3593,1142,229),(3592,1142,292),(3595,1143,229),(3594,1143,292),(3597,1144,229),(3596,1144,292),(3599,1145,229),(3598,1145,292),(3601,1146,229),(3600,1146,292),(3603,1147,229),(3602,1147,292),(3605,1148,229),(3604,1148,292),(3607,1149,229),(3606,1149,292),(3611,1151,229),(3610,1151,317),(3613,1152,229),(3612,1152,317),(3615,1153,229),(3614,1153,317),(3617,1154,229),(3616,1154,317),(3619,1155,229),(3618,1155,317),(3621,1156,229),(3620,1156,317),(3623,1157,229),(3622,1157,317),(3625,1158,229),(3624,1158,317),(3627,1159,229),(3626,1159,317),(3629,1160,229),(3628,1160,317),(3631,1161,229),(3630,1161,317),(3633,1162,229),(3632,1162,317),(3635,1163,229),(3634,1163,317),(3637,1164,229),(3636,1164,317),(3639,1165,229),(3638,1165,317),(3641,1166,229),(3640,1166,317),(3643,1167,229),(3642,1167,317),(3645,1168,229),(3644,1168,317),(3647,1169,229),(3646,1169,317),(3649,1170,229),(3648,1170,317),(3660,1171,229),(3650,1171,317),(3652,1172,229),(3651,1172,317),(3654,1173,229),(3653,1173,317),(3655,1174,317),(3657,1175,229),(3656,1175,317),(3659,1176,229),(3658,1176,317),(3662,1177,229),(3661,1177,317),(3664,1178,229),(3663,1178,317),(3666,1179,229),(3665,1179,317),(3668,1180,229),(3667,1180,317),(3670,1181,229),(3669,1181,317),(3672,1182,229),(3671,1182,317),(3674,1183,229),(3673,1183,317),(3676,1184,229),(3675,1184,317),(3678,1185,229),(3677,1185,317),(3680,1186,229),(3679,1186,317),(3682,1187,229),(3681,1187,317),(3684,1188,229),(3683,1188,317),(3686,1189,229),(3685,1189,317),(3688,1190,229),(3687,1190,317),(3690,1191,229),(3689,1191,317),(3692,1192,229),(3691,1192,317),(3694,1193,229),(3693,1193,317),(3696,1194,229),(3695,1194,317),(3698,1195,229),(3697,1195,317),(3700,1196,229),(3699,1196,317),(3701,1197,317),(3703,1198,229),(3702,1198,317),(3705,1199,229),(3704,1199,317),(3707,1200,229),(3706,1200,317),(3709,1201,229),(3708,1201,317),(3711,1202,229),(3710,1202,317),(3713,1203,229),(3712,1203,317),(3715,1204,229),(3714,1204,317),(3717,1205,229),(3716,1205,317),(3719,1206,229),(3718,1206,317),(3721,1207,229),(3720,1207,317),(3723,1208,229),(3722,1208,317),(3725,1209,229),(3724,1209,317),(3727,1210,229),(3726,1210,317),(3729,1211,229),(3728,1211,317),(3731,1212,229),(3730,1212,317),(3733,1213,229),(3732,1213,317),(3735,1214,229),(3734,1214,317),(3737,1215,229),(3736,1215,317),(3739,1216,229),(3738,1216,317),(3741,1217,229),(3740,1217,317),(3743,1218,229),(3742,1218,317),(3745,1219,229),(3744,1219,317),(3747,1220,229),(3746,1220,317),(3749,1221,229),(3748,1221,317),(3751,1222,229),(3750,1222,317),(3753,1223,229),(3752,1223,317),(3755,1224,229),(3754,1224,317),(3757,1225,229),(3756,1225,317),(3759,1226,229),(3758,1226,317),(3761,1227,229),(3760,1227,317),(3763,1228,229),(3762,1228,317),(3765,1229,229),(3764,1229,317),(3767,1230,229),(3766,1230,317),(3769,1231,229),(3768,1231,317),(3771,1232,229),(3770,1232,317),(3773,1233,229),(3772,1233,317),(3775,1234,229),(3774,1234,317),(3777,1235,229),(3776,1235,317),(3779,1236,229),(3778,1236,317),(3781,1237,229),(3780,1237,317),(3783,1238,229),(3782,1238,317),(3785,1239,229),(3784,1239,317),(3787,1240,229),(3786,1240,317),(3789,1241,229),(3788,1241,317),(3791,1242,229),(3790,1242,317),(3793,1243,229),(3792,1243,317),(3795,1244,229),(3794,1244,317),(3797,1245,229),(3796,1245,317),(3799,1246,229),(3798,1246,317),(3801,1247,229),(3800,1247,317),(3803,1248,229),(3802,1248,317),(3805,1249,229),(3804,1249,317),(3807,1250,229),(3806,1250,317),(3809,1251,229),(3808,1251,317),(3811,1252,229),(3810,1252,317),(3813,1253,229),(3812,1253,317),(3815,1254,229),(3814,1254,317),(3817,1255,229),(3816,1255,317),(3819,1256,229),(3818,1256,317),(3821,1257,229),(3820,1257,317),(3823,1258,229),(3822,1258,317),(3825,1259,229),(3824,1259,317),(3827,1260,229),(3826,1260,317),(3829,1261,229),(3828,1261,317),(3831,1262,229),(3830,1262,317),(3833,1263,229),(3832,1263,317),(3835,1264,229),(3834,1264,317),(3837,1265,229),(3836,1265,317),(3839,1266,229),(3838,1266,317),(3841,1267,229),(3840,1267,317),(3843,1268,229),(3842,1268,317),(3845,1269,229),(3844,1269,317),(3847,1270,229),(3846,1270,317),(3849,1271,229),(3848,1271,317),(3851,1272,229),(3850,1272,317),(3852,1273,229),(3853,1273,319),(3854,1274,229),(3855,1274,319),(3856,1275,229),(3857,1275,319),(3858,1276,229),(3859,1276,319),(3860,1277,229),(3861,1277,319),(3862,1278,229),(3863,1278,319),(3864,1279,229),(3865,1279,319),(3866,1280,59),(3867,1280,229),(3868,1281,59),(3869,1281,327),(3870,1282,229),(3871,1282,319),(3873,1283,28),(3872,1283,32),(3874,1283,229),(3875,1284,10),(3876,1284,28),(3877,1284,229),(3879,1285,28),(3878,1285,33),(3880,1285,229),(3881,1286,229),(3882,1286,328),(3883,1287,45),(3884,1287,229),(3885,1288,59),(3886,1288,229),(3888,1289,229),(3887,1289,328),(3889,1290,229),(3890,1290,329),(3891,1291,45),(3892,1291,229),(3893,1292,229),(3894,1292,330),(3896,1293,229),(3895,1293,330),(3898,1294,229),(3897,1294,330),(3899,1295,330),(3901,1296,229),(3900,1296,330),(3903,1297,45),(3902,1297,290),(3904,1298,229),(3906,1299,229),(3905,1299,328),(3907,1300,229),(3908,1300,319),(3909,1301,229),(3910,1301,319),(3912,1302,229),(3911,1302,331),(3914,1303,229),(3913,1303,331),(3916,1304,229),(3915,1304,331),(3917,1305,229),(3918,1305,332),(3920,1306,229),(3919,1306,333),(3922,1307,229),(3921,1307,333);

--
-- Table structure for table `produse_unitatemasura`
--

CREATE TABLE `produse_unitatemasura` (
  `id` int(11) NOT NULL AUTO_INCREMENT,
  `nume` varchar(255) COLLATE utf8mb4_unicode_ci NOT NULL,
  PRIMARY KEY (`id`),
  UNIQUE KEY `nume` (`nume`)
) ENGINE=InnoDB AUTO_INCREMENT=43 DEFAULT CHARSET=utf8mb4 COLLATE=utf8mb4_unicode_ci;

--
-- Dumping data for table `produse_unitatemasura`
--

INSERT INTO `produse_unitatemasura` VALUES (36,'Bax'),(32,'Bidon'),(8,'Bucata'),(19,'Cartus'),(34,'Cutie'),(21,'Cutie - 6 buc'),(42,'Flacon pulbere'),(29,'Flacon solutie'),(18,'Folie'),(35,'Kit'),(37,'Punga'),(41,'Rola'),(31,'Seringa'),(38,'Set'),(33,'Tub');

--
-- Table structure for table `produse_valoarefiltru`
--

CREATE TABLE `produse_valoarefiltru` (
  `id` int(11) NOT NULL AUTO_INCREMENT,
  `nume` varchar(255) COLLATE utf8mb4_unicode_ci NOT NULL,
  `filtru_id` int(11) NOT NULL,
  PRIMARY KEY (`id`),
  KEY `produse_valoarefiltru_filtru_id_5a1fd205_fk_produse_filtru_id` (`filtru_id`),
  CONSTRAINT `produse_valoarefiltru_filtru_id_5a1fd205_fk_produse_filtru_id` FOREIGN KEY (`filtru_id`) REFERENCES `produse_filtru` (`id`)
) ENGINE=InnoDB AUTO_INCREMENT=334 DEFAULT CHARSET=utf8mb4 COLLATE=utf8mb4_unicode_ci;

--
-- Dumping data for table `produse_valoarefiltru`
--

INSERT INTO `produse_valoarefiltru` VALUES (10,'Rosu',8),(11,'Negru',8),(12,'Verde',8),(14,'Dr Mayer',9),(18,'Mov',8),(23,'S',17),(24,'XS',17),(25,'M',17),(26,'L',17),(27,'Vita 3D Master',9),(28,'VDW',9),(31,'Roz',8),(32,'Gri',8),(33,'Galben',8),(34,'Albastru',8),(40,'Dentsply',9),(41,'Zhermack',9),(45,'Coltene',9),(46,'Alb',8),(48,'Centrix',9),(51,'Inibsa Dental',9),(52,'Dr Protect',9),(54,'Heraeus Kulzer',9),(56,'OCC',9),(58,'Septodont',9),(59,'Cerkamed',9),(63,'GC',9),(65,'1 L',18),(73,'Kerr',9),(74,'1 kg',18),(78,'Spident',9),(80,'Dorident',9),(81,'30 gr',18),(82,'38 gr',18),(84,'300 gr',18),(85,'EMS',9),(86,'NSK',9),(90,'500 gr',18),(91,'15 gr',18),(92,'Meta Biomed',9),(94,'3M',9),(97,'UltraDent',9),(100,'Angelus',9),(102,'Roeko',9),(103,'20 gr',18),(104,'130 gr',18),(105,'Pentron',9),(106,'Oral B',9),(107,'Megagen',9),(108,'4.7 gr',18),(109,'1.5 gr',18),(110,'Voco',9),(111,'2 gr',18),(112,'4 gr',18),(113,'2.3 gr',18),(116,'Nordiska',9),(118,'DMG',9),(119,'76 gr',18),(135,'6,5',17),(136,'7',17),(137,'8',17),(138,'3.4 gr',18),(143,'900 gr',18),(146,'CareLife',9),(149,'5 gr',18),(150,'DLS',9),(151,'1 gr',18),(152,'50 gr',18),(156,'13.5 gr',18),(159,'Kenda',9),(164,'Microdont',9),(165,'7.8 gr',18),(166,'Tor VM',9),(167,'Purgo',9),(169,'Hygitech',9),(171,'No Name',9),(172,'Itena',9),(173,'Woodpecker',9),(174,'Fanta Dental',9),(175,'Hahnenkratt',9),(176,'Geistlich Biomaterials',9),(177,'OsteoBiol by Technoss Dental',9),(178,'100 gr',18),(180,'Botiss Dental',9),(181,'Ivoclar',9),(184,'5 ml',30),(185,'10 ml',30),(186,'3 ml',30),(187,'1 ml',30),(188,'0.3 ml',30),(199,'1.2 ml',30),(207,'2 ml',30),(208,'4 ml',30),(213,'15 ml',30),(214,'20 ml',30),(215,'50 ml',30),(216,'100 ml',30),(217,'140 ml',30),(218,'200 ml',30),(219,'300 ml',30),(220,'35 ml',30),(221,'400 ml',30),(222,'60 ml',30),(223,'45 ml',30),(224,'750 ml',30),(225,'900 ml',30),(226,'5 L',30),(227,'23.8 ml',30),(228,'100 buc',31),(229,'1 buc',31),(231,'2 buc',31),(235,'10 buc',31),(236,'12 buc',31),(237,'120 buc',31),(238,'20 buc',31),(239,'200 buc',31),(240,'25 buc',31),(241,'3 buc',31),(242,'32 buc',31),(243,'36 buc',31),(244,'50 buc',31),(245,'500 buc',31),(246,'6 buc',31),(247,'60 buc',31),(248,'80 buc',31),(249,'910 ml',30),(250,'1 L',30),(251,'12 mm (L)',33),(252,'25 mm (L)',33),(253,'38 mm (L)',33),(254,'0.3 mm (G)',34),(255,'0.4 mm (G)',34),(256,'19 mm (L)',33),(257,'21 mm (L)',33),(258,'31 mm (L)',33),(259,'17 mm (L)',33),(273,'Material amprenta',40),(274,'Obturatie canal',40),(280,'K-file',41),(281,'H-file',41),(282,'Tire Nerf',41),(283,'6.8 ml',30),(284,'35 gr',18),(285,'6.4 ml',30),(286,'0.33 gr',18),(287,'8 ml',30),(288,'3 gr',18),(289,'13 gr',18),(290,'1 kit',31),(291,'11 gr',18),(292,'Straumann BLX',9),(294,'9.2 gr',18),(295,'18 mm (L)',33),(296,'16 mm (L)',33),(297,'22 mm (L)',33),(298,'12 ml',30),(299,'33 gr',18),(300,'Prevest',9),(301,'12 gr',18),(303,'Edenta Dental',9),(309,'freza diamantata',38),(310,'freza chirurgie',38),(311,'freza ortodontie',38),(312,'polipant',38),(313,'freza endodontie',38),(314,'freza extradura',38),(315,'12.7 mm (G)',34),(316,'9.5 mm (G)',34),(317,'Straumann NeoDent',9),(318,'TPC',9),(319,'Medenta',9),(320,'500 ml',30),(321,'1000 buc',31),(322,'2 L',30),(323,'Detax',9),(324,'25 gr',18),(325,'Hu-Friedy',9),(326,'ErKodent',9),(327,'5 buc',31),(328,'LM Dental',9),(329,'Larident',9),(330,'Directa',9),(331,'Stoma',9),(332,'Duo Quattro',9),(333,'Medesy',9);

--
-- Table structure for table `sedii`
--

CREATE TABLE `sedii` (
  `id` int(11) NOT NULL AUTO_INCREMENT,
  `id_firma` int(11) NOT NULL,
  `id_judet` int(11) NOT NULL,
  `id_oras` int(11) NOT NULL,
  `flag_dental_clone` tinyint(3) unsigned NOT NULL DEFAULT 0,
  `implanturi` varchar(255) DEFAULT NULL,
  `ceramica` varchar(255) DEFAULT NULL,
  `scanner` tinyint(3) unsigned NOT NULL DEFAULT 0,
  `amprenta` tinyint(3) unsigned NOT NULL DEFAULT 0,
  `name` varchar(150) NOT NULL,
  `strada` varchar(150) NOT NULL,
  `nr_strada` varchar(10) NOT NULL,
  `phone` varchar(16) DEFAULT NULL,
  `lat` decimal(18,16) NOT NULL DEFAULT 0.0000000000000000,
  `lng` decimal(18,16) NOT NULL DEFAULT 0.0000000000000000,
  `zoom` tinyint(4) NOT NULL DEFAULT 7,
  `uid` varchar(36) NOT NULL,
  PRIMARY KEY (`id`),
  KEY `id_firma` (`id_firma`),
  KEY `id_judet` (`id_judet`),
  KEY `id_oras` (`id_oras`)
) ENGINE=InnoDB AUTO_INCREMENT=20 DEFAULT CHARSET=utf8;

--
-- Dumping data for table `sedii`
--

INSERT INTO `sedii` VALUES (6,2,23,6907,1,'','',0,0,'VICTORIA DENTAL OFFICES SRL - Pitesti','NEGRU VODĂ','4','0348434436',44.8628882493922060,24.8652201890945470,17,'7fd6fcda-ecbb-4c0c-98e3-64fe5d534d67'),(7,2,27,8544,1,'','',0,0,'VICTORIA DENTAL OFFICES SRL - Valcea','Stirbei Voda','7','',45.1026531340484950,24.3589049577713050,17,'3a539bb6-0175-45e8-bff3-7d15c8e19267'),(12,5,9,2715,1,'','',0,0,'Sediu Bucuresti 2','Aleea Alexandru','21','',44.4565325144233800,26.0893481969833370,17,'f6b55cb7-ccd0-4fec-9884-59f4e7e8296e'),(15,2,42,13361,1,'','',0,0,'VICTORIA DENTAL OFFICES SRL - Slatina','Una','10','',44.4305524731604960,24.3610508626084600,17,'adf9f4fb-d4b5-4840-ba7f-2e846a812174');

--
-- Table structure for table `stoc_gestiune`
--

CREATE TABLE `stoc_gestiune` (
  `id` int(11) NOT NULL AUTO_INCREMENT,
  `nume` varchar(200) COLLATE utf8mb4_unicode_ci NOT NULL,
  `slug` varchar(200) COLLATE utf8mb4_unicode_ci DEFAULT NULL,
  `added` datetime(6) NOT NULL,
  `fakeuser_id` int(11) NOT NULL,
  `location_id` int(11) NOT NULL,
  PRIMARY KEY (`id`),
  UNIQUE KEY `stoc_gestiune_location_id_fakeuser_id_25e8ec8d_uniq` (`location_id`,`fakeuser_id`),
  UNIQUE KEY `slug` (`slug`),
  KEY `stoc_gestiune_fakeuser_id_d9c1fbb3_fk_auth_user_id` (`fakeuser_id`),
  CONSTRAINT `stoc_gestiune_fakeuser_id_d9c1fbb3_fk_auth_user_id` FOREIGN KEY (`fakeuser_id`) REFERENCES `auth_user` (`id`),
  CONSTRAINT `stoc_gestiune_location_id_9f78ae89_fk_user_locations_id` FOREIGN KEY (`location_id`) REFERENCES `user_locations` (`id`)
) ENGINE=InnoDB AUTO_INCREMENT=92 DEFAULT CHARSET=utf8mb4 COLLATE=utf8mb4_unicode_ci;

--
-- Dumping data for table `stoc_gestiune`
--

INSERT INTO `stoc_gestiune` VALUES (46,'Receptie Pitesti','receptie-pitesti','2021-06-14 08:08:07.541815',529,28),(47,'Curatenie Pitesti','curatenie-pitesti','2021-06-14 08:11:35.855513',530,28),(49,'Receptie Rm Valcea','receptie-rm-valcea','2021-06-14 08:12:16.243298',532,29),(55,'Curatenie Rm Valcea','curatenie-rm-valcea','2021-06-14 08:20:00.328201',538,29),(56,'Cabinet_01 - Slatina','cabinet_01-slatina','2021-10-08 08:31:06.386227',539,30),(57,'Cabinet_02 - Slatina','cabinet_02-slatina','2021-10-08 08:31:28.444098',540,30),(58,'Cabinet_03 - Slatina','cabinet_03-slatina','2021-10-08 08:32:02.291098',541,30),(59,'Cabinet_04 - Slatina','cabinet_04-slatina','2021-10-08 08:32:09.261296',542,30),(60,'Cabinet_05 - Slatina','cabinet_05-slatina','2021-10-08 08:32:33.918258',543,30),(63,'Cabinet_01 - Rm Valcea','cabinet_01-rm-valcea','2021-10-15 09:24:33.306492',557,29),(64,'Cabinet_02 - Rm Valcea','cabinet_02-rm-valcea','2021-10-15 09:24:38.066378',558,29),(65,'Cabinet_03 - Rm Valcea','cabinet_03-rm-valcea','2021-10-15 09:24:43.048887',559,29),(66,'Cabinet_04 - Rm Valcea','cabinet_04-rm-valcea','2021-10-15 09:24:47.682281',560,29),(67,'Cabinet_05 - Rm Valcea','cabinet_05-rm-valcea','2021-10-15 09:24:51.645986',561,29),(68,'Cabinet_01 - Pitesti','cabinet_01-pitesti','2021-10-15 09:27:23.188657',564,28),(69,'Cabinet_02 - Pitesti','cabinet_02-pitesti','2021-10-15 09:27:27.820899',565,28),(70,'Cabinet_03 - Pitesti','cabinet_03-pitesti','2021-10-15 09:27:32.027319',566,28),(71,'Cabinet_04 - Pitesti','cabinet_04-pitesti','2021-10-15 09:27:37.027587',567,28),(72,'Cabinet_05 - Pitesti','cabinet_05-pitesti','2021-10-15 09:27:46.255206',568,28),(73,'Cabinet_06 - Pitesti','cabinet_06-pitesti','2021-10-15 09:27:56.058417',569,28),(74,'Cabinet_07 - Pitesti','cabinet_07-pitesti','2021-10-15 09:28:01.259445',570,28),(75,'Cabinet_08 - Pitesti','cabinet_08-pitesti','2021-10-15 09:28:05.319559',571,28),(76,'Cabinet_09 - Pitesti','cabinet_09-pitesti','2021-10-15 09:28:20.742794',572,28),(77,'Cabinet_10 - Pitesti','cabinet_10-pitesti','2021-10-15 09:28:25.639857',573,28),(78,'Cabinet_11 - Pitesti','cabinet_11-pitesti','2021-10-15 09:28:30.416569',574,28),(80,'Radiologie Slatina','radiologie-slatina','2021-10-15 09:30:35.349447',580,30),(81,'Radiologie Rm Valcea','radiologie-rm-valcea','2021-10-15 09:31:11.030649',582,29),(82,'Radiologie Pitesti','radiologie-pitesti','2021-10-15 09:31:33.315003',583,28),(83,'Sterilizare Pitesti','sterilizare-pitesti','2021-10-15 12:48:17.732861',584,28),(84,'Sterilizare Slatina','sterilizare-slatina','2021-10-15 12:48:27.546226',585,30),(85,'Sterilizare Rm Valcea','sterilizare-rm-valcea','2021-10-15 12:48:38.149784',586,29),(86,'Cabinet_01_Targoviste','cabinet_01_targoviste','2021-12-30 08:20:46.920277',609,32),(87,'Radiologie_Targoviste','radiologie_targoviste','2021-12-30 08:21:15.591818',610,32),(88,'Sterilizare_Targoviste','sterilizare_targoviste','2021-12-30 08:21:38.973641',611,32),(89,'Cabinet_01_Bucuresti1','cabinet_01_bucuresti1','2021-12-30 08:22:00.852902',612,31),(90,'Radiologie_Bucuresti1','radiologie_bucuresti1','2021-12-30 08:22:17.906494',613,31),(91,'Sterilizare_Bucuresti1','sterilizare_bucuresti1','2021-12-30 08:22:32.398771',614,31);

--
-- Table structure for table `stoc_stoclog`
--

CREATE TABLE `stoc_stoclog` (
  `id` int(11) NOT NULL AUTO_INCREMENT,
  `cantitate` int(11) NOT NULL,
  `created` datetime(6) NOT NULL,
  `comandarow_id` int(11) DEFAULT NULL,
  `facturarow_id` int(11) DEFAULT NULL,
  `produs_id` int(11) NOT NULL,
  `positive` tinyint(1) NOT NULL,
  `returrow_id` int(11) DEFAULT NULL,
  PRIMARY KEY (`id`),
  UNIQUE KEY `stoc_stoclog_facturarow_id_comandarow_98391c2a_uniq` (`facturarow_id`,`comandarow_id`,`produs_id`,`positive`,`returrow_id`),
  KEY `stoc_stoclog_comandarow_id_f0873798_fk_comanda_comandarecord_id` (`comandarow_id`),
  KEY `stoc_stoclog_produs_id_5faad233_fk_produse_produs_id` (`produs_id`),
  KEY `stoc_stoclog_facturarow_id_d20cf823` (`facturarow_id`),
  KEY `stoc_stoclog_returrow_id_3493eeb1_fk_stoc_stoc` (`returrow_id`),
  CONSTRAINT `stoc_stoclog_comandarow_id_f0873798_fk_comanda_comandarecord_id` FOREIGN KEY (`comandarow_id`) REFERENCES `comanda_comandarecord` (`id`),
  CONSTRAINT `stoc_stoclog_facturarow_id_d20cf823_fk_factura_facturarecord_id` FOREIGN KEY (`facturarow_id`) REFERENCES `factura_facturarecord` (`id`),
  CONSTRAINT `stoc_stoclog_produs_id_5faad233_fk_produse_produs_id` FOREIGN KEY (`produs_id`) REFERENCES `produse_produs` (`id`),
  CONSTRAINT `stoc_stoclog_returrow_id_3493eeb1_fk_stoc_stoc` FOREIGN KEY (`returrow_id`) REFERENCES `stoc_stocrecorduserrebate` (`id`)
) ENGINE=InnoDB AUTO_INCREMENT=503 DEFAULT CHARSET=utf8mb4 COLLATE=utf8mb4_unicode_ci;

--
-- Dumping data for table `stoc_stoclog`
--

INSERT INTO `stoc_stoclog` VALUES (317,1,'2021-06-03 15:47:17.779703',NULL,NULL,288,1,NULL),(318,2,'2021-06-03 15:47:17.789332',NULL,NULL,85,1,NULL),(319,-2,'2021-06-03 15:47:27.402530',283,NULL,85,0,NULL),(320,-1,'2021-06-03 15:47:29.758786',282,NULL,288,0,NULL),(321,10,'2021-06-03 16:06:16.092817',NULL,150,20,1,NULL),(322,-10,'2021-06-03 16:06:23.898430',285,NULL,20,0,NULL),(323,3,'2021-06-11 11:42:28.303321',NULL,151,83,1,NULL),(324,12,'2021-06-11 11:42:28.337305',NULL,NULL,241,1,NULL),(325,-3,'2021-06-11 11:44:00.440175',292,NULL,83,0,NULL),(326,-12,'2021-06-11 11:44:41.407537',293,NULL,241,0,NULL),(327,1,'2021-06-11 11:48:08.979181',NULL,NULL,83,1,32),(328,-2,'2021-06-11 11:50:52.128286',297,NULL,83,0,NULL),(329,-12,'2021-06-14 08:41:58.173876',NULL,NULL,241,0,NULL),(330,12,'2021-06-14 08:50:34.685356',NULL,153,339,1,NULL),(331,3,'2021-06-14 08:50:34.685798',NULL,154,63,1,NULL),(332,-1,'2021-06-14 08:56:38.133266',298,NULL,63,0,NULL),(333,-2,'2021-06-14 09:57:58.489750',309,NULL,63,0,NULL),(334,-12,'2021-06-14 09:58:00.681287',308,NULL,339,0,NULL),(335,1,'2021-06-14 12:01:22.021361',NULL,NULL,351,1,NULL),(336,-1,'2021-06-14 12:01:45.034529',310,NULL,351,0,NULL),(337,-1,'2021-06-14 12:05:40.588780',NULL,NULL,351,0,NULL),(340,24,'2021-06-14 12:17:23.780897',NULL,157,339,1,NULL),(341,4,'2021-06-14 12:17:23.829413',NULL,158,83,1,NULL),(342,4,'2021-06-14 12:17:23.830666',NULL,159,63,1,NULL),(343,-4,'2021-06-14 12:29:13.889379',313,NULL,63,0,NULL),(344,-1,'2021-06-14 12:29:13.911139',306,NULL,63,0,NULL),(345,-4,'2021-06-14 12:29:23.163389',312,NULL,83,0,NULL),(346,-1,'2021-06-14 12:29:23.164843',307,NULL,83,0,NULL),(347,-24,'2021-06-14 12:29:25.765610',311,NULL,339,0,NULL),(348,4,'2021-06-14 12:54:03.615045',NULL,160,316,1,NULL),(349,2,'2021-06-14 12:54:03.664280',NULL,161,105,1,NULL),(350,2,'2021-06-14 12:54:03.670251',NULL,162,107,1,NULL),(351,5,'2021-06-14 12:54:03.734969',NULL,163,170,1,NULL),(352,12,'2021-06-14 12:54:03.755123',NULL,164,169,1,NULL),(353,-5,'2021-06-14 12:56:42.961356',318,NULL,170,0,NULL),(354,-1,'2021-06-14 12:56:42.963812',290,NULL,170,0,NULL),(355,-4,'2021-06-14 12:57:03.050719',314,NULL,316,0,NULL),(356,-2,'2021-06-14 12:57:06.985589',315,NULL,105,0,NULL),(357,-2,'2021-06-14 12:57:19.180536',317,NULL,107,0,NULL),(358,-12,'2021-06-14 12:57:24.560253',316,NULL,169,0,NULL),(362,21,'2021-06-15 06:32:06.151749',NULL,165,329,1,NULL),(363,4,'2021-06-15 06:32:06.205678',NULL,166,328,1,NULL),(364,3,'2021-06-15 06:32:06.208341',NULL,167,84,1,NULL),(365,3,'2021-06-15 06:32:06.236888',NULL,168,100,1,NULL),(366,-4,'2021-06-15 06:34:29.774576',324,NULL,328,0,NULL),(367,-21,'2021-06-15 06:34:34.335307',323,NULL,329,0,NULL),(368,-3,'2021-06-15 06:34:51.135368',326,NULL,100,0,NULL),(369,-3,'2021-06-15 06:35:34.486130',325,NULL,84,0,NULL),(370,1,'2021-06-17 08:47:14.864307',NULL,169,357,1,NULL),(371,-1,'2021-06-17 08:47:38.374740',327,NULL,357,0,NULL),(372,10,'2021-06-17 08:52:46.960085',NULL,170,328,1,NULL),(373,10,'2021-06-17 08:52:47.005213',NULL,171,329,1,NULL),(374,75,'2021-06-17 08:52:47.018937',NULL,172,358,1,NULL),(375,-10,'2021-06-17 08:53:23.937112',328,NULL,328,0,NULL),(376,-10,'2021-06-17 08:53:26.076349',329,NULL,329,0,NULL),(377,-75,'2021-06-17 08:53:27.825711',330,NULL,358,0,NULL),(378,5,'2021-06-17 10:46:43.010990',NULL,173,359,1,NULL),(379,2,'2021-06-17 10:46:43.077043',NULL,174,361,1,NULL),(380,5,'2021-06-17 10:46:43.078023',NULL,175,360,1,NULL),(381,3,'2021-06-17 10:46:43.130094',NULL,176,362,1,NULL),(382,4,'2021-06-17 10:46:43.234589',NULL,177,69,1,NULL),(383,2,'2021-06-17 10:46:43.250115',NULL,178,301,1,NULL),(384,1,'2021-06-17 11:00:05.252747',NULL,NULL,363,1,NULL),(385,-1,'2021-06-17 11:09:18.526380',NULL,180,363,0,NULL),(386,-5,'2021-06-17 12:55:52.961940',331,NULL,359,0,NULL),(387,1,'2021-06-24 06:48:57.120571',NULL,181,99,1,NULL),(388,1,'2021-06-24 06:48:57.180045',NULL,182,253,1,NULL),(389,3,'2021-06-24 06:48:57.181555',NULL,183,193,1,NULL),(390,1,'2021-06-24 06:48:57.292450',NULL,184,192,1,NULL),(391,1,'2021-06-24 06:48:57.292584',NULL,185,177,1,NULL),(392,1,'2021-06-24 07:01:35.708547',NULL,186,203,1,NULL),(393,1,'2021-06-24 07:01:35.734965',NULL,187,104,1,NULL),(394,1,'2021-06-24 07:01:35.736150',NULL,188,113,1,NULL),(395,5,'2021-06-24 07:01:35.839203',NULL,189,84,1,NULL),(396,12,'2021-06-24 07:01:35.868333',NULL,190,339,1,NULL),(397,1,'2021-06-24 07:01:35.870548',NULL,191,259,1,NULL),(398,1,'2021-06-24 07:01:35.938408',NULL,192,256,1,NULL),(399,2,'2021-06-24 07:01:35.957843',NULL,193,101,1,NULL),(400,1,'2021-06-24 07:01:35.971514',NULL,194,210,1,NULL),(401,1,'2021-06-24 07:01:36.045861',NULL,195,330,1,NULL),(402,1,'2021-06-24 07:01:36.068522',NULL,196,193,1,NULL),(403,1,'2021-06-24 07:08:01.222918',NULL,197,124,1,NULL),(404,1,'2021-06-24 07:20:56.867523',NULL,198,29,1,NULL),(405,1,'2021-06-24 07:20:56.870787',NULL,199,25,1,NULL),(406,1,'2021-06-24 07:20:56.946580',NULL,200,31,1,NULL),(407,1,'2021-06-24 07:25:51.736564',NULL,201,104,1,NULL),(408,-1,'2021-06-24 07:54:31.762373',343,NULL,31,0,NULL),(409,-1,'2021-06-24 07:54:34.077817',339,NULL,29,0,NULL),(410,-1,'2021-06-24 07:54:39.012877',342,NULL,25,0,NULL),(411,-1,'2021-06-24 07:54:43.562609',338,NULL,104,0,NULL),(412,-1,'2021-06-24 07:54:45.228743',344,NULL,192,0,NULL),(413,-1,'2021-06-24 07:54:47.404026',337,NULL,99,0,NULL),(414,-1,'2021-06-24 07:54:49.251715',345,NULL,177,0,NULL),(415,-1,'2021-06-24 07:54:51.091536',346,NULL,253,0,NULL),(416,-1,'2021-06-24 07:54:52.651590',340,NULL,124,0,NULL),(417,1,'2021-06-24 08:34:31.763930',NULL,202,370,1,NULL),(418,1,'2021-06-24 08:39:15.142582',NULL,203,335,1,NULL),(419,-1,'2021-06-24 08:41:32.794369',347,NULL,370,0,NULL),(420,5,'2021-06-24 09:02:12.874970',NULL,204,169,1,NULL),(421,1,'2021-06-24 09:02:12.898569',NULL,205,170,1,NULL),(422,10,'2021-06-24 09:08:00.522611',NULL,206,349,1,NULL),(423,6,'2021-06-24 09:08:00.640267',NULL,207,350,1,NULL),(424,1,'2021-06-24 09:08:00.668232',NULL,208,76,1,NULL),(425,2,'2021-06-24 09:08:00.709364',NULL,209,111,1,NULL),(426,1,'2021-06-24 09:08:00.823986',NULL,210,64,1,NULL),(427,1,'2021-06-24 09:13:00.684522',NULL,211,154,1,NULL),(428,2,'2021-06-24 09:20:42.516719',NULL,212,382,1,NULL),(429,1,'2021-06-24 09:20:42.537420',NULL,213,381,1,NULL),(430,-1,'2021-06-24 09:24:14.902433',349,NULL,381,0,NULL),(431,-2,'2021-06-24 09:24:17.497671',348,NULL,382,0,NULL),(432,1,'2021-06-24 10:32:02.715344',NULL,214,205,1,NULL),(433,4,'2021-06-24 10:32:02.745344',NULL,215,378,1,NULL),(434,2,'2021-06-24 10:32:02.753706',NULL,216,380,1,NULL),(435,2,'2021-06-24 10:32:02.816986',NULL,217,379,1,NULL),(436,2,'2021-06-24 10:32:02.831429',NULL,218,377,1,NULL),(437,12,'2021-06-24 10:36:06.825322',NULL,219,383,1,NULL),(438,8,'2021-06-24 10:36:06.840891',NULL,220,58,1,NULL),(439,-7,'2021-06-24 10:37:41.744472',295,NULL,58,0,NULL),(440,1,'2021-06-30 06:04:32.004895',NULL,221,203,1,NULL),(441,1,'2021-06-30 06:04:32.064990',NULL,222,113,1,NULL),(442,1,'2021-06-30 06:04:32.093450',NULL,224,133,1,NULL),(443,12,'2021-06-30 06:04:32.094189',NULL,223,339,1,NULL),(444,5,'2021-06-30 06:04:32.139298',NULL,225,84,1,NULL),(445,1,'2021-06-30 06:04:32.201563',NULL,226,25,1,NULL),(446,3,'2021-06-30 06:04:32.208722',NULL,227,27,1,NULL),(447,1,'2021-06-30 06:04:32.220230',NULL,228,20,1,NULL),(448,1,'2021-06-30 06:04:32.331778',NULL,229,29,1,NULL),(449,1,'2021-06-30 06:04:32.332981',NULL,230,259,1,NULL),(450,1,'2021-06-30 06:04:32.337612',NULL,231,256,1,NULL),(451,1,'2021-06-30 06:04:32.424567',NULL,232,210,1,NULL),(452,1,'2021-06-30 06:04:32.451576',NULL,233,330,1,NULL),(453,2,'2021-06-30 06:04:32.451619',NULL,234,101,1,NULL),(454,1,'2021-06-30 06:04:32.525256',NULL,235,372,1,NULL),(455,1,'2021-06-30 06:04:32.549715',NULL,236,104,1,NULL),(456,2,'2021-06-30 07:12:34.441673',NULL,237,315,1,NULL),(457,1,'2021-06-30 07:12:34.499065',NULL,238,320,1,NULL),(458,4,'2021-06-30 07:12:34.508725',NULL,239,72,1,NULL),(459,1,'2021-06-30 07:12:34.528560',NULL,240,316,1,NULL),(460,8,'2021-06-30 07:12:34.574249',NULL,241,169,1,NULL),(461,1,'2021-06-30 07:12:34.635760',NULL,242,44,1,NULL),(462,1,'2021-06-30 07:12:34.642411',NULL,243,39,1,NULL),(463,5,'2021-06-30 07:12:34.676541',NULL,244,348,1,NULL),(464,10,'2021-06-30 07:12:34.714885',NULL,245,350,1,NULL),(465,5,'2021-06-30 07:14:07.792795',NULL,246,58,1,NULL),(466,-1,'2021-07-02 10:44:37.277898',287,NULL,58,0,NULL),(467,1,'2021-07-06 17:07:29.461711',NULL,NULL,100,1,NULL),(468,-1,'2021-07-06 17:07:39.182652',NULL,NULL,100,0,NULL),(469,0,'2021-07-09 15:05:54.289955',NULL,NULL,323,1,NULL),(470,0,'2021-07-09 15:06:25.037592',NULL,NULL,323,1,NULL),(471,0,'2021-07-09 16:06:47.747142',NULL,NULL,323,1,NULL),(472,0,'2021-07-09 16:06:47.753681',NULL,NULL,238,1,NULL),(473,0,'2021-07-09 16:08:36.203934',NULL,NULL,323,1,NULL),(474,-1,'2021-07-09 16:08:41.038292',NULL,NULL,288,0,NULL),(475,0,'2021-07-09 16:08:43.535843',NULL,NULL,238,1,NULL),(476,-2,'2021-07-09 16:08:45.373275',NULL,NULL,85,0,NULL),(477,1,'2021-07-19 12:30:39.353309',NULL,NULL,83,1,36),(478,1,'2021-07-22 09:56:39.649207',NULL,NULL,83,1,35),(479,10,'2021-09-20 13:24:15.414139',NULL,251,52,1,NULL),(480,-1,'2021-09-20 13:25:37.062430',296,NULL,52,0,NULL),(481,-1,'2021-09-20 13:25:37.063908',368,NULL,52,0,NULL),(482,1,'2021-12-30 08:34:41.943369',NULL,252,216,1,NULL),(483,-1,'2021-12-30 08:37:52.304211',399,NULL,216,0,NULL),(484,1,'2021-12-30 08:40:20.809253',NULL,253,51,1,NULL),(485,-1,'2021-12-30 08:41:05.059816',388,NULL,51,0,NULL),(486,1,'2021-12-30 09:15:32.031770',NULL,254,187,1,NULL),(487,1,'2021-12-30 09:15:32.103809',NULL,255,370,1,NULL),(488,-1,'2021-12-30 09:19:43.405566',394,NULL,187,0,NULL),(489,-4,'2021-12-30 09:20:25.183175',400,NULL,370,0,NULL),(490,0,'2022-01-03 09:24:02.448270',NULL,256,408,1,NULL),(491,6,'2022-01-03 09:25:37.750186',NULL,257,216,1,NULL),(492,3,'2022-01-03 09:25:37.782654',NULL,258,370,1,NULL),(493,-1,'2022-01-03 10:04:50.267269',396,NULL,216,0,NULL),(494,10,'2022-01-04 11:26:31.513570',NULL,259,408,1,NULL),(495,2,'2022-01-04 11:27:39.699165',NULL,260,187,1,NULL),(496,-1,'2022-01-05 09:06:01.664361',401,NULL,408,0,NULL),(497,1,'2022-01-05 13:32:43.509538',NULL,261,51,1,NULL),(498,1,'2022-01-13 15:15:27.671366',NULL,262,323,1,NULL),(499,-1,'2022-01-13 15:16:17.165643',423,NULL,323,0,NULL),(500,1,'2022-01-13 15:41:00.358939',NULL,NULL,323,1,38),(501,-2,'2022-01-27 12:08:45.342844',332,NULL,361,0,NULL),(502,1,'2022-02-16 12:09:20.248544',NULL,NULL,51,1,39);

--
-- Table structure for table `stoc_stoclograw`
--

CREATE TABLE `stoc_stoclograw` (
  `id` int(11) NOT NULL AUTO_INCREMENT,
  `cantitate` int(11) NOT NULL,
  `created` datetime(6) NOT NULL,
  `positive` tinyint(1) NOT NULL,
  `comandarow_id` int(11) DEFAULT NULL,
  `facturarow_id` int(11) DEFAULT NULL,
  `produs_id` int(11) NOT NULL,
  PRIMARY KEY (`id`),
  KEY `stoc_stoclograw_comandarow_id_38efca81_fk_comanda_c` (`comandarow_id`),
  KEY `stoc_stoclograw_facturarow_id_d2747b6f_fk_factura_f` (`facturarow_id`),
  KEY `stoc_stoclograw_produs_id_54bdc498_fk_produse_produs_id` (`produs_id`),
  CONSTRAINT `stoc_stoclograw_comandarow_id_38efca81_fk_comanda_c` FOREIGN KEY (`comandarow_id`) REFERENCES `comanda_comandarecord` (`id`),
  CONSTRAINT `stoc_stoclograw_facturarow_id_d2747b6f_fk_factura_f` FOREIGN KEY (`facturarow_id`) REFERENCES `factura_facturarecord` (`id`),
  CONSTRAINT `stoc_stoclograw_produs_id_54bdc498_fk_produse_produs_id` FOREIGN KEY (`produs_id`) REFERENCES `produse_produs` (`id`)
) ENGINE=InnoDB AUTO_INCREMENT=1484 DEFAULT CHARSET=utf8mb4 COLLATE=utf8mb4_unicode_ci;

--
-- Dumping data for table `stoc_stoclograw`
--

INSERT INTO `stoc_stoclograw` VALUES (612,0,'2021-06-03 15:47:27.406076',1,283,NULL,85),(613,-2,'2021-06-03 15:47:27.408993',0,283,NULL,85),(614,0,'2021-06-03 15:47:29.761248',1,282,NULL,288),(615,-1,'2021-06-03 15:47:29.765291',0,282,NULL,288),(616,0,'2021-06-03 16:06:16.097607',1,NULL,150,20),(617,10,'2021-06-03 16:06:16.101451',1,NULL,150,20),(618,0,'2021-06-03 16:06:23.902413',1,285,NULL,20),(619,-10,'2021-06-03 16:06:23.906549',0,285,NULL,20),(620,0,'2021-06-11 11:42:28.326717',1,NULL,151,83),(621,3,'2021-06-11 11:42:28.332501',1,NULL,151,83),(624,0,'2021-06-11 11:44:00.444098',1,292,NULL,83),(625,-3,'2021-06-11 11:44:00.453105',0,292,NULL,83),(626,0,'2021-06-11 11:44:41.409826',1,293,NULL,241),(627,-12,'2021-06-11 11:44:41.412782',0,293,NULL,241),(628,0,'2021-06-11 11:48:08.983886',1,NULL,NULL,83),(629,1,'2021-06-11 11:48:08.988192',1,NULL,NULL,83),(630,0,'2021-06-11 11:50:52.157517',1,297,NULL,83),(631,-1,'2021-06-11 11:50:52.162338',0,297,NULL,83),(634,3,'2021-06-14 08:45:29.166968',1,NULL,151,83),(635,3,'2021-06-14 08:48:36.883137',1,NULL,151,83),(636,3,'2021-06-14 08:50:34.551640',1,NULL,151,83),(637,3,'2021-06-14 08:50:34.642484',1,NULL,151,83),(638,0,'2021-06-14 08:50:34.692667',1,NULL,154,63),(639,0,'2021-06-14 08:50:34.693093',1,NULL,153,339),(640,12,'2021-06-14 08:50:34.697294',1,NULL,153,339),(641,3,'2021-06-14 08:50:34.713935',1,NULL,154,63),(642,0,'2021-06-14 08:56:38.147706',1,298,NULL,63),(643,-1,'2021-06-14 08:56:38.161044',0,298,NULL,63),(644,3,'2021-06-14 09:47:34.718087',1,NULL,151,83),(645,12,'2021-06-14 09:47:34.726944',1,NULL,153,339),(646,3,'2021-06-14 09:47:34.736117',1,NULL,154,63),(647,3,'2021-06-14 09:47:34.859658',1,NULL,151,83),(648,12,'2021-06-14 09:47:34.907539',1,NULL,153,339),(649,3,'2021-06-14 09:47:34.916459',1,NULL,154,63),(650,3,'2021-06-14 09:47:41.110891',1,NULL,151,83),(651,12,'2021-06-14 09:47:41.119804',1,NULL,153,339),(652,3,'2021-06-14 09:47:41.128796',1,NULL,154,63),(653,3,'2021-06-14 09:47:41.250173',1,NULL,151,83),(654,12,'2021-06-14 09:47:41.295664',1,NULL,153,339),(655,3,'2021-06-14 09:47:41.309836',1,NULL,154,63),(656,0,'2021-06-14 09:57:58.492072',1,309,NULL,63),(657,-2,'2021-06-14 09:57:58.496714',0,309,NULL,63),(658,0,'2021-06-14 09:58:00.683643',1,308,NULL,339),(659,-12,'2021-06-14 09:58:00.686625',0,308,NULL,339),(662,0,'2021-06-14 12:01:45.037005',1,310,NULL,351),(663,-1,'2021-06-14 12:01:45.041157',0,310,NULL,351),(668,0,'2021-06-14 12:17:23.786878',1,NULL,157,339),(669,24,'2021-06-14 12:17:23.790765',1,NULL,157,339),(670,0,'2021-06-14 12:17:23.835247',1,NULL,158,83),(671,0,'2021-06-14 12:17:23.836582',1,NULL,159,63),(672,4,'2021-06-14 12:17:23.841235',1,NULL,158,83),(673,4,'2021-06-14 12:17:23.857135',1,NULL,159,63),(674,0,'2021-06-14 12:29:13.903496',1,313,NULL,63),(675,-3,'2021-06-14 12:29:13.908096',0,313,NULL,63),(676,0,'2021-06-14 12:29:13.917177',1,306,NULL,63),(677,-1,'2021-06-14 12:29:13.921783',0,306,NULL,63),(678,0,'2021-06-14 12:29:23.180534',1,307,NULL,83),(679,-1,'2021-06-14 12:29:23.183453',0,307,NULL,83),(680,0,'2021-06-14 12:29:23.192401',1,312,NULL,83),(681,-3,'2021-06-14 12:29:23.196974',0,312,NULL,83),(682,0,'2021-06-14 12:29:25.767868',1,311,NULL,339),(683,-24,'2021-06-14 12:29:25.770796',0,311,NULL,339),(684,0,'2021-06-14 12:54:03.663039',1,NULL,160,316),(685,4,'2021-06-14 12:54:03.672295',1,NULL,160,316),(686,0,'2021-06-14 12:54:03.676961',1,NULL,162,107),(687,0,'2021-06-14 12:54:03.678297',1,NULL,161,105),(688,2,'2021-06-14 12:54:03.688078',1,NULL,162,107),(689,2,'2021-06-14 12:54:03.689000',1,NULL,161,105),(690,0,'2021-06-14 12:54:03.755733',1,NULL,163,170),(691,0,'2021-06-14 12:54:03.760905',1,NULL,164,169),(692,12,'2021-06-14 12:54:03.766632',1,NULL,164,169),(693,5,'2021-06-14 12:54:03.767645',1,NULL,163,170),(694,0,'2021-06-14 12:56:42.966927',1,318,NULL,170),(695,-4,'2021-06-14 12:56:42.970540',0,318,NULL,170),(696,0,'2021-06-14 12:56:42.978031',1,290,NULL,170),(697,-1,'2021-06-14 12:56:42.982583',0,290,NULL,170),(698,0,'2021-06-14 12:57:03.053204',1,314,NULL,316),(699,-4,'2021-06-14 12:57:03.056197',0,314,NULL,316),(700,0,'2021-06-14 12:57:06.989528',1,315,NULL,105),(701,-2,'2021-06-14 12:57:06.992526',0,315,NULL,105),(702,0,'2021-06-14 12:57:19.182791',1,317,NULL,107),(703,-2,'2021-06-14 12:57:19.185713',0,317,NULL,107),(704,0,'2021-06-14 12:57:24.562496',1,316,NULL,169),(705,-12,'2021-06-14 12:57:24.565416',0,316,NULL,169),(706,-4,'2021-06-14 12:57:28.895173',0,313,NULL,63),(707,-4,'2021-06-14 12:57:33.294569',0,312,NULL,83),(708,-5,'2021-06-15 05:37:00.326334',0,318,NULL,170),(709,0,'2021-06-15 06:32:06.157900',1,NULL,165,329),(710,21,'2021-06-15 06:32:06.162003',1,NULL,165,329),(711,0,'2021-06-15 06:32:06.211749',1,NULL,166,328),(712,4,'2021-06-15 06:32:06.217501',1,NULL,166,328),(713,0,'2021-06-15 06:32:06.219669',1,NULL,167,84),(714,3,'2021-06-15 06:32:06.228273',1,NULL,167,84),(715,0,'2021-06-15 06:32:06.244232',1,NULL,168,100),(716,3,'2021-06-15 06:32:06.249986',1,NULL,168,100),(717,0,'2021-06-15 06:34:29.776880',1,324,NULL,328),(718,-4,'2021-06-15 06:34:29.779760',0,324,NULL,328),(719,0,'2021-06-15 06:34:34.337564',1,323,NULL,329),(720,-21,'2021-06-15 06:34:34.340492',0,323,NULL,329),(721,0,'2021-06-15 06:34:51.137574',1,326,NULL,100),(722,-3,'2021-06-15 06:34:51.141946',0,326,NULL,100),(723,0,'2021-06-15 06:35:34.488582',1,325,NULL,84),(724,-3,'2021-06-15 06:35:34.491580',0,325,NULL,84),(725,0,'2021-06-17 08:47:14.870289',1,NULL,169,357),(726,1,'2021-06-17 08:47:14.874430',1,NULL,169,357),(727,0,'2021-06-17 08:47:38.377294',1,327,NULL,357),(728,-1,'2021-06-17 08:47:38.380281',0,327,NULL,357),(729,0,'2021-06-17 08:52:46.966970',1,NULL,170,328),(730,10,'2021-06-17 08:52:46.970821',1,NULL,170,328),(731,0,'2021-06-17 08:52:47.021014',1,NULL,171,329),(732,10,'2021-06-17 08:52:47.026466',1,NULL,171,329),(733,0,'2021-06-17 08:52:47.026786',1,NULL,172,358),(734,75,'2021-06-17 08:52:47.041207',1,NULL,172,358),(735,0,'2021-06-17 08:53:23.939434',1,328,NULL,328),(736,-10,'2021-06-17 08:53:23.944133',0,328,NULL,328),(737,0,'2021-06-17 08:53:26.078592',1,329,NULL,329),(738,-10,'2021-06-17 08:53:26.081584',0,329,NULL,329),(739,0,'2021-06-17 08:53:27.828032',1,330,NULL,358),(740,-75,'2021-06-17 08:53:27.830935',0,330,NULL,358),(741,10,'2021-06-17 09:05:03.307856',1,NULL,170,328),(742,10,'2021-06-17 09:05:03.316750',1,NULL,171,329),(743,75,'2021-06-17 09:05:03.325831',1,NULL,172,358),(744,10,'2021-06-17 09:09:39.940018',1,NULL,170,328),(745,10,'2021-06-17 09:09:39.948631',1,NULL,171,329),(746,75,'2021-06-17 09:09:39.979739',1,NULL,172,358),(747,10,'2021-06-17 09:09:40.073979',1,NULL,170,328),(748,10,'2021-06-17 09:09:40.118902',1,NULL,171,329),(749,75,'2021-06-17 09:09:40.118994',1,NULL,172,358),(750,0,'2021-06-17 10:46:43.016724',1,NULL,173,359),(751,5,'2021-06-17 10:46:43.020790',1,NULL,173,359),(752,0,'2021-06-17 10:46:43.171994',1,NULL,175,360),(753,0,'2021-06-17 10:46:43.173051',1,NULL,174,361),(754,0,'2021-06-17 10:46:43.173215',1,NULL,176,362),(755,5,'2021-06-17 10:46:43.180820',1,NULL,175,360),(756,2,'2021-06-17 10:46:43.181702',1,NULL,174,361),(757,3,'2021-06-17 10:46:43.183440',1,NULL,176,362),(758,0,'2021-06-17 10:46:43.240333',1,NULL,177,69),(759,4,'2021-06-17 10:46:43.246019',1,NULL,177,69),(760,0,'2021-06-17 10:46:43.258021',1,NULL,178,301),(761,2,'2021-06-17 10:46:43.263824',1,NULL,178,301),(762,4,'2021-06-17 11:00:04.911293',1,NULL,177,69),(763,2,'2021-06-17 11:00:04.920589',1,NULL,178,301),(764,5,'2021-06-17 11:00:04.929554',1,NULL,173,359),(765,5,'2021-06-17 11:00:04.938410',1,NULL,175,360),(766,2,'2021-06-17 11:00:04.947355',1,NULL,174,361),(767,3,'2021-06-17 11:00:04.956630',1,NULL,176,362),(768,5,'2021-06-17 11:00:05.125406',1,NULL,173,359),(769,3,'2021-06-17 11:00:05.171350',1,NULL,176,362),(770,5,'2021-06-17 11:00:05.228084',1,NULL,175,360),(771,2,'2021-06-17 11:00:05.240959',1,NULL,174,361),(774,4,'2021-06-17 11:00:05.315321',1,NULL,177,69),(775,2,'2021-06-17 11:00:05.317302',1,NULL,178,301),(777,4,'2021-06-17 11:08:41.693114',1,NULL,177,69),(778,2,'2021-06-17 11:08:41.701852',1,NULL,178,301),(779,5,'2021-06-17 11:08:41.710752',1,NULL,173,359),(780,5,'2021-06-17 11:08:41.721350',1,NULL,175,360),(781,2,'2021-06-17 11:08:41.730292',1,NULL,174,361),(782,3,'2021-06-17 11:08:41.739360',1,NULL,176,362),(783,5,'2021-06-17 11:08:41.890804',1,NULL,173,359),(784,3,'2021-06-17 11:08:41.942903',1,NULL,176,362),(785,4,'2021-06-17 11:08:41.967800',1,NULL,177,69),(786,2,'2021-06-17 11:08:41.973371',1,NULL,174,361),(787,5,'2021-06-17 11:08:42.020174',1,NULL,175,360),(788,2,'2021-06-17 11:08:42.039427',1,NULL,178,301),(789,4,'2021-06-17 11:09:18.191134',1,NULL,177,69),(790,2,'2021-06-17 11:09:18.200110',1,NULL,178,301),(791,5,'2021-06-17 11:09:18.208954',1,NULL,173,359),(792,5,'2021-06-17 11:09:18.217442',1,NULL,175,360),(793,2,'2021-06-17 11:09:18.226649',1,NULL,174,361),(794,3,'2021-06-17 11:09:18.235331',1,NULL,176,362),(795,4,'2021-06-17 11:09:18.383089',1,NULL,177,69),(796,2,'2021-06-17 11:09:18.430471',1,NULL,178,301),(797,5,'2021-06-17 11:09:18.464521',1,NULL,175,360),(798,5,'2021-06-17 11:09:18.468770',1,NULL,173,359),(799,2,'2021-06-17 11:09:18.483649',1,NULL,174,361),(800,0,'2021-06-17 11:09:18.530977',1,NULL,180,363),(801,-1,'2021-06-17 11:09:18.537908',0,NULL,180,363),(802,3,'2021-06-17 11:09:18.547788',1,NULL,176,362),(803,0,'2021-06-17 12:55:52.964360',1,331,NULL,359),(804,-5,'2021-06-17 12:55:52.969310',0,331,NULL,359),(805,1,'2021-06-18 11:02:01.606945',1,NULL,169,357),(806,0,'2021-06-24 06:48:57.177386',1,NULL,181,99),(807,1,'2021-06-24 06:48:57.203405',1,NULL,181,99),(808,0,'2021-06-24 06:48:57.207347',1,NULL,183,193),(809,3,'2021-06-24 06:48:57.223311',1,NULL,183,193),(810,0,'2021-06-24 06:48:57.224480',1,NULL,182,253),(811,1,'2021-06-24 06:48:57.229938',1,NULL,182,253),(812,0,'2021-06-24 06:48:57.297169',1,NULL,184,192),(813,1,'2021-06-24 06:48:57.303726',1,NULL,184,192),(814,0,'2021-06-24 06:48:57.306085',1,NULL,185,177),(815,1,'2021-06-24 06:48:57.317790',1,NULL,185,177),(816,1,'2021-06-24 06:50:12.560916',1,NULL,181,99),(817,1,'2021-06-24 06:50:12.569783',1,NULL,185,177),(818,1,'2021-06-24 06:50:12.578489',1,NULL,184,192),(819,3,'2021-06-24 06:50:12.587454',1,NULL,183,193),(820,1,'2021-06-24 06:50:12.616245',1,NULL,182,253),(821,1,'2021-06-24 06:50:59.810206',1,NULL,181,99),(822,1,'2021-06-24 06:50:59.830309',1,NULL,185,177),(823,1,'2021-06-24 06:50:59.838867',1,NULL,184,192),(824,3,'2021-06-24 06:50:59.847660',1,NULL,183,193),(825,1,'2021-06-24 06:50:59.856370',1,NULL,182,253),(826,1,'2021-06-24 06:50:59.997471',1,NULL,181,99),(827,1,'2021-06-24 06:51:00.028162',1,NULL,185,177),(828,1,'2021-06-24 06:51:00.045802',1,NULL,184,192),(829,3,'2021-06-24 06:51:00.093403',1,NULL,183,193),(830,1,'2021-06-24 06:51:00.130218',1,NULL,182,253),(831,0,'2021-06-24 07:01:35.735377',1,NULL,186,203),(832,0,'2021-06-24 07:01:35.753192',1,NULL,187,104),(833,0,'2021-06-24 07:01:35.754484',1,NULL,188,113),(834,1,'2021-06-24 07:01:35.759732',1,NULL,186,203),(835,1,'2021-06-24 07:01:35.762927',1,NULL,187,104),(836,1,'2021-06-24 07:01:35.770673',1,NULL,188,113),(837,0,'2021-06-24 07:01:35.869307',1,NULL,189,84),(838,5,'2021-06-24 07:01:35.874913',1,NULL,189,84),(839,0,'2021-06-24 07:01:35.876384',1,NULL,191,259),(840,1,'2021-06-24 07:01:35.882384',1,NULL,191,259),(841,0,'2021-06-24 07:01:35.891139',1,NULL,190,339),(842,12,'2021-06-24 07:01:35.896926',1,NULL,190,339),(843,0,'2021-06-24 07:01:35.949514',1,NULL,192,256),(844,1,'2021-06-24 07:01:35.970533',1,NULL,192,256),(845,0,'2021-06-24 07:01:35.977088',1,NULL,194,210),(846,1,'2021-06-24 07:01:35.982839',1,NULL,194,210),(847,0,'2021-06-24 07:01:35.985191',1,NULL,193,101),(848,2,'2021-06-24 07:01:35.994067',1,NULL,193,101),(849,0,'2021-06-24 07:01:36.066887',1,NULL,195,330),(850,1,'2021-06-24 07:01:36.072704',1,NULL,195,330),(851,0,'2021-06-24 07:01:36.073162',1,NULL,196,193),(852,1,'2021-06-24 07:01:36.078436',1,NULL,196,193),(853,5,'2021-06-24 07:02:37.895444',1,NULL,189,84),(854,2,'2021-06-24 07:02:37.904521',1,NULL,193,101),(855,1,'2021-06-24 07:02:37.913353',1,NULL,187,104),(856,1,'2021-06-24 07:02:37.922129',1,NULL,188,113),(857,1,'2021-06-24 07:02:37.930951',1,NULL,196,193),(858,1,'2021-06-24 07:02:37.940069',1,NULL,186,203),(859,1,'2021-06-24 07:02:37.948915',1,NULL,194,210),(860,1,'2021-06-24 07:02:37.957887',1,NULL,192,256),(861,1,'2021-06-24 07:02:37.968702',1,NULL,191,259),(862,1,'2021-06-24 07:02:37.977828',1,NULL,195,330),(863,12,'2021-06-24 07:02:37.986753',1,NULL,190,339),(864,5,'2021-06-24 07:02:59.358917',1,NULL,189,84),(865,2,'2021-06-24 07:02:59.367884',1,NULL,193,101),(866,1,'2021-06-24 07:02:59.376262',1,NULL,187,104),(867,1,'2021-06-24 07:02:59.384853',1,NULL,188,113),(868,1,'2021-06-24 07:02:59.393383',1,NULL,196,193),(869,1,'2021-06-24 07:02:59.402652',1,NULL,186,203),(870,1,'2021-06-24 07:02:59.411531',1,NULL,194,210),(871,1,'2021-06-24 07:02:59.420224',1,NULL,192,256),(872,1,'2021-06-24 07:02:59.428851',1,NULL,191,259),(873,1,'2021-06-24 07:02:59.437331',1,NULL,195,330),(874,12,'2021-06-24 07:02:59.445956',1,NULL,190,339),(875,5,'2021-06-24 07:02:59.707350',1,NULL,189,84),(876,1,'2021-06-24 07:02:59.761510',1,NULL,187,104),(877,1,'2021-06-24 07:02:59.766109',1,NULL,188,113),(878,2,'2021-06-24 07:02:59.769748',1,NULL,193,101),(879,1,'2021-06-24 07:02:59.828580',1,NULL,196,193),(880,1,'2021-06-24 07:02:59.859743',1,NULL,186,203),(881,1,'2021-06-24 07:02:59.894193',1,NULL,194,210),(882,1,'2021-06-24 07:02:59.921838',1,NULL,192,256),(883,1,'2021-06-24 07:02:59.939798',1,NULL,191,259),(884,1,'2021-06-24 07:02:59.998822',1,NULL,195,330),(885,12,'2021-06-24 07:03:00.008416',1,NULL,190,339),(886,1,'2021-06-24 07:08:00.971078',1,NULL,181,99),(887,1,'2021-06-24 07:08:00.986694',1,NULL,185,177),(888,1,'2021-06-24 07:08:01.001612',1,NULL,184,192),(889,3,'2021-06-24 07:08:01.011224',1,NULL,183,193),(890,1,'2021-06-24 07:08:01.020783',1,NULL,182,253),(891,1,'2021-06-24 07:08:01.169651',1,NULL,181,99),(892,0,'2021-06-24 07:08:01.229951',1,NULL,197,124),(893,0,'2021-06-24 07:08:01.236495',1,NULL,197,124),(894,1,'2021-06-24 07:08:01.237395',1,NULL,185,177),(895,1,'2021-06-24 07:08:01.238853',1,NULL,182,253),(896,1,'2021-06-24 07:08:01.293905',1,NULL,184,192),(897,3,'2021-06-24 07:08:01.337036',1,NULL,183,193),(898,1,'2021-06-24 07:20:56.361360',1,NULL,181,99),(899,0,'2021-06-24 07:20:56.370421',1,NULL,197,124),(900,1,'2021-06-24 07:20:56.383003',1,NULL,185,177),(901,1,'2021-06-24 07:20:56.431907',1,NULL,184,192),(902,3,'2021-06-24 07:20:56.440546',1,NULL,183,193),(903,1,'2021-06-24 07:20:56.449383',1,NULL,182,253),(904,1,'2021-06-24 07:20:56.695494',1,NULL,181,99),(905,1,'2021-06-24 07:20:56.754701',1,NULL,184,192),(906,3,'2021-06-24 07:20:56.757968',1,NULL,183,193),(907,0,'2021-06-24 07:20:56.765040',1,NULL,197,124),(908,1,'2021-06-24 07:20:56.822816',1,NULL,182,253),(909,0,'2021-06-24 07:20:56.875549',1,NULL,198,29),(910,1,'2021-06-24 07:20:56.881503',1,NULL,198,29),(911,1,'2021-06-24 07:20:56.886938',1,NULL,185,177),(912,0,'2021-06-24 07:20:56.884979',1,NULL,199,25),(913,1,'2021-06-24 07:20:56.900532',1,NULL,199,25),(914,0,'2021-06-24 07:20:56.952235',1,NULL,200,31),(915,1,'2021-06-24 07:20:56.957947',1,NULL,200,31),(916,1,'2021-06-24 07:25:51.128854',1,NULL,199,25),(917,1,'2021-06-24 07:25:51.138099',1,NULL,198,29),(918,1,'2021-06-24 07:25:51.147097',1,NULL,200,31),(919,1,'2021-06-24 07:25:51.156304',1,NULL,181,99),(920,0,'2021-06-24 07:25:51.165209',1,NULL,197,124),(921,1,'2021-06-24 07:25:51.174258',1,NULL,185,177),(922,1,'2021-06-24 07:25:51.183751',1,NULL,184,192),(923,3,'2021-06-24 07:25:51.193356',1,NULL,183,193),(924,1,'2021-06-24 07:25:51.202358',1,NULL,182,253),(925,1,'2021-06-24 07:25:51.441971',1,NULL,181,99),(926,1,'2021-06-24 07:25:51.503211',1,NULL,185,177),(927,1,'2021-06-24 07:25:51.521358',1,NULL,197,124),(928,1,'2021-06-24 07:25:51.521203',1,NULL,184,192),(929,3,'2021-06-24 07:25:51.596276',1,NULL,183,193),(930,1,'2021-06-24 07:25:51.607578',1,NULL,182,253),(931,1,'2021-06-24 07:25:51.653211',1,NULL,198,29),(932,1,'2021-06-24 07:25:51.685715',1,NULL,200,31),(933,1,'2021-06-24 07:25:51.691633',1,NULL,199,25),(934,0,'2021-06-24 07:25:51.744910',1,NULL,201,104),(935,1,'2021-06-24 07:25:51.755611',1,NULL,201,104),(936,1,'2021-06-24 07:26:42.859295',1,NULL,199,25),(937,1,'2021-06-24 07:26:42.868427',1,NULL,198,29),(938,1,'2021-06-24 07:26:42.877301',1,NULL,200,31),(939,1,'2021-06-24 07:26:42.886201',1,NULL,181,99),(940,1,'2021-06-24 07:26:42.895184',1,NULL,201,104),(941,1,'2021-06-24 07:26:42.904527',1,NULL,197,124),(942,1,'2021-06-24 07:26:42.913499',1,NULL,185,177),(943,1,'2021-06-24 07:26:42.922800',1,NULL,184,192),(944,3,'2021-06-24 07:26:42.947428',1,NULL,183,193),(945,1,'2021-06-24 07:26:42.956708',1,NULL,182,253),(946,1,'2021-06-24 07:26:43.371824',1,NULL,181,99),(947,1,'2021-06-24 07:26:43.432798',1,NULL,185,177),(948,1,'2021-06-24 07:26:43.433867',1,NULL,197,124),(949,1,'2021-06-24 07:26:43.436435',1,NULL,182,253),(950,3,'2021-06-24 07:26:43.490053',1,NULL,183,193),(951,1,'2021-06-24 07:26:43.554528',1,NULL,199,25),(952,1,'2021-06-24 07:26:43.562403',1,NULL,198,29),(953,1,'2021-06-24 07:26:43.565284',1,NULL,184,192),(954,1,'2021-06-24 07:26:43.639769',1,NULL,200,31),(955,1,'2021-06-24 07:26:43.661329',1,NULL,201,104),(956,0,'2021-06-24 07:54:31.787325',1,343,NULL,31),(957,-1,'2021-06-24 07:54:31.790221',0,343,NULL,31),(958,0,'2021-06-24 07:54:34.080149',1,339,NULL,29),(959,-1,'2021-06-24 07:54:34.083066',0,339,NULL,29),(960,0,'2021-06-24 07:54:39.015168',1,342,NULL,25),(961,-1,'2021-06-24 07:54:39.018082',0,342,NULL,25),(962,0,'2021-06-24 07:54:43.565002',1,338,NULL,104),(963,-1,'2021-06-24 07:54:43.568100',0,338,NULL,104),(964,0,'2021-06-24 07:54:45.230943',1,344,NULL,192),(965,-1,'2021-06-24 07:54:45.233933',0,344,NULL,192),(966,0,'2021-06-24 07:54:47.406269',1,337,NULL,99),(967,-1,'2021-06-24 07:54:47.410624',0,337,NULL,99),(968,0,'2021-06-24 07:54:49.253934',1,345,NULL,177),(969,-1,'2021-06-24 07:54:49.256897',0,345,NULL,177),(970,0,'2021-06-24 07:54:51.093712',1,346,NULL,253),(971,-1,'2021-06-24 07:54:51.096691',0,346,NULL,253),(972,0,'2021-06-24 07:54:52.653738',1,340,NULL,124),(973,-1,'2021-06-24 07:54:52.656687',0,340,NULL,124),(974,1,'2021-06-24 08:34:31.107201',1,NULL,199,25),(975,1,'2021-06-24 08:34:31.116371',1,NULL,198,29),(976,1,'2021-06-24 08:34:31.125156',1,NULL,200,31),(977,1,'2021-06-24 08:34:31.133897',1,NULL,181,99),(978,1,'2021-06-24 08:34:31.142830',1,NULL,201,104),(979,1,'2021-06-24 08:34:31.151853',1,NULL,197,124),(980,1,'2021-06-24 08:34:31.161080',1,NULL,185,177),(981,1,'2021-06-24 08:34:31.169935',1,NULL,184,192),(982,3,'2021-06-24 08:34:31.178993',1,NULL,183,193),(983,1,'2021-06-24 08:34:31.187951',1,NULL,182,253),(984,1,'2021-06-24 08:34:31.443235',1,NULL,199,25),(985,1,'2021-06-24 08:34:31.503660',1,NULL,200,31),(986,1,'2021-06-24 08:34:31.504629',1,NULL,198,29),(987,1,'2021-06-24 08:34:31.509923',1,NULL,181,99),(988,1,'2021-06-24 08:34:31.580287',1,NULL,201,104),(989,1,'2021-06-24 08:34:31.601640',1,NULL,197,124),(990,1,'2021-06-24 08:34:31.648570',1,NULL,185,177),(991,1,'2021-06-24 08:34:31.670130',1,NULL,184,192),(992,3,'2021-06-24 08:34:31.701346',1,NULL,183,193),(993,1,'2021-06-24 08:34:31.723807',1,NULL,182,253),(994,0,'2021-06-24 08:34:31.768473',1,NULL,202,370),(995,1,'2021-06-24 08:34:31.772362',1,NULL,202,370),(996,0,'2021-06-24 08:39:15.146256',1,NULL,203,335),(997,1,'2021-06-24 08:39:15.150305',1,NULL,203,335),(998,1,'2021-06-24 08:40:46.117744',1,NULL,203,335),(999,1,'2021-06-24 08:40:58.164182',1,NULL,203,335),(1000,1,'2021-06-24 08:41:14.665001',1,NULL,203,335),(1001,1,'2021-06-24 08:41:14.720802',1,NULL,203,335),(1002,0,'2021-06-24 08:41:32.798177',1,347,NULL,370),(1003,-1,'2021-06-24 08:41:32.801135',0,347,NULL,370),(1004,0,'2021-06-24 09:02:12.879988',1,NULL,204,169),(1005,5,'2021-06-24 09:02:12.904379',1,NULL,204,169),(1006,0,'2021-06-24 09:02:12.905400',1,NULL,205,170),(1007,1,'2021-06-24 09:02:12.939595',1,NULL,205,170),(1008,5,'2021-06-24 09:08:00.391467',1,NULL,204,169),(1009,1,'2021-06-24 09:08:00.400749',1,NULL,205,170),(1010,5,'2021-06-24 09:08:00.476837',1,NULL,204,169),(1011,0,'2021-06-24 09:08:00.530797',1,NULL,206,349),(1012,10,'2021-06-24 09:08:00.540480',1,NULL,206,349),(1013,1,'2021-06-24 09:08:00.543614',1,NULL,205,170),(1014,0,'2021-06-24 09:08:00.646975',1,NULL,207,350),(1015,6,'2021-06-24 09:08:00.653183',1,NULL,207,350),(1016,0,'2021-06-24 09:08:00.674463',1,NULL,208,76),(1017,1,'2021-06-24 09:08:00.680611',1,NULL,208,76),(1018,0,'2021-06-24 09:08:00.715143',1,NULL,209,111),(1019,2,'2021-06-24 09:08:00.720864',1,NULL,209,111),(1020,0,'2021-06-24 09:08:00.827763',1,NULL,210,64),(1021,1,'2021-06-24 09:08:00.831925',1,NULL,210,64),(1022,1,'2021-06-24 09:13:00.262222',1,NULL,210,64),(1023,1,'2021-06-24 09:13:00.271202',1,NULL,208,76),(1024,2,'2021-06-24 09:13:00.280226',1,NULL,209,111),(1025,5,'2021-06-24 09:13:00.288927',1,NULL,204,169),(1026,1,'2021-06-24 09:13:00.297774',1,NULL,205,170),(1027,10,'2021-06-24 09:13:00.306615',1,NULL,206,349),(1028,6,'2021-06-24 09:13:00.315550',1,NULL,207,350),(1029,5,'2021-06-24 09:13:00.493473',1,NULL,204,169),(1030,6,'2021-06-24 09:13:00.549813',1,NULL,207,350),(1031,1,'2021-06-24 09:13:00.561546',1,NULL,205,170),(1032,10,'2021-06-24 09:13:00.562586',1,NULL,206,349),(1033,1,'2021-06-24 09:13:00.616622',1,NULL,208,76),(1034,2,'2021-06-24 09:13:00.694432',1,NULL,209,111),(1035,0,'2021-06-24 09:13:00.703566',1,NULL,211,154),(1036,1,'2021-06-24 09:13:00.706917',1,NULL,210,64),(1037,0,'2021-06-24 09:13:00.713817',1,NULL,211,154),(1038,1,'2021-06-24 09:13:35.705391',1,NULL,210,64),(1039,1,'2021-06-24 09:13:35.720242',1,NULL,208,76),(1040,2,'2021-06-24 09:13:35.728984',1,NULL,209,111),(1041,0,'2021-06-24 09:13:35.745755',1,NULL,211,154),(1042,5,'2021-06-24 09:13:35.754626',1,NULL,204,169),(1043,1,'2021-06-24 09:13:35.763684',1,NULL,205,170),(1044,10,'2021-06-24 09:13:35.772814',1,NULL,206,349),(1045,6,'2021-06-24 09:13:35.799456',1,NULL,207,350),(1046,5,'2021-06-24 09:13:35.999256',1,NULL,204,169),(1047,1,'2021-06-24 09:13:36.066928',1,NULL,205,170),(1048,10,'2021-06-24 09:13:36.081844',1,NULL,206,349),(1049,6,'2021-06-24 09:13:36.148048',1,NULL,207,350),(1050,1,'2021-06-24 09:13:36.221867',1,NULL,208,76),(1051,2,'2021-06-24 09:13:36.240693',1,NULL,209,111),(1052,1,'2021-06-24 09:13:36.331415',1,NULL,210,64),(1053,1,'2021-06-24 09:13:36.338126',1,NULL,211,154),(1054,0,'2021-06-24 09:20:42.522582',1,NULL,212,382),(1055,2,'2021-06-24 09:20:42.528464',1,NULL,212,382),(1056,0,'2021-06-24 09:20:42.543008',1,NULL,213,381),(1057,1,'2021-06-24 09:20:42.554958',1,NULL,213,381),(1058,1,'2021-06-24 09:22:18.970474',1,NULL,213,381),(1059,2,'2021-06-24 09:22:18.979438',1,NULL,212,382),(1060,0,'2021-06-24 09:24:14.904759',1,349,NULL,381),(1061,-1,'2021-06-24 09:24:14.907673',0,349,NULL,381),(1062,0,'2021-06-24 09:24:17.500046',1,348,NULL,382),(1063,-2,'2021-06-24 09:24:17.502897',0,348,NULL,382),(1064,1,'2021-06-24 10:32:02.608461',1,NULL,203,335),(1065,1,'2021-06-24 10:32:02.677579',1,NULL,203,335),(1066,0,'2021-06-24 10:32:02.749219',1,NULL,214,205),(1067,0,'2021-06-24 10:32:02.753742',1,NULL,215,378),(1068,1,'2021-06-24 10:32:02.757539',1,NULL,214,205),(1069,0,'2021-06-24 10:32:02.765661',1,NULL,216,380),(1070,4,'2021-06-24 10:32:02.766355',1,NULL,215,378),(1071,2,'2021-06-24 10:32:02.775608',1,NULL,216,380),(1072,0,'2021-06-24 10:32:02.825580',1,NULL,217,379),(1073,2,'2021-06-24 10:32:02.832137',1,NULL,217,379),(1074,0,'2021-06-24 10:32:02.837307',1,NULL,218,377),(1075,2,'2021-06-24 10:32:02.842888',1,NULL,218,377),(1076,1,'2021-06-24 10:36:06.229150',1,NULL,210,64),(1077,1,'2021-06-24 10:36:06.238013',1,NULL,208,76),(1078,2,'2021-06-24 10:36:06.246870',1,NULL,209,111),(1079,1,'2021-06-24 10:36:06.256059',1,NULL,211,154),(1080,5,'2021-06-24 10:36:06.265011',1,NULL,204,169),(1081,1,'2021-06-24 10:36:06.274112',1,NULL,205,170),(1082,10,'2021-06-24 10:36:06.282959',1,NULL,206,349),(1083,6,'2021-06-24 10:36:06.292149',1,NULL,207,350),(1084,1,'2021-06-24 10:36:06.560463',1,NULL,210,64),(1085,1,'2021-06-24 10:36:06.596945',1,NULL,208,76),(1086,2,'2021-06-24 10:36:06.606780',1,NULL,209,111),(1087,5,'2021-06-24 10:36:06.669267',1,NULL,204,169),(1088,1,'2021-06-24 10:36:06.713180',1,NULL,211,154),(1089,1,'2021-06-24 10:36:06.714266',1,NULL,205,170),(1090,10,'2021-06-24 10:36:06.767414',1,NULL,206,349),(1091,0,'2021-06-24 10:36:06.833168',1,NULL,219,383),(1092,12,'2021-06-24 10:36:06.839469',1,NULL,219,383),(1093,0,'2021-06-24 10:36:06.851441',1,NULL,220,58),(1094,8,'2021-06-24 10:36:06.861971',1,NULL,220,58),(1095,6,'2021-06-24 10:36:06.865677',1,NULL,207,350),(1096,1,'2021-06-24 10:37:13.210019',1,NULL,214,205),(1097,1,'2021-06-24 10:37:13.218781',1,NULL,203,335),(1098,2,'2021-06-24 10:37:13.227654',1,NULL,218,377),(1099,4,'2021-06-24 10:37:13.237307',1,NULL,215,378),(1100,2,'2021-06-24 10:37:13.245968',1,NULL,217,379),(1101,2,'2021-06-24 10:37:13.254750',1,NULL,216,380),(1102,1,'2021-06-24 10:37:13.400924',1,NULL,203,335),(1103,2,'2021-06-24 10:37:13.460170',1,NULL,218,377),(1104,4,'2021-06-24 10:37:13.461400',1,NULL,215,378),(1105,1,'2021-06-24 10:37:13.464795',1,NULL,214,205),(1106,2,'2021-06-24 10:37:13.515177',1,NULL,217,379),(1107,2,'2021-06-24 10:37:13.551103',1,NULL,216,380),(1108,0,'2021-06-24 10:37:41.746762',1,295,NULL,58),(1109,-7,'2021-06-24 10:37:41.749788',0,295,NULL,58),(1110,0,'2021-06-30 06:04:32.011367',1,NULL,221,203),(1111,1,'2021-06-30 06:04:32.015578',1,NULL,221,203),(1112,0,'2021-06-30 06:04:32.075143',1,NULL,222,113),(1113,1,'2021-06-30 06:04:32.080904',1,NULL,222,113),(1114,0,'2021-06-30 06:04:32.099903',1,NULL,224,133),(1115,0,'2021-06-30 06:04:32.109905',1,NULL,223,339),(1116,12,'2021-06-30 06:04:32.118229',1,NULL,223,339),(1117,1,'2021-06-30 06:04:32.120449',1,NULL,224,133),(1118,0,'2021-06-30 06:04:32.145188',1,NULL,225,84),(1119,5,'2021-06-30 06:04:32.150868',1,NULL,225,84),(1120,0,'2021-06-30 06:04:32.213691',1,NULL,226,25),(1121,0,'2021-06-30 06:04:32.214668',1,NULL,227,27),(1122,1,'2021-06-30 06:04:32.222954',1,NULL,226,25),(1123,0,'2021-06-30 06:04:32.227867',1,NULL,228,20),(1124,1,'2021-06-30 06:04:32.233530',1,NULL,228,20),(1125,3,'2021-06-30 06:04:32.222286',1,NULL,227,27),(1126,0,'2021-06-30 06:04:32.343612',1,NULL,229,29),(1127,0,'2021-06-30 06:04:32.344814',1,NULL,230,259),(1128,0,'2021-06-30 06:04:32.350002',1,NULL,231,256),(1129,1,'2021-06-30 06:04:32.350520',1,NULL,230,259),(1130,1,'2021-06-30 06:04:32.353751',1,NULL,229,29),(1131,1,'2021-06-30 06:04:32.361416',1,NULL,231,256),(1132,0,'2021-06-30 06:04:32.430266',1,NULL,232,210),(1133,0,'2021-06-30 06:04:32.456966',1,NULL,234,101),(1134,2,'2021-06-30 06:04:32.470031',1,NULL,234,101),(1135,1,'2021-06-30 06:04:32.470151',1,NULL,232,210),(1136,0,'2021-06-30 06:04:32.492625',1,NULL,233,330),(1137,1,'2021-06-30 06:04:32.498501',1,NULL,233,330),(1138,0,'2021-06-30 06:04:32.534117',1,NULL,235,372),(1139,1,'2021-06-30 06:04:32.560602',1,NULL,235,372),(1140,0,'2021-06-30 06:04:32.561746',1,NULL,236,104),(1141,1,'2021-06-30 06:04:32.567618',1,NULL,236,104),(1142,0,'2021-06-30 07:12:34.445644',1,NULL,237,315),(1143,2,'2021-06-30 07:12:34.449932',1,NULL,237,315),(1144,0,'2021-06-30 07:12:34.504743',1,NULL,238,320),(1145,1,'2021-06-30 07:12:34.510661',1,NULL,238,320),(1146,0,'2021-06-30 07:12:34.519651',1,NULL,239,72),(1147,4,'2021-06-30 07:12:34.530215',1,NULL,239,72),(1148,0,'2021-06-30 07:12:34.539858',1,NULL,240,316),(1149,1,'2021-06-30 07:12:34.571101',1,NULL,240,316),(1150,0,'2021-06-30 07:12:34.580222',1,NULL,241,169),(1151,8,'2021-06-30 07:12:34.585787',1,NULL,241,169),(1152,0,'2021-06-30 07:12:34.641615',1,NULL,242,44),(1153,1,'2021-06-30 07:12:34.647323',1,NULL,242,44),(1154,0,'2021-06-30 07:12:34.661072',1,NULL,243,39),(1155,1,'2021-06-30 07:12:34.669303',1,NULL,243,39),(1156,0,'2021-06-30 07:12:34.686574',1,NULL,244,348),(1157,5,'2021-06-30 07:12:34.695434',1,NULL,244,348),(1158,0,'2021-06-30 07:12:34.720538',1,NULL,245,350),(1159,10,'2021-06-30 07:12:34.726237',1,NULL,245,350),(1160,1,'2021-06-30 07:14:06.890151',1,NULL,243,39),(1161,1,'2021-06-30 07:14:06.904532',1,NULL,242,44),(1162,4,'2021-06-30 07:14:06.917257',1,NULL,239,72),(1163,8,'2021-06-30 07:14:06.930740',1,NULL,241,169),(1164,2,'2021-06-30 07:14:06.943891',1,NULL,237,315),(1165,1,'2021-06-30 07:14:06.958254',1,NULL,240,316),(1166,1,'2021-06-30 07:14:06.971920',1,NULL,238,320),(1167,5,'2021-06-30 07:14:06.985111',1,NULL,244,348),(1168,10,'2021-06-30 07:14:06.998655',1,NULL,245,350),(1169,2,'2021-06-30 07:14:07.440844',1,NULL,237,315),(1170,1,'2021-06-30 07:14:07.509094',1,NULL,240,316),(1171,1,'2021-06-30 07:14:07.515820',1,NULL,242,44),(1172,8,'2021-06-30 07:14:07.537325',1,NULL,241,169),(1173,4,'2021-06-30 07:14:07.603457',1,NULL,239,72),(1174,1,'2021-06-30 07:14:07.675828',1,NULL,238,320),(1175,1,'2021-06-30 07:14:07.685226',1,NULL,243,39),(1176,5,'2021-06-30 07:14:07.689066',1,NULL,244,348),(1177,10,'2021-06-30 07:14:07.783990',1,NULL,245,350),(1178,0,'2021-06-30 07:14:07.799584',1,NULL,246,58),(1179,5,'2021-06-30 07:14:07.806464',1,NULL,246,58),(1180,0,'2021-07-02 10:44:37.281019',1,287,NULL,58),(1181,-1,'2021-07-02 10:44:37.302392',0,287,NULL,58),(1416,0,'2021-07-19 12:30:39.356294',1,NULL,NULL,83),(1417,1,'2021-07-19 12:30:39.359194',1,NULL,NULL,83),(1418,-2,'2021-07-19 12:31:01.260802',0,297,NULL,83),(1419,0,'2021-07-22 09:56:39.816438',1,NULL,NULL,83),(1420,1,'2021-07-22 09:56:39.929773',1,NULL,NULL,83),(1421,0,'2021-09-20 13:24:15.455966',1,NULL,251,52),(1422,10,'2021-09-20 13:24:15.510417',1,NULL,251,52),(1423,0,'2021-09-20 13:25:37.078431',1,296,NULL,52),(1424,-1,'2021-09-20 13:25:37.101577',0,296,NULL,52),(1425,0,'2021-09-20 13:25:37.206911',1,368,NULL,52),(1426,-1,'2021-09-20 13:25:37.231851',0,368,NULL,52),(1427,0,'2021-12-30 08:34:41.983005',1,NULL,252,216),(1428,1,'2021-12-30 08:34:42.017567',1,NULL,252,216),(1429,1,'2021-12-30 08:35:32.829420',1,NULL,252,216),(1430,1,'2021-12-30 08:35:32.874377',1,NULL,252,216),(1431,0,'2021-12-30 08:37:52.306698',1,399,NULL,216),(1432,-1,'2021-12-30 08:37:52.309777',0,399,NULL,216),(1433,0,'2021-12-30 08:40:20.813151',1,NULL,253,51),(1434,1,'2021-12-30 08:40:20.817240',1,NULL,253,51),(1435,0,'2021-12-30 08:41:05.062052',1,388,NULL,51),(1436,-1,'2021-12-30 08:41:05.064929',0,388,NULL,51),(1437,0,'2021-12-30 09:15:32.036824',1,NULL,254,187),(1438,1,'2021-12-30 09:15:32.040996',1,NULL,254,187),(1439,0,'2021-12-30 09:15:32.106823',1,NULL,255,370),(1440,1,'2021-12-30 09:15:32.111047',1,NULL,255,370),(1441,1,'2021-12-30 09:16:17.099334',1,NULL,254,187),(1442,1,'2021-12-30 09:16:17.108229',1,NULL,255,370),(1443,1,'2021-12-30 09:16:17.225852',1,NULL,254,187),(1444,1,'2021-12-30 09:16:17.283459',1,NULL,255,370),(1445,0,'2021-12-30 09:19:43.408844',1,394,NULL,187),(1446,-1,'2021-12-30 09:19:43.411796',0,394,NULL,187),(1447,0,'2021-12-30 09:20:25.185462',1,400,NULL,370),(1448,-1,'2021-12-30 09:20:25.188306',0,400,NULL,370),(1449,0,'2022-01-03 09:24:02.453366',1,NULL,256,408),(1450,0,'2022-01-03 09:24:02.457244',1,NULL,256,408),(1451,0,'2022-01-03 09:25:37.753475',1,NULL,257,216),(1452,0,'2022-01-03 09:25:37.763951',1,NULL,257,216),(1453,0,'2022-01-03 09:25:37.785026',1,NULL,258,370),(1454,0,'2022-01-03 09:25:37.788998',1,NULL,258,370),(1455,0,'2022-01-03 09:46:39.275983',1,NULL,257,216),(1456,0,'2022-01-03 09:46:39.284548',1,NULL,258,370),(1457,0,'2022-01-03 09:46:39.390647',1,NULL,257,216),(1458,0,'2022-01-03 09:46:39.424101',1,NULL,258,370),(1459,0,'2022-01-03 09:46:53.537497',1,NULL,257,216),(1460,0,'2022-01-03 09:46:53.546102',1,NULL,258,370),(1461,6,'2022-01-03 09:46:53.654084',1,NULL,257,216),(1462,3,'2022-01-03 09:46:53.691679',1,NULL,258,370),(1463,0,'2022-01-03 10:04:50.270617',1,396,NULL,216),(1464,-1,'2022-01-03 10:04:50.273598',0,396,NULL,216),(1465,-4,'2022-01-03 10:04:55.004705',0,400,NULL,370),(1466,0,'2022-01-04 11:26:31.516493',1,NULL,259,408),(1467,10,'2022-01-04 11:26:31.520364',1,NULL,259,408),(1468,0,'2022-01-04 11:27:39.702048',1,NULL,260,187),(1469,2,'2022-01-04 11:27:39.705904',1,NULL,260,187),(1470,0,'2022-01-05 09:06:01.667288',1,401,NULL,408),(1471,-1,'2022-01-05 09:06:01.670191',0,401,NULL,408),(1472,0,'2022-01-05 13:32:43.512905',1,NULL,261,51),(1473,1,'2022-01-05 13:32:43.516912',1,NULL,261,51),(1474,0,'2022-01-13 15:15:27.676028',1,NULL,262,323),(1475,1,'2022-01-13 15:15:27.679873',1,NULL,262,323),(1476,0,'2022-01-13 15:16:17.168388',1,423,NULL,323),(1477,-1,'2022-01-13 15:16:17.171291',0,423,NULL,323),(1478,0,'2022-01-13 15:41:00.363704',1,NULL,NULL,323),(1479,1,'2022-01-13 15:41:00.366494',1,NULL,NULL,323),(1480,0,'2022-01-27 12:08:45.432406',1,332,NULL,361),(1481,-2,'2022-01-27 12:08:45.443014',0,332,NULL,361),(1482,0,'2022-02-16 12:09:20.322312',1,NULL,NULL,51),(1483,1,'2022-02-16 12:09:20.349027',1,NULL,NULL,51);

--
-- Table structure for table `stoc_stocrecord`
--

CREATE TABLE `stoc_stocrecord` (
  `id` int(11) NOT NULL AUTO_INCREMENT,
  `cantitate` int(11) NOT NULL,
  `pret_ponderat` double NOT NULL,
  `location_id` int(11) NOT NULL,
  `produs_id` int(11) NOT NULL,
  `last_update` datetime(6) NOT NULL,
  PRIMARY KEY (`id`),
  UNIQUE KEY `stoc_stocrecord_location_id_produs_id_6cf718ec_uniq` (`location_id`,`produs_id`),
  KEY `stoc_stocrecord_produs_id_b749faba_fk_produse_produs_id` (`produs_id`),
  CONSTRAINT `stoc_stocrecord_location_id_4e0b8a6e_fk_user_locations_id` FOREIGN KEY (`location_id`) REFERENCES `user_locations` (`id`),
  CONSTRAINT `stoc_stocrecord_produs_id_b749faba_fk_produse_produs_id` FOREIGN KEY (`produs_id`) REFERENCES `produse_produs` (`id`)
) ENGINE=InnoDB AUTO_INCREMENT=190 DEFAULT CHARSET=utf8mb4 COLLATE=utf8mb4_unicode_ci;

--
-- Dumping data for table `stoc_stocrecord`
--

INSERT INTO `stoc_stocrecord` VALUES (85,-1,1,28,288,'2021-07-09 16:08:41.046680'),(86,-2,2,28,85,'2021-07-09 16:08:45.380033'),(87,0,10,28,20,'2021-06-03 16:06:23.905803'),(88,1,231.92999999999998,30,83,'2021-07-22 09:56:39.929048'),(89,-12,22.179999999999996,30,241,'2021-06-14 08:41:58.181612'),(90,0,191.59,30,63,'2021-06-14 09:57:58.495976'),(91,12,23.570000000000004,30,339,'2021-06-30 06:04:32.115464'),(92,-1,808.38,29,351,'2021-06-14 12:05:40.615153'),(93,0,22.179999999999996,28,339,'2021-06-14 12:29:25.769982'),(94,0,231.93,28,83,'2021-06-14 12:57:33.293777'),(95,2,191.59,28,63,'2021-06-14 12:57:28.894386'),(96,0,12.07,28,316,'2021-06-14 12:57:03.055368'),(97,0,52.49,28,105,'2021-06-14 12:57:06.991778'),(98,0,52.49,28,107,'2021-06-14 12:57:19.184978'),(99,3,25.05,28,170,'2021-06-15 05:37:00.325510'),(100,0,25.05,28,169,'2021-06-14 12:57:24.564694'),(101,0,9.22,28,329,'2021-06-15 06:34:34.339719'),(102,0,15.5,28,328,'2021-06-15 06:34:29.778986'),(103,0,18.08,28,84,'2021-06-15 06:35:34.490729'),(104,0,11.42,28,100,'2021-06-15 06:34:51.141184'),(105,0,462.19,29,357,'2021-06-18 11:02:01.605661'),(106,0,9.8,29,328,'2021-06-17 09:09:40.072779'),(107,0,9.75,29,329,'2021-06-17 09:09:40.117110'),(108,0,0.38,29,358,'2021-06-17 09:09:40.117433'),(109,0,87.54,28,359,'2021-06-17 12:55:52.968556'),(110,0,87.54,28,361,'2022-01-27 12:08:45.442270'),(111,5,87.54,28,360,'2021-06-17 11:09:18.461119'),(112,3,399.16,28,362,'2021-06-17 11:09:18.546177'),(113,4,399.16,28,69,'2021-06-17 11:09:18.381890'),(114,2,399.16,28,301,'2021-06-17 11:09:18.428775'),(115,0,0.04,28,363,'2021-06-17 11:09:18.535100'),(116,0,80.66,29,99,'2021-06-24 08:34:31.508281'),(117,0,29.58,29,253,'2021-06-24 08:34:31.722135'),(118,4,52.67422656920204,29,193,'2021-06-24 08:34:31.699682'),(119,0,12.76,29,192,'2021-06-24 08:34:31.668437'),(120,0,12.76,29,177,'2021-06-24 08:34:31.644167'),(121,1,37.29,29,203,'2021-06-24 07:02:59.858009'),(122,1,7.33,29,104,'2021-06-24 08:34:31.578548'),(123,1,40.83,29,113,'2021-06-24 07:02:59.764448'),(124,5,7.779999999999999,29,84,'2021-06-24 07:02:59.706115'),(125,1,33.61,29,259,'2021-06-24 07:02:59.936968'),(126,12,23.570000000000004,29,339,'2021-06-24 07:03:00.006763'),(127,1,33.61,29,256,'2021-06-24 07:02:59.920284'),(128,1,5.17,29,210,'2021-06-24 07:02:59.892487'),(129,2,15.71,29,101,'2021-06-24 07:02:59.768199'),(130,1,7.38,29,330,'2021-06-24 07:02:59.997214'),(131,0,25.13,29,124,'2021-06-24 08:34:31.599935'),(132,0,15.35,29,29,'2021-06-24 08:34:31.502214'),(133,0,15.35,29,25,'2021-06-24 08:34:31.441987'),(134,0,15.35,29,31,'2021-06-24 08:34:31.500755'),(135,0,11.17,29,370,'2021-06-24 08:41:32.800407'),(136,1,20.36,29,335,'2021-06-24 10:37:13.399700'),(137,5,24.21,29,169,'2021-06-24 10:36:06.632092'),(138,1,24.21,29,170,'2021-06-24 10:36:06.688280'),(139,10,45.31,29,349,'2021-06-24 10:36:06.765468'),(140,6,33.96,29,350,'2021-06-24 10:36:06.863984'),(141,1,34.04,29,76,'2021-06-24 10:36:06.584361'),(142,2,20.76,29,111,'2021-06-24 10:36:06.593077'),(143,1,91.12,29,64,'2021-06-24 10:36:06.549546'),(144,1,153.39,29,154,'2021-06-24 10:36:06.692327'),(145,0,111.77,29,382,'2021-06-24 09:24:17.502172'),(146,0,111.77,29,381,'2021-06-24 09:24:14.906899'),(147,1,43.61,29,205,'2021-06-24 10:37:13.462158'),(148,4,24.37,29,378,'2021-06-24 10:37:13.459988'),(149,2,24.37,29,380,'2021-06-24 10:37:13.549892'),(150,2,24.37,29,379,'2021-06-24 10:37:13.513475'),(151,2,24.37,29,377,'2021-06-24 10:37:13.458436'),(152,12,5.63,29,383,'2021-06-24 10:36:06.837830'),(153,1,26.4,29,58,'2021-06-24 10:37:41.749004'),(154,1,37.29,30,203,'2021-06-30 06:04:32.014225'),(155,1,40.83,30,113,'2021-06-30 06:04:32.079239'),(156,1,235.21,30,133,'2021-06-30 06:04:32.116864'),(157,5,7.779999999999999,30,84,'2021-06-30 06:04:32.149262'),(158,1,15.35,30,25,'2021-06-30 06:04:32.220820'),(159,3,15.35,30,27,'2021-06-30 06:04:32.219207'),(160,1,15.35,30,20,'2021-06-30 06:04:32.231933'),(161,1,33.61,30,259,'2021-06-30 06:04:32.348901'),(162,1,15.35,30,29,'2021-06-30 06:04:32.350706'),(163,1,33.61,30,256,'2021-06-30 06:04:32.357413'),(164,1,52.17,30,210,'2021-06-30 06:04:32.468452'),(165,2,15.71,30,101,'2021-06-30 06:04:32.468328'),(166,1,7.38,30,330,'2021-06-30 06:04:32.496885'),(167,1,12.76,30,372,'2021-06-30 06:04:32.546904'),(168,1,7.33,30,104,'2021-06-30 06:04:32.566095'),(169,2,11.65,30,315,'2021-06-30 07:14:07.439064'),(170,1,80.61,30,320,'2021-06-30 07:14:07.674002'),(171,4,140.93,30,72,'2021-06-30 07:14:07.601612'),(172,1,11.65,30,316,'2021-06-30 07:14:07.507518'),(173,8,24.21,30,169,'2021-06-30 07:14:07.535607'),(174,1,218.13,30,44,'2021-06-30 07:14:07.514190'),(175,1,218.13,30,39,'2021-06-30 07:14:07.683660'),(176,5,27.910000000000004,30,348,'2021-06-30 07:14:07.687402'),(177,10,0,30,350,'2021-06-30 07:14:07.782190'),(178,4,26.4,30,58,'2021-07-02 10:44:37.301664'),(179,0,10,30,100,'2021-07-06 17:07:39.190131'),(180,0,0,28,323,'2021-07-09 16:08:36.210617'),(181,0,0,28,238,'2021-07-09 16:08:43.542601'),(182,9,10,30,52,'2021-09-20 13:25:37.231010'),(183,0,50,31,216,'2021-12-30 08:37:52.309035'),(184,2,100,31,51,'2022-02-16 12:09:20.348236'),(185,2,52,32,187,'2022-01-04 11:27:39.705022'),(186,0,100,32,370,'2022-01-03 10:04:55.003887'),(187,9,72,32,408,'2022-01-05 09:06:01.669465'),(188,5,60,32,216,'2022-01-03 10:04:50.272875'),(189,1,1,31,323,'2022-01-13 15:41:00.365788');

--
-- Table structure for table `stoc_stocrecorduser`
--

CREATE TABLE `stoc_stocrecorduser` (
  `id` int(11) NOT NULL AUTO_INCREMENT,
  `cantitate` int(11) NOT NULL,
  `last_update` datetime(6) NOT NULL,
  `location_id` int(11) DEFAULT NULL,
  `produs_id` int(11) NOT NULL,
  `user_id` int(11) NOT NULL,
  `cantitate_faptica` int(11) NOT NULL,
  PRIMARY KEY (`id`),
  UNIQUE KEY `stoc_stocrecorduser_user_id_location_id_produs_id_1f730624_uniq` (`user_id`,`location_id`,`produs_id`),
  KEY `stoc_stocrecorduser_location_id_54c4a0e1_fk_user_locations_id` (`location_id`),
  KEY `stoc_stocrecorduser_produs_id_b8efae5f_fk_produse_produs_id` (`produs_id`),
  CONSTRAINT `stoc_stocrecorduser_location_id_54c4a0e1_fk_user_locations_id` FOREIGN KEY (`location_id`) REFERENCES `user_locations` (`id`),
  CONSTRAINT `stoc_stocrecorduser_produs_id_b8efae5f_fk_produse_produs_id` FOREIGN KEY (`produs_id`) REFERENCES `produse_produs` (`id`),
  CONSTRAINT `stoc_stocrecorduser_user_id_04851dac_fk_auth_user_id` FOREIGN KEY (`user_id`) REFERENCES `auth_user` (`id`)
) ENGINE=InnoDB AUTO_INCREMENT=87 DEFAULT CHARSET=utf8mb4 COLLATE=utf8mb4_unicode_ci;

--
-- Dumping data for table `stoc_stocrecorduser`
--

INSERT INTO `stoc_stocrecorduser` VALUES (34,2,'2021-06-03 15:47:27.417898',28,85,455,0),(35,1,'2021-06-03 15:47:29.771561',28,288,455,0),(36,10,'2021-06-03 16:06:23.912963',28,20,455,0),(37,2,'2021-06-11 11:48:08.972987',30,83,436,0),(38,12,'2021-06-11 11:44:41.420653',30,241,436,0),(39,0,'2021-07-22 09:56:39.371499',30,83,438,0),(40,3,'2021-06-14 09:57:58.499733',30,63,436,0),(41,12,'2021-06-14 09:58:00.711881',30,339,436,0),(42,1,'2021-06-14 12:01:45.048675',29,351,456,0),(43,4,'2021-06-14 12:57:28.900425',28,63,443,0),(44,1,'2021-06-14 12:29:13.933736',28,63,513,0),(45,1,'2021-06-14 12:29:23.190079',28,83,513,0),(46,4,'2021-06-14 12:57:33.299624',28,83,443,0),(47,24,'2021-06-14 12:29:25.777320',28,339,443,0),(48,5,'2021-06-15 05:37:00.331474',28,170,443,0),(49,1,'2021-06-14 12:56:42.993246',28,170,451,0),(50,4,'2021-06-14 12:57:03.064309',28,316,443,0),(51,2,'2021-06-14 12:57:06.998994',28,105,443,0),(52,2,'2021-06-14 12:57:19.194832',28,107,443,0),(53,12,'2021-06-14 12:57:24.572120',28,169,443,0),(54,4,'2021-06-15 06:34:29.787885',28,328,506,0),(55,21,'2021-06-15 06:34:34.346955',28,329,506,0),(56,3,'2021-06-15 06:34:51.149830',28,100,506,0),(57,3,'2021-06-15 06:35:34.497866',28,84,506,0),(58,1,'2021-06-17 08:47:38.389337',29,357,483,0),(59,10,'2021-06-17 08:54:01.022174',29,328,532,0),(60,10,'2021-06-17 08:54:01.008229',29,329,532,0),(61,75,'2021-06-17 08:54:01.010389',29,358,532,0),(62,5,'2021-06-17 12:55:52.978510',28,359,456,0),(63,1,'2021-06-24 07:54:31.798058',29,31,484,0),(64,1,'2021-06-24 07:54:34.089646',29,29,484,0),(65,1,'2021-06-24 07:54:39.052053',29,25,484,0),(66,1,'2021-06-24 07:54:43.590462',29,104,484,0),(67,1,'2021-06-24 07:54:45.241774',29,192,480,0),(68,1,'2021-06-24 07:54:47.417362',29,99,484,0),(69,1,'2021-06-24 07:54:49.263220',29,177,480,0),(70,1,'2021-06-24 07:54:51.103017',29,253,452,0),(71,1,'2021-06-24 07:54:52.663252',29,124,484,0),(72,1,'2021-06-24 08:41:32.807547',29,370,533,0),(73,1,'2021-06-24 09:24:14.915790',29,381,484,0),(74,2,'2021-06-24 09:24:17.509108',29,382,484,0),(75,7,'2021-06-24 10:37:41.756418',29,58,484,0),(76,1,'2021-07-02 10:44:37.328679',30,58,436,0),(77,1,'2021-09-20 13:25:37.205108',30,52,438,0),(78,1,'2021-09-20 13:25:37.239687',30,52,439,0),(79,1,'2021-12-30 08:37:52.318608',31,216,612,0),(80,0,'2022-02-16 12:09:19.988749',31,51,589,0),(81,1,'2022-01-03 08:51:28.308346',32,187,597,0),(82,4,'2022-01-03 10:04:55.007703',32,370,590,0),(83,1,'2022-01-03 10:04:50.280429',32,216,590,0),(84,1,'2022-01-05 09:06:01.678825',32,408,590,0),(85,0,'2022-01-13 15:41:00.346393',31,323,589,0),(86,2,'2022-01-27 12:08:45.473838',28,361,456,0);

--
-- Table structure for table `stoc_stocrecorduserlog`
--

CREATE TABLE `stoc_stocrecorduserlog` (
  `id` int(11) NOT NULL AUTO_INCREMENT,
  `cantitate` int(11) NOT NULL,
  `created` datetime(6) NOT NULL,
  `produs_id` int(11) NOT NULL,
  `user_id` int(11) NOT NULL,
  `cantitate_faptica` int(11) NOT NULL,
  PRIMARY KEY (`id`),
  KEY `stoc_stocrecorduserlog_produs_id_cc75e003_fk_produse_produs_id` (`produs_id`),
  KEY `stoc_stocrecorduserlog_user_id_89c5bc47_fk_auth_user_id` (`user_id`),
  CONSTRAINT `stoc_stocrecorduserlog_produs_id_cc75e003_fk_produse_produs_id` FOREIGN KEY (`produs_id`) REFERENCES `produse_produs` (`id`),
  CONSTRAINT `stoc_stocrecorduserlog_user_id_89c5bc47_fk_auth_user_id` FOREIGN KEY (`user_id`) REFERENCES `auth_user` (`id`)
) ENGINE=InnoDB AUTO_INCREMENT=284 DEFAULT CHARSET=utf8mb4 COLLATE=utf8mb4_unicode_ci;

--
-- Dumping data for table `stoc_stocrecorduserlog`
--

INSERT INTO `stoc_stocrecorduserlog` VALUES (162,0,'2021-06-03 15:47:27.417424',85,455,0),(163,2,'2021-06-03 15:47:27.418614',85,455,0),(164,0,'2021-06-03 15:47:29.771044',288,455,0),(165,1,'2021-06-03 15:47:29.772275',288,455,0),(166,0,'2021-06-03 16:06:23.912445',20,455,0),(167,10,'2021-06-03 16:06:23.913687',20,455,0),(168,0,'2021-06-11 11:44:00.470887',83,436,0),(169,3,'2021-06-11 11:44:00.473086',83,436,0),(170,0,'2021-06-11 11:44:41.418783',241,436,0),(171,12,'2021-06-11 11:44:41.421395',241,436,0),(172,2,'2021-06-11 11:48:08.975832',83,436,0),(173,0,'2021-06-11 11:50:52.166560',83,438,0),(174,1,'2021-06-11 11:50:52.168985',83,438,0),(175,0,'2021-06-14 08:56:38.168587',63,436,0),(176,1,'2021-06-14 08:56:38.171701',63,436,0),(177,3,'2021-06-14 09:57:58.502055',63,436,0),(178,0,'2021-06-14 09:58:00.693740',339,436,0),(179,12,'2021-06-14 09:58:00.713261',339,436,0),(180,0,'2021-06-14 12:01:45.047057',351,456,0),(181,1,'2021-06-14 12:01:45.049412',351,456,0),(182,0,'2021-06-14 12:29:13.914203',63,443,0),(183,3,'2021-06-14 12:29:13.916365',63,443,0),(184,0,'2021-06-14 12:29:13.932768',63,513,0),(185,1,'2021-06-14 12:29:13.934515',63,513,0),(186,0,'2021-06-14 12:29:23.189475',83,513,0),(187,1,'2021-06-14 12:29:23.191614',83,513,0),(188,0,'2021-06-14 12:29:23.206137',83,443,0),(189,3,'2021-06-14 12:29:23.208287',83,443,0),(190,0,'2021-06-14 12:29:25.776832',339,443,0),(191,24,'2021-06-14 12:29:25.778040',339,443,0),(192,0,'2021-06-14 12:56:42.974497',170,443,0),(193,4,'2021-06-14 12:56:42.977141',170,443,0),(194,0,'2021-06-14 12:56:42.992629',170,451,0),(195,1,'2021-06-14 12:56:42.993990',170,451,0),(196,0,'2021-06-14 12:57:03.062392',316,443,0),(197,4,'2021-06-14 12:57:03.065899',316,443,0),(198,0,'2021-06-14 12:57:06.998500',105,443,0),(199,2,'2021-06-14 12:57:06.999789',105,443,0),(200,0,'2021-06-14 12:57:19.193301',107,443,0),(201,2,'2021-06-14 12:57:19.195629',107,443,0),(202,0,'2021-06-14 12:57:24.571431',169,443,0),(203,12,'2021-06-14 12:57:24.573669',169,443,0),(204,4,'2021-06-14 12:57:28.902775',63,443,0),(205,4,'2021-06-14 12:57:33.301936',83,443,0),(206,5,'2021-06-15 05:37:00.333871',170,443,0),(207,0,'2021-06-15 06:34:29.786048',328,506,0),(208,4,'2021-06-15 06:34:29.788643',328,506,0),(209,0,'2021-06-15 06:34:34.346465',329,506,0),(210,21,'2021-06-15 06:34:34.347750',329,506,0),(211,0,'2021-06-15 06:34:51.148292',100,506,0),(212,3,'2021-06-15 06:34:51.150579',100,506,0),(213,0,'2021-06-15 06:35:34.497386',84,506,0),(214,3,'2021-06-15 06:35:34.498588',84,506,0),(215,0,'2021-06-17 08:47:38.387400',357,483,0),(216,1,'2021-06-17 08:47:38.390459',357,483,0),(217,0,'2021-06-17 08:53:23.950400',328,532,0),(218,10,'2021-06-17 08:53:23.951769',328,532,0),(219,0,'2021-06-17 08:53:26.087736',329,532,0),(220,10,'2021-06-17 08:53:26.090002',329,532,0),(221,0,'2021-06-17 08:53:27.838209',358,532,0),(222,75,'2021-06-17 08:53:27.839544',358,532,0),(223,10,'2021-06-17 08:54:01.012222',329,532,0),(224,75,'2021-06-17 08:54:01.015729',358,532,0),(225,10,'2021-06-17 08:54:01.023874',328,532,0),(226,0,'2021-06-17 12:55:52.976813',359,456,0),(227,5,'2021-06-17 12:55:52.979281',359,456,0),(228,0,'2021-06-24 07:54:31.797532',31,484,0),(229,1,'2021-06-24 07:54:31.798804',31,484,0),(230,0,'2021-06-24 07:54:34.089169',29,484,0),(231,1,'2021-06-24 07:54:34.090366',29,484,0),(232,0,'2021-06-24 07:54:39.037067',25,484,0),(233,1,'2021-06-24 07:54:39.053395',25,484,0),(234,0,'2021-06-24 07:54:43.589982',104,484,0),(235,1,'2021-06-24 07:54:43.591214',104,484,0),(236,0,'2021-06-24 07:54:45.241298',192,480,0),(237,1,'2021-06-24 07:54:45.242494',192,480,0),(238,0,'2021-06-24 07:54:47.416870',99,484,0),(239,1,'2021-06-24 07:54:47.418123',99,484,0),(240,0,'2021-06-24 07:54:49.262695',177,480,0),(241,1,'2021-06-24 07:54:49.264014',177,480,0),(242,0,'2021-06-24 07:54:51.102412',253,452,0),(243,1,'2021-06-24 07:54:51.118800',253,452,0),(244,0,'2021-06-24 07:54:52.662727',124,484,0),(245,1,'2021-06-24 07:54:52.664012',124,484,0),(246,0,'2021-06-24 08:41:32.806986',370,533,0),(247,1,'2021-06-24 08:41:32.808274',370,533,0),(248,0,'2021-06-24 09:24:14.914033',381,484,0),(249,1,'2021-06-24 09:24:14.916559',381,484,0),(250,0,'2021-06-24 09:24:17.508633',382,484,0),(251,2,'2021-06-24 09:24:17.509827',382,484,0),(252,0,'2021-06-24 10:37:41.755940',58,484,0),(253,7,'2021-06-24 10:37:41.757143',58,484,0),(254,0,'2021-07-02 10:44:37.309848',58,436,0),(255,1,'2021-07-02 10:44:37.329426',58,436,0),(256,0,'2021-07-19 12:30:39.325772',83,438,0),(257,1,'2021-07-19 12:31:01.269955',83,438,0),(258,0,'2021-07-22 09:56:39.472586',83,438,0),(259,0,'2021-09-20 13:25:37.108502',52,438,0),(260,1,'2021-09-20 13:25:37.205845',52,438,0),(261,0,'2021-09-20 13:25:37.239082',52,439,0),(262,1,'2021-09-20 13:25:37.240447',52,439,0),(263,0,'2021-12-30 08:37:52.317717',216,612,0),(264,1,'2021-12-30 08:37:52.319402',216,612,0),(265,0,'2021-12-30 08:41:05.071027',51,589,0),(266,1,'2021-12-30 08:41:05.072230',51,589,0),(267,0,'2021-12-30 09:19:43.419161',187,597,0),(268,1,'2021-12-30 09:19:43.420390',187,597,0),(269,0,'2021-12-30 09:20:25.192398',370,590,0),(270,1,'2021-12-30 09:20:25.211867',370,590,0),(271,1,'2022-01-03 08:51:28.307717',187,597,1),(272,1,'2022-01-03 08:51:28.309331',187,597,0),(273,0,'2022-01-03 10:04:50.279827',216,590,0),(274,1,'2022-01-03 10:04:50.281147',216,590,0),(275,4,'2022-01-03 10:04:55.010047',370,590,0),(276,0,'2022-01-05 09:06:01.676898',408,590,0),(277,1,'2022-01-05 09:06:01.679631',408,590,0),(278,0,'2022-01-13 15:16:17.179161',323,589,0),(279,1,'2022-01-13 15:16:17.180899',323,589,0),(280,0,'2022-01-13 15:41:00.348976',323,589,0),(281,0,'2022-01-27 12:08:45.465453',361,456,0),(282,2,'2022-01-27 12:08:45.474614',361,456,0),(283,0,'2022-02-16 12:09:19.991983',51,589,0);

--
-- Table structure for table `stoc_stocrecorduserrebate`
--

CREATE TABLE `stoc_stocrecorduserrebate` (
  `id` int(11) NOT NULL AUTO_INCREMENT,
  `added` datetime(6) NOT NULL,
  `cantitate` int(11) NOT NULL,
  `approved` tinyint(1) NOT NULL,
  `approved_at` datetime(6) DEFAULT NULL,
  `approved_by_id` int(11) DEFAULT NULL,
  `stocrecorduser_id` int(11) NOT NULL,
  `admin_status` smallint(6) NOT NULL,
  `msg_admin` longtext COLLATE utf8mb4_unicode_ci DEFAULT NULL,
  `msg_doctor` longtext COLLATE utf8mb4_unicode_ci DEFAULT NULL,
  PRIMARY KEY (`id`),
  KEY `stoc_stocrecorduserr_approved_by_id_79813236_fk_auth_user` (`approved_by_id`),
  KEY `stoc_stocrecorduserr_stocrecorduser_id_08988fb7_fk_stoc_stoc` (`stocrecorduser_id`),
  CONSTRAINT `stoc_stocrecorduserr_approved_by_id_79813236_fk_auth_user` FOREIGN KEY (`approved_by_id`) REFERENCES `auth_user` (`id`),
  CONSTRAINT `stoc_stocrecorduserr_stocrecorduser_id_08988fb7_fk_stoc_stoc` FOREIGN KEY (`stocrecorduser_id`) REFERENCES `stoc_stocrecorduser` (`id`)
) ENGINE=InnoDB AUTO_INCREMENT=40 DEFAULT CHARSET=utf8mb4 COLLATE=utf8mb4_unicode_ci;

--
-- Dumping data for table `stoc_stocrecorduserrebate`
--

INSERT INTO `stoc_stocrecorduserrebate` VALUES (32,'2021-06-11 11:46:18.949231',1,1,'2021-06-11 11:48:08.988451',486,37,1,NULL,'nu'),(33,'2021-06-14 10:01:22.095866',1,0,NULL,NULL,39,1,NULL,''),(34,'2021-06-14 10:03:42.770917',1,0,NULL,NULL,39,1,NULL,''),(35,'2021-06-14 10:03:51.051750',1,1,'2021-07-22 09:56:39.946282',494,39,1,NULL,''),(36,'2021-06-28 11:22:36.655715',1,1,'2021-07-19 12:30:39.359492',486,39,1,NULL,''),(37,'2021-07-09 12:00:12.640696',1,0,NULL,NULL,35,0,NULL,'test luigi'),(38,'2022-01-13 15:38:24.860089',1,1,'2022-01-13 15:41:00.366792',600,85,1,'de acord','test luigi'),(39,'2022-02-16 12:02:51.926233',1,1,'2022-02-16 12:09:20.349562',600,80,1,'ok aprob (admin)','test luigi');

--
-- Table structure for table `user_lastlogins`
--

CREATE TABLE `user_lastlogins` (
  `id` int(11) NOT NULL AUTO_INCREMENT,
  `location_id` int(11) NOT NULL,
  `user_id` int(11) NOT NULL,
  PRIMARY KEY (`id`),
  UNIQUE KEY `user_id` (`user_id`),
  UNIQUE KEY `user_lastlogins_user_id_location_id_cc75ceb4_uniq` (`user_id`,`location_id`),
  KEY `user_lastlogins_location_id_fb898ab3_fk_user_locations_id` (`location_id`),
  CONSTRAINT `user_lastlogins_location_id_fb898ab3_fk_user_locations_id` FOREIGN KEY (`location_id`) REFERENCES `user_locations` (`id`),
  CONSTRAINT `user_lastlogins_user_id_56007b94_fk_auth_user_id` FOREIGN KEY (`user_id`) REFERENCES `auth_user` (`id`)
) ENGINE=InnoDB AUTO_INCREMENT=77 DEFAULT CHARSET=utf8mb4 COLLATE=utf8mb4_unicode_ci;

--
-- Dumping data for table `user_lastlogins`
--

INSERT INTO `user_lastlogins` VALUES (48,30,436),(52,30,438),(64,30,439),(63,30,441),(57,28,443),(55,28,444),(47,28,446),(75,28,447),(54,28,449),(49,28,451),(60,29,452),(46,28,455),(56,28,456),(53,29,472),(59,29,480),(58,29,483),(50,29,484),(51,30,486),(61,30,489),(62,30,494),(67,31,589),(70,31,590),(74,31,593),(76,31,594),(68,31,596),(69,32,597),(66,31,599),(65,31,600),(71,31,602),(72,32,605),(73,32,606);

--
-- Table structure for table `user_locations`
--

CREATE TABLE `user_locations` (
  `id` int(11) NOT NULL AUTO_INCREMENT,
  `name` varchar(255) COLLATE utf8mb4_unicode_ci NOT NULL,
  `uid` varchar(50) COLLATE utf8mb4_unicode_ci DEFAULT NULL,
  `remote_id` smallint(6) NOT NULL,
  PRIMARY KEY (`id`),
  UNIQUE KEY `remote_id` (`remote_id`)
) ENGINE=InnoDB AUTO_INCREMENT=33 DEFAULT CHARSET=utf8mb4 COLLATE=utf8mb4_unicode_ci;

--
-- Dumping data for table `user_locations`
--

INSERT INTO `user_locations` VALUES (28,'VICTORIA DENTAL OFFICES SRL - Pitesti',NULL,6),(29,'VICTORIA DENTAL OFFICES SRL - Valcea',NULL,7),(30,'VICTORIA DENTAL OFFICES SRL - Slatina',NULL,15),(31,'VICTORIA DENTAL OFFICES -  Bucuresti',NULL,16),(32,'VICTORIA DENTAL OFFICES - Targoviste',NULL,17);

--
-- Table structure for table `user_profile`
--

CREATE TABLE `user_profile` (
  `id` int(11) NOT NULL AUTO_INCREMENT,
  `phone` varchar(100) COLLATE utf8mb4_unicode_ci DEFAULT NULL,
  `uid` varchar(50) COLLATE utf8mb4_unicode_ci DEFAULT NULL,
  `remote_id` smallint(6) DEFAULT NULL,
  `role_id` smallint(6) DEFAULT NULL,
  `role_name` varchar(100) COLLATE utf8mb4_unicode_ci DEFAULT NULL,
  `user_id` int(11) NOT NULL,
  PRIMARY KEY (`id`),
  UNIQUE KEY `user_id` (`user_id`),
  UNIQUE KEY `remote_id` (`remote_id`),
  CONSTRAINT `user_profile_user_id_8fdce8e2_fk_auth_user_id` FOREIGN KEY (`user_id`) REFERENCES `auth_user` (`id`)
) ENGINE=InnoDB AUTO_INCREMENT=592 DEFAULT CHARSET=utf8mb4 COLLATE=utf8mb4_unicode_ci;

--
-- Dumping data for table `user_profile`
--

INSERT INTO `user_profile` VALUES (433,'','84aaa87f-9a87-4922-9d3c-8ebba871a87r',1,1,'root',434),(434,'','84aaa87f-9a87-4922-9d3c-8ebba871a87g',2,2,'admin',435),(435,'0727903937','cf863296-405b-484f-a5b5-53dde10a2804',212,31,'medic',436),(436,'0724966366','b81896e6-bcf6-4026-964d-2948ab6bde72',213,35,'plantratament',437),(437,'0766540568','05715fea-65ac-4370-84e0-47d7d5464b49',215,31,'medic',438),(438,'0741696817','0ea26429-3866-451f-be3f-645f25b38aa2',216,35,'plantratament',439),(439,'0769911218','f37fc09b-814f-482e-b95c-3e5cf0870e2a',217,31,'medic',440),(440,'0743333122','dd043884-e1d0-4eee-b097-a843f5f132a4',218,31,'medic',441),(441,'0726265254','3d6fe2b3-87c1-4116-ae4e-d1e1122f46d1',219,31,'medic',442),(442,'0746891954','ba49351e-a1bd-4e2c-b626-bf0add16aec8',224,35,'plantratament',443),(443,'0755236027','e93d7df8-e92d-4462-aa50-6ff968ea30ee',225,33,'receptioner',444),(444,'0721479067','82edf032-ce5b-4d73-840a-5befa96cacbe',226,31,'medic',445),(445,'0761322448','a85fa92d-74c6-4c98-95ed-550acca5b45c',227,33,'receptioner',446),(446,'0726474118','3e05ab1a-fbb0-40f9-a744-cdd4cf5ed4c7',228,31,'medic',447),(447,'0769982007','1315eaea-d28d-4de7-9f19-eed6764c788e',229,38,'asistenta',448),(448,'0729123851','4ff72729-ff9a-4bb2-9823-af4731b2024d',230,31,'medic',449),(449,'0744237699','c5ef1b30-7d86-4d07-877c-58ccec689c0c',231,31,'medic',450),(450,'0766320441','94a6efcf-34c1-49fc-a2e1-5c79341344b0',232,35,'plantratament',451),(451,'0747891938','2e0f73ce-06d3-421d-ad87-73ed2b0b414b',233,31,'medic',452),(452,'0741984630','3c88c2c2-4066-42f2-a9e6-6ff062f8041a',234,31,'medic',453),(453,'0722591835','7a7c4005-ad2b-405d-9b2a-0118659be68d',235,31,'medic',454),(454,'0770448643','97c24aaa-6b05-4f6b-b595-ac03482e60f5',236,31,'medic',455),(455,'0746130685','b49117a6-5f5d-472b-99a7-77a053213dae',237,31,'medic',456),(456,'0738311005','bab224e3-8663-44d7-8a62-1abc325d4496',238,38,'asistenta',457),(457,'0721251626','fa9213d9-76fb-4e29-8ce5-b0d3667a3916',239,37,'scaner',458),(458,'0765211939','0efe4c7b-6a2a-425c-a3e6-e1c89712cff5',240,38,'asistenta',459),(459,'0753335078','f2f0a05e-c3b3-4ab3-bf26-77e771593f37',241,29,'manager',460),(460,'0722612137','69fd0e72-495b-4ae1-bfaf-db11c57f5a5d',242,38,'asistenta',461),(461,'0761979725','4032652f-9c10-449f-b954-de133e262ac6',243,38,'asistenta',462),(462,'0742129915','d41f1d5d-5247-4051-bd33-c176ec528586',244,34,'curatenie',463),(463,'0741963942','3560f772-a23a-41f5-a72a-fd79cd06d4e4',245,34,'curatenie',464),(464,'0747811278','44cec71d-d310-499f-9537-baa5aa1b8302',246,38,'asistenta',465),(465,'0744572336','1375b0de-a665-4b0d-8866-0e51336e2780',247,38,'asistenta',466),(466,'0745412549','d9266db5-dccb-4824-a0b9-44bb07f3ab27',248,38,'asistenta',467),(467,'0786310311','3f823fb7-73e3-4b61-93ae-ce863811822f',249,38,'asistenta',468),(468,'0746525503','405cb0df-17b3-414e-bb4b-65a912c5a1c7',250,38,'asistenta',469),(469,'0736822929','aeb2da97-6fcf-40bb-88e7-2cec0ea3e973',251,38,'asistenta',470),(470,'0765328728','6f320e26-c4d0-4e53-9517-494ee62c26b2',252,38,'asistenta',471),(471,'0748297178','55f0d499-ade0-4fb8-8a8b-6cf9ade954d2',253,33,'receptioner',472),(472,'0769290199','7b017ba2-edd4-4001-8dd8-3c27a9f4eae1',254,38,'asistenta',473),(473,'0730939122','2efbf37b-eb88-4ca9-8d17-f0350feb1ebd',255,33,'receptioner',474),(474,'0771786361','eced6ef4-a941-4a00-b949-56d4fbaab12f',256,34,'curatenie',475),(475,'0765389113','b1127c3a-c300-4202-ac3c-f7e5f73fa178',257,38,'asistenta',476),(476,'0745566699','2e0eeb78-ae59-450c-bd1b-ae2a2e5692e8',258,38,'asistenta',477),(477,'0760065126','7c360dd3-08de-41ad-87e4-75ed05f0f5d9',259,38,'asistenta',478),(478,'0721440771','bd223489-2cda-4246-99e6-93c5e356c23f',260,34,'curatenie',479),(479,'0765685431','b1022c4c-387d-48f1-a430-634187905ef1',261,31,'medic',480),(480,'0745326918','283a44de-bb4e-43e1-89e2-91b951be2350',262,31,'medic',481),(481,'0766107724','b52f050c-1f28-412e-8817-0508b2880602',263,31,'medic',482),(482,'0752697710','c7d4cc2b-5d65-415c-a913-de6dd4a316da',264,31,'medic',483),(483,'0749600211','3787efd0-0140-4bc8-8731-5f2e7dd53715',265,31,'medic',484),(484,'0765729005','5e83a051-cbc8-48d9-bc28-66473dc44564',267,38,'asistenta',485),(485,'0768841820','5edc76d1-debd-438c-8bc4-132e0426da9c',268,37,'scaner',486),(486,'0762566413','40d04bcc-0417-47ce-b60a-6ae0490a2dba',269,38,'asistenta',487),(487,'0771436305','481af462-4d8d-416d-a56d-1f8f2fc24a47',270,34,'curatenie',488),(488,'0764277414','efcf1d59-2fb2-4817-b66d-71f4fdb33b93',271,33,'receptioner',489),(489,'0763615431','e67262c2-f932-44fe-9c59-1c4d0e33cab2',272,38,'asistenta',490),(490,'0748591074','f3856a5f-2433-4ee7-818d-43f9d9aad9be',273,38,'asistenta',491),(491,'0757452650','b712d2e2-9e78-4042-9d8b-45aa567e51fd',274,38,'asistenta',492),(492,'0763791175','1e773dc4-0397-4599-b18f-3b98e054bd5e',275,38,'asistenta',493),(493,'0763833191','01b2cd3b-4e18-4d34-b840-c8440e7c69ba',276,38,'asistenta',494),(494,'0770352449','539dc69b-d8bc-4a9d-98b2-f34a8c98a6e4',277,34,'curatenie',495),(495,'0762566413','642b19c9-c7cc-46ba-ab79-5d80a137f10b',278,36,'radiolog',496),(496,'0736822929','7535aca2-33d7-47cc-9795-6314e2b4f67a',279,36,'radiolog',497),(497,'0738311005','7cdc663b-667f-4fe3-9f59-6666f42a813e',280,36,'radiolog',498),(498,'0761979725','62435c75-50b9-4a53-885e-8c52870582c7',281,36,'radiolog',499),(499,'0726267501','e8a7d2aa-75bd-4a46-bd30-6eaf5bc139a3',282,33,'receptioner',500),(500,NULL,NULL,NULL,NULL,NULL,501),(501,NULL,NULL,NULL,NULL,NULL,502),(502,NULL,NULL,NULL,NULL,NULL,503),(503,NULL,NULL,NULL,NULL,NULL,504),(504,NULL,NULL,NULL,NULL,NULL,505),(505,NULL,NULL,NULL,NULL,NULL,506),(506,NULL,NULL,NULL,NULL,NULL,507),(507,NULL,NULL,NULL,NULL,NULL,508),(508,NULL,NULL,NULL,NULL,NULL,509),(509,NULL,NULL,NULL,NULL,NULL,510),(510,NULL,NULL,NULL,NULL,NULL,511),(511,NULL,NULL,NULL,NULL,NULL,512),(512,NULL,NULL,NULL,NULL,NULL,513),(513,NULL,NULL,NULL,NULL,NULL,514),(514,NULL,NULL,NULL,NULL,NULL,515),(515,NULL,NULL,NULL,NULL,NULL,519),(516,NULL,NULL,NULL,NULL,NULL,520),(517,NULL,NULL,NULL,NULL,NULL,521),(518,NULL,NULL,NULL,NULL,NULL,522),(519,NULL,NULL,NULL,NULL,NULL,523),(520,NULL,NULL,NULL,NULL,NULL,524),(521,NULL,NULL,NULL,NULL,NULL,525),(522,NULL,NULL,NULL,NULL,NULL,526),(523,NULL,NULL,NULL,NULL,NULL,528),(524,NULL,NULL,NULL,NULL,NULL,529),(525,NULL,NULL,NULL,NULL,NULL,530),(526,NULL,NULL,NULL,NULL,NULL,531),(527,NULL,NULL,NULL,NULL,NULL,532),(528,NULL,NULL,NULL,NULL,NULL,533),(529,NULL,NULL,NULL,NULL,NULL,534),(530,NULL,NULL,NULL,NULL,NULL,535),(531,NULL,NULL,NULL,NULL,NULL,536),(532,NULL,NULL,NULL,NULL,NULL,537),(533,NULL,NULL,NULL,NULL,NULL,538),(534,NULL,NULL,NULL,NULL,NULL,539),(535,NULL,NULL,NULL,NULL,NULL,540),(536,NULL,NULL,NULL,NULL,NULL,541),(537,NULL,NULL,NULL,NULL,NULL,542),(538,NULL,NULL,NULL,NULL,NULL,543),(539,NULL,NULL,NULL,NULL,NULL,550),(540,NULL,NULL,NULL,NULL,NULL,553),(541,NULL,NULL,NULL,NULL,NULL,557),(542,NULL,NULL,NULL,NULL,NULL,558),(543,NULL,NULL,NULL,NULL,NULL,559),(544,NULL,NULL,NULL,NULL,NULL,560),(545,NULL,NULL,NULL,NULL,NULL,561),(546,NULL,NULL,NULL,NULL,NULL,564),(547,NULL,NULL,NULL,NULL,NULL,565),(548,NULL,NULL,NULL,NULL,NULL,566),(549,NULL,NULL,NULL,NULL,NULL,567),(550,NULL,NULL,NULL,NULL,NULL,568),(551,NULL,NULL,NULL,NULL,NULL,569),(552,NULL,NULL,NULL,NULL,NULL,570),(553,NULL,NULL,NULL,NULL,NULL,571),(554,NULL,NULL,NULL,NULL,NULL,572),(555,NULL,NULL,NULL,NULL,NULL,573),(556,NULL,NULL,NULL,NULL,NULL,574),(557,NULL,NULL,NULL,NULL,NULL,577),(558,NULL,NULL,NULL,NULL,NULL,580),(559,NULL,NULL,NULL,NULL,NULL,582),(560,NULL,NULL,NULL,NULL,NULL,583),(561,NULL,NULL,NULL,NULL,NULL,584),(562,NULL,NULL,NULL,NULL,NULL,585),(563,NULL,NULL,NULL,NULL,NULL,586),(564,'0753838502','38821e95-78b1-438a-a8e2-08043e9f286b',283,38,'asistenta',587),(565,'0752029507','40e483ff-4c67-4014-baeb-46b8e6a74f59',284,35,'plantratament',588),(566,'0720194875','5ad13f82-469f-4e99-999f-a9e1aa52f566',285,31,'medic',589),(567,'0723319980','cf3e63a6-d45f-47ef-91fc-aa2f2d3451c0',286,35,'plantratament',590),(568,'0732294778','348c35fd-ad66-4a2b-b404-167f1f269001',287,35,'plantratament',591),(569,'0723683890','9866d5a3-775a-445c-a80b-1ff76f1db74c',288,31,'medic',592),(570,'0784305521','6c5da9fe-7044-4d6f-a7ad-76e65895005a',289,31,'medic',593),(571,'0765871429','8908db3f-e7d9-418c-90d8-96ef672c5020',290,31,'medic',594),(572,'0769216893','eecd50ac-4139-48b1-a6ee-fe6b4655b1cc',291,31,'medic',595),(573,'0769506190','c218cf5f-af5f-4844-9a0c-12140c49d94d',292,31,'medic',596),(574,'0726281901','56af7a44-cb90-43a2-be2a-e5bcdcafcdf4',293,31,'medic',597),(575,'0724246162','92c19670-f0f6-48ab-b87a-d34795b6c2ad',297,31,'medic',598),(576,'0742015564','35d1b703-8284-4393-bb60-166a0e5d9b84',298,31,'medic',599),(577,'0736810079','89cf633e-19ec-40b8-a084-e6af61c908e8',299,37,'scaner',600),(578,'0738831568','0dbedfcd-dcd2-46d2-ad4b-7f773e83ba0e',300,37,'scaner',601),(579,'0787341872','b3cf273e-8a21-4d18-a203-9aa01aac2dc6',301,33,'receptioner',602),(580,'0736810079','c8c1ba69-cde4-4f65-89ae-5305e9db6797',302,37,'scaner',603),(581,'0762616096','f06ac394-5138-4f38-8dd9-70f1e352c918',303,37,'scaner',604),(582,'0723587577','68f5d593-9fc5-44f3-a659-9eb70c454247',304,33,'receptioner',605),(583,'0721816481','ce68fbb6-8386-460e-982c-48cd7b2bb396',305,33,'receptioner',606),(584,'0735229892','251dae06-f293-422d-a357-df7f2bef95f8',306,37,'scaner',607),(585,'0771635226','6325da7d-082c-4f9e-8f28-a1327300eaf7',307,37,'scaner',608),(586,NULL,NULL,NULL,NULL,NULL,609),(587,NULL,NULL,NULL,NULL,NULL,610),(588,NULL,NULL,NULL,NULL,NULL,611),(589,NULL,NULL,NULL,NULL,NULL,612),(590,NULL,NULL,NULL,NULL,NULL,613),(591,NULL,NULL,NULL,NULL,NULL,614);

--
-- Table structure for table `user_role`
--

CREATE TABLE `user_role` (
  `id` tinyint(3) unsigned NOT NULL AUTO_INCREMENT,
  `name` varchar(50) NOT NULL,
  `untouchable` tinyint(1) NOT NULL DEFAULT 0,
  `custom` tinyint(3) unsigned DEFAULT NULL,
  `srt` tinyint(4) NOT NULL,
  PRIMARY KEY (`id`),
  KEY `lft` (`srt`)
) ENGINE=InnoDB AUTO_INCREMENT=39 DEFAULT CHARSET=utf8 ROW_FORMAT=COMPACT;

--
-- Dumping data for table `user_role`
--

INSERT INTO `user_role` VALUES (1,'root',1,0,1),(2,'admin',1,0,1),(29,'manager',0,0,2),(30,'tehnician',0,1,4),(31,'medic',0,0,3),(33,'receptioner',0,0,5),(34,'curatenie',0,1,6),(35,'plantratament',0,NULL,7),(36,'radiolog',0,NULL,8),(37,'scaner',0,NULL,9),(38,'asistenta',0,1,10);

--
-- Table structure for table `user_roles`
--

CREATE TABLE `user_roles` (
  `id_user` int(11) NOT NULL,
  `id_role` int(11) NOT NULL,
  UNIQUE KEY `id_role` (`id_role`,`id_user`),
  KEY `role` (`id_role`),
  KEY `user` (`id_user`) USING BTREE
) ENGINE=InnoDB DEFAULT CHARSET=utf8;

--
-- Dumping data for table `user_roles`
--

INSERT INTO `user_roles` VALUES (1,1),(2,2),(6,29),(199,29),(211,29),(224,29),(236,29),(241,29),(5,30),(194,30),(195,30),(196,30),(197,30),(198,30),(6,31),(16,31),(211,31),(212,31),(215,31),(216,31),(217,31),(218,31),(219,31),(220,31),(223,31),(224,31),(226,31),(228,31),(230,31),(231,31),(232,31),(233,31),(234,31),(235,31),(236,31),(237,31),(261,31),(262,31),(263,31),(264,31),(265,31),(194,33),(210,33),(221,33),(225,33),(227,33),(253,33),(255,33),(268,33),(271,33),(282,33),(244,34),(245,34),(256,34),(260,34),(270,34),(277,34),(213,35),(214,36),(222,36),(278,36),(279,36),(280,36),(281,36),(239,37),(229,38),(238,38),(240,38),(242,38),(243,38),(246,38),(247,38),(248,38),(249,38),(250,38),(251,38),(252,38),(254,38),(257,38),(258,38),(259,38),(267,38),(269,38),(272,38),(273,38),(274,38),(275,38),(276,38);

--
-- Table structure for table `vlab_sedii`
--

CREATE TABLE `vlab_sedii` (
  `id` int(7) NOT NULL AUTO_INCREMENT,
  `id_firma` int(7) NOT NULL,
  `id_judet` int(7) NOT NULL,
  `id_oras` int(7) NOT NULL,
  `flag_dental_clone` tinyint(1) unsigned NOT NULL DEFAULT 0,
  `implanturi` varchar(255) DEFAULT NULL,
  `ceramica` varchar(255) DEFAULT NULL,
  `scanner` tinyint(1) unsigned NOT NULL DEFAULT 0,
  `amprenta` tinyint(1) unsigned NOT NULL DEFAULT 0,
  `name` varchar(150) NOT NULL,
  `strada` varchar(150) NOT NULL,
  `nr_strada` varchar(10) NOT NULL,
  `phone` varchar(16) DEFAULT NULL,
  `lat` decimal(18,16) NOT NULL DEFAULT 0.0000000000000000,
  `lng` decimal(18,16) NOT NULL DEFAULT 0.0000000000000000,
  `zoom` tinyint(2) NOT NULL DEFAULT 7,
  `uid` varchar(36) NOT NULL,
  PRIMARY KEY (`id`),
  KEY `id_firma` (`id_firma`),
  KEY `id_judet` (`id_judet`),
  KEY `id_oras` (`id_oras`)
) ENGINE=InnoDB AUTO_INCREMENT=18 DEFAULT CHARSET=utf8;

--
-- Dumping data for table `vlab_sedii`
--

INSERT INTO `vlab_sedii` VALUES (6,2,23,6907,1,'','',0,0,'VICTORIA DENTAL OFFICES SRL - Pitesti','NEGRU VODĂ','4','0348434436',44.8630631541379800,24.8653006969266280,17,'7fd6fcda-ecbb-4c0c-98e3-64fe5d534d67'),(7,2,27,8544,1,'','',0,0,'VICTORIA DENTAL OFFICES SRL - Valcea','Stirbei Voda','7','',45.1036981748088400,24.3602943420410200,13,'3a539bb6-0175-45e8-bff3-7d15c8e19267'),(15,2,42,13361,1,'','',0,0,'VICTORIA DENTAL OFFICES SRL - Slatina','Una','10','',44.4299415423587260,24.3640510911894240,17,'adf9f4fb-d4b5-4840-ba7f-2e846a812174'),(16,2,9,2715,1,NULL,NULL,0,0,'VICTORIA DENTAL OFFICES -  Bucuresti','Bulevardul Vasile Milea','10','0722457856',44.4358746656060900,26.1038838888498430,16,'a2353aa3-9b03-46dc-b2cc-6fa8bf0c499c'),(17,2,5,1414,1,NULL,NULL,0,0,'VICTORIA DENTAL OFFICES - Targoviste','Bulevardul Libertatii','3','0722457856',44.9291195270580300,25.4586973498359200,13,'a26356e4-96e9-4348-9c9c-bc9cb818d01a');

--
-- Table structure for table `vlab_user_role`
--

CREATE TABLE `vlab_user_role` (
  `id` tinyint(3) unsigned NOT NULL AUTO_INCREMENT,
  `name` varchar(50) NOT NULL,
  `untouchable` tinyint(1) NOT NULL DEFAULT 0,
  `custom` tinyint(1) unsigned DEFAULT NULL,
  `srt` tinyint(3) NOT NULL,
  PRIMARY KEY (`id`),
  KEY `lft` (`srt`)
) ENGINE=InnoDB AUTO_INCREMENT=39 DEFAULT CHARSET=utf8 ROW_FORMAT=COMPACT;

--
-- Dumping data for table `vlab_user_role`
--

INSERT INTO `vlab_user_role` VALUES (1,'root',1,0,1),(2,'admin',1,0,1),(29,'manager',0,0,2),(30,'tehnician',0,1,4),(31,'medic',0,0,3),(33,'receptioner',0,0,5),(34,'curatenie',0,1,6),(35,'plantratament',0,NULL,7),(36,'radiolog',0,NULL,8),(37,'scaner',0,NULL,9),(38,'asistenta',0,1,10);

--
-- Table structure for table `vlab_user_roles`
--

CREATE TABLE `vlab_user_roles` (
  `id_user` int(5) NOT NULL,
  `id_role` int(5) NOT NULL,
  UNIQUE KEY `id_role` (`id_role`,`id_user`),
  KEY `role` (`id_role`),
  KEY `user` (`id_user`) USING BTREE
) ENGINE=InnoDB DEFAULT CHARSET=utf8;

--
-- Dumping data for table `vlab_user_roles`
--

INSERT INTO `vlab_user_roles` VALUES (1,1),(2,2),(224,29),(236,29),(241,29),(285,29),(293,29),(212,31),(215,31),(216,31),(217,31),(218,31),(219,31),(224,31),(226,31),(228,31),(230,31),(231,31),(232,31),(233,31),(234,31),(235,31),(236,31),(237,31),(261,31),(262,31),(263,31),(264,31),(265,31),(284,31),(285,31),(286,31),(287,31),(288,31),(289,31),(290,31),(291,31),(292,31),(293,31),(297,31),(298,31),(225,33),(227,33),(253,33),(255,33),(268,33),(271,33),(276,33),(282,33),(283,33),(299,33),(301,33),(304,33),(305,33),(244,34),(245,34),(256,34),(260,34),(270,34),(277,34),(213,35),(216,35),(224,35),(232,35),(284,35),(286,35),(287,35),(268,36),(269,36),(278,36),(279,36),(280,36),(281,36),(299,36),(300,36),(302,36),(303,36),(306,36),(307,36),(239,37),(268,37),(299,37),(300,37),(302,37),(303,37),(306,37),(307,37),(229,38),(238,38),(240,38),(242,38),(243,38),(246,38),(247,38),(248,38),(249,38),(250,38),(251,38),(252,38),(254,38),(257,38),(258,38),(259,38),(267,38),(269,38),(272,38),(273,38),(274,38),(275,38),(276,38),(283,38);


